000
CXUS56 KBOI 221002
CF6BKE
PRELIMINARY LOCAL CLIMATOLOGICAL DATA (WS FORM: F-6)

                                          STATION:   BAKER OR
                                          MONTH:     MAY
                                          YEAR:      2019
                                          LATITUDE:   44 50 N
                                          LONGITUDE: 117 49 W

  TEMPERATURE IN F:       :PCPN:    SNOW:  WIND      :SUNSHINE: SKY     :PK WND
================================================================================
1   2   3   4   5  6A  6B    7    8   9   10  11  12  13   14  15   16   17  18
                                     12Z  AVG MX 2MIN
DY MAX MIN AVG DEP HDD CDD  WTR  SNW DPTH SPD SPD DIR MIN PSBL S-S WX    SPD DR
================================================================================

 1  63  18  41  -6  24   0 0.00    M    M  4.6 15 120   M    M   3 8      20  30
 2  64  23  44  -3  21   0 0.00    M    M  5.4 17  10   M    M   0        22 360
 3  74  27  51   3  14   0 0.00    M    M  3.3 15  40   M    M   1        21  60
 4  76  32  54   6  11   0 0.00    M    M  3.9 14 340   M    M   0        18 330
 5  75  38  57   9   8   0 0.00    M    M  7.3 23 360   M    M   0        30 350
 6  74  44  59  11   6   0 0.00    M    M 13.6 25 330   M    M   0        31 330
 7  73  38  56   7   9   0 0.00    M    M 11.9 26 340   M    M   0        32 330
 8  73  38  56   7   9   0 0.00    M    M 12.3 28 330   M    M   3        36 330
 9  71  36  54   5  11   0 0.00    M    M 11.2 28 320   M    M   1        36 320
10  76  31  54   4  11   0 0.00    M    M  2.8 10  60   M    M   0 8      14  70
11  85  37  61  11   4   0 0.00    M    M  3.3  9 280   M    M   0 18     12  80
12  85  39  62  12   3   0 0.00    M    M  5.5 17 340   M    M   0 8      20 350
13  81  39  60  10   5   0 0.00    M    M  6.5 16 320   M    M   0        18 330
14  79  45  62  11   3   0    T    M    M  8.1 26 350   M    M   3        33 350
15  67  43  55   4  10   0 0.03    M    M  5.2 15  80   M    M   8 1      19  80
16  55  43  49  -2  16   0 0.22    M    M  2.8 12 210   M    M   8 1      12 200
17  55  38  47  -5  18   0 0.07    M    M  7.3 23 320   M    M   8 1      30 320
18  66  34  50  -2  15   0    T    M    M  6.9 21 180   M    M   4        25 200
19  63  44  54   2  11   0 0.08    M    M  8.3 24  30   M    M   7 1      29  30
20  64  47  56   4   9   0 0.02    M    M 13.0 23 350   M    M   7 1      28 340
21  59  43  51  -1  14   0 0.16    M    M  9.1 22 350   M    M   8 1      27 340
================================================================================
SM 1478  777       232   0  0.58    M    152.3          M       61
================================================================================
AV 70.4 37.0                               7.3 FASTST   M    M   3    MAX(MPH)
                                 MISC ---->  # 28 330               # 36  330
================================================================================
NOTES:
# LAST OF SEVERAL OCCURRENCES

COLUMN 17 PEAK WIND IN M.P.H.

PRELIMINARY LOCAL CLIMATOLOGICAL DATA (WS FORM: F-6) , PAGE 2

                                          STATION:  BAKER OR
                                          MONTH:    MAY
                                          YEAR:     2019
                                          LATITUDE:   44 50 N
                                          LONGITUDE: 117 49 W

[TEMPERATURE DATA]      [PRECIPITATION DATA]       SYMBOLS USED IN COLUMN 16

AVERAGE MONTHLY: 53.7   TOTAL FOR MONTH:   0.58    1 = FOG OR MIST
DPTR FM NORMAL:   3.9   DPTR FM NORMAL:   -0.37    2 = FOG REDUCING VISIBILITY
HIGHEST:    85 ON 12,11 GRTST 24HR  0.22 ON 16-16      TO 1/4 MILE OR LESS
LOWEST:     18 ON  1                               3 = THUNDER
                        SNOW, ICE PELLETS, HAIL    4 = ICE PELLETS
                        TOTAL MONTH:    M          5 = HAIL
                        GRTST 24HR    M  ON   M    6 = FREEZING RAIN OR DRIZZLE
                        GRTST DEPTH:  M  ON   M    7 = DUSTSTORM OR SANDSTORM:
                                                       VSBY 1/2 MILE OR LESS
                                                   8 = SMOKE OR HAZE
[NO. OF DAYS WITH]      [WEATHER - DAYS WITH]      9 = BLOWING SNOW
                                                   X = TORNADO
MAX 32 OR BELOW:   0    0.01 INCH OR MORE:   6
MAX 90 OR ABOVE:   0    0.10 INCH OR MORE:   2
MIN 32 OR BELOW:   5    0.50 INCH OR MORE:   0
MIN  0 OR BELOW:   0    1.00 INCH OR MORE:   0

[HDD (BASE 65) ]
TOTAL THIS MO.   232    CLEAR  (SCALE 0-3)  12
DPTR FM NORMAL   -88    PTCLDY (SCALE 4-7)   8
TOTAL FM JUL 1  6482    CLOUDY (SCALE 8-10)  1
DPTR FM NORMAL  -851

[CDD (BASE 65) ]
TOTAL THIS MO.     0
DPTR FM NORMAL     0    [PRESSURE DATA]
TOTAL FM JAN 1     0    HIGHEST SLP M ON M
DPTR FM NORMAL     0    LOWEST  SLP 29.51 ON M

[REMARKS]
