000
CXUS51 KRLX 251143
CF6BKW
PRELIMINARY LOCAL CLIMATOLOGICAL DATA (WS FORM: F-6)

                                          STATION:   BECKLEY WV
                                          MONTH:     MAY
                                          YEAR:      2019
                                          LATITUDE:   37 46 N
                                          LONGITUDE:  81  7 W

  TEMPERATURE IN F:       :PCPN:    SNOW:  WIND      :SUNSHINE: SKY     :PK WND
================================================================================
1   2   3   4   5  6A  6B    7    8   9   10  11  12  13   14  15   16   17  18
                                     12Z  AVG MX 2MIN
DY MAX MIN AVG DEP HDD CDD  WTR  SNW DPTH SPD SPD DIR MIN PSBL S-S WX    SPD DR
================================================================================

 1  86  64  75  19   0  10 0.00  0.0    0  9.9 25 210   M    M   0        33 240
 2  79  59  69  12   0   4 0.41  0.0    0  6.9 20 260   M    M   4 138    27 250
 3  78  59  69  12   0   4 0.82  0.0    0  6.9 33 280   M    M   5 13     47 280
 4  73  58  66   9   0   1 0.16  0.0    0  3.5 10 250   M    M   9 1      14 270
 5  63  53  58   1   7   0 0.46  0.0    0  7.2 14 310   M    M  10 1      19 300
 6  69  48  59   1   6   0 0.00  0.0    0  3.5 13 330   M    M   5 12     17 360
 7  78  47  63   5   2   0 0.00  0.0    0  4.0 16 300   M    M   1        19 310
 8  81  52  67   9   0   2 0.00  0.0    0  4.3 10 150   M    M   1        15 160
 9  77  62  70  12   0   5    T  0.0    0 10.0 21 160   M    M   4        26 160
10  78  62  70  12   0   5    T  0.0    0  9.2 20 250   M    M   6 1      26 250
11  65  56  61   2   4   0 0.24  0.0    0  5.6 15 160   M    M   9 12     19 160
12  68  57  63   4   2   0 0.73  0.0    0  7.4 17 210   M    M   9 18     25 210
13  57  45  51  -8  14   0 0.36    M    0  8.6 21 290   M    M  10 1      26 290
14  58  41  50  -9  15   0 0.04    M    0  9.3 24 310   M    M   8 1      33 280
15  65  38  52  -8  13   0 0.00  0.0    0  4.8 15 280   M    M   1        20 270
16  72  45  59  -1   6   0 0.00  0.0    0  5.0 14 260   M    M   1        17 250
17  78  56  67   7   0   2 0.93  0.0    0  8.0 28  10   M    M   5 13     38 360
18  82  57  70  10   0   5 0.00  0.0    0  4.3 12 260   M    M   1        16 320
19  83  66  75  15   0  10 0.21  0.0    0  9.0 22 230   M    M   3 138    30 230
20  78  58  68   7   0   3    T  0.0    0  8.7 21 290   M    M   5        29 280
21  71  52  62   1   3   0 0.00  0.0    0  4.8 10 360   M    M   2        14  20
22  80  58  69   8   0   4 0.00  0.0    0 10.3 16 120   M    M   1        27 150
23  80  62  71  10   0   6 0.26  0.0    0  7.7 22 260   M    M   3 138    29 240
24  80  66  73  11   0   8 0.02  0.0    0  6.5 18 310   M    M   5 1      23 320
================================================================================
SM 1779 1321        72  69  4.64     0.0 165.4          M      108
================================================================================
AV 74.1 55.0                               6.9 FASTST   M    M   5    MAX(MPH)
                                 MISC ---->  # 33 280               # 47  280
================================================================================
NOTES:
# LAST OF SEVERAL OCCURRENCES

COLUMN 17 PEAK WIND IN M.P.H.

PRELIMINARY LOCAL CLIMATOLOGICAL DATA (WS FORM: F-6) , PAGE 2

                                          STATION:  BECKLEY WV
                                          MONTH:    MAY
                                          YEAR:     2019
                                          LATITUDE:   37 46 N
                                          LONGITUDE:  81  7 W

[TEMPERATURE DATA]      [PRECIPITATION DATA]       SYMBOLS USED IN COLUMN 16

AVERAGE MONTHLY: 64.6   TOTAL FOR MONTH:   4.64    1 = FOG OR MIST
DPTR FM NORMAL:   5.6   DPTR FM NORMAL:    1.07    2 = FOG REDUCING VISIBILITY
HIGHEST:    86 ON  1    GRTST 24HR  0.93 ON 17-17      TO 1/4 MILE OR LESS
LOWEST:     38 ON 15                               3 = THUNDER
                        SNOW, ICE PELLETS, HAIL    4 = ICE PELLETS
                        TOTAL MONTH:   0.0 INCH    5 = HAIL
                        GRTST 24HR     0.0         6 = FREEZING RAIN OR DRIZZLE
                        GRTST DEPTH:   0           7 = DUSTSTORM OR SANDSTORM:
                                                       VSBY 1/2 MILE OR LESS
                                                   8 = SMOKE OR HAZE
[NO. OF DAYS WITH]      [WEATHER - DAYS WITH]      9 = BLOWING SNOW
                                                   X = TORNADO
MAX 32 OR BELOW:   0    0.01 INCH OR MORE:  12
MAX 90 OR ABOVE:   0    0.10 INCH OR MORE:  10
MIN 32 OR BELOW:   0    0.50 INCH OR MORE:   3
MIN  0 OR BELOW:   0    1.00 INCH OR MORE:   0

[HDD (BASE 65) ]
TOTAL THIS MO.    72    CLEAR  (SCALE 0-3)  10
DPTR FM NORMAL   -93    PTCLDY (SCALE 4-7)   9
TOTAL FM JUL 1  4751    CLOUDY (SCALE 8-10)  5
DPTR FM NORMAL  -523

[CDD (BASE 65) ]
TOTAL THIS MO.    69
DPTR FM NORMAL    51    [PRESSURE DATA]
TOTAL FM JAN 1    77    HIGHEST SLP M ON M
DPTR FM NORMAL    49    LOWEST  SLP 29.62 ON 12

[REMARKS]
