000
CXUS51 KRLX 231123
CF6BKW
PRELIMINARY LOCAL CLIMATOLOGICAL DATA (WS FORM: F-6)

                                          STATION:   BECKLEY WV
                                          MONTH:     MARCH
                                          YEAR:      2019
                                          LATITUDE:   37 46 N
                                          LONGITUDE:  81  7 W

  TEMPERATURE IN F:       :PCPN:    SNOW:  WIND      :SUNSHINE: SKY     :PK WND
================================================================================
1   2   3   4   5  6A  6B    7    8   9   10  11  12  13   14  15   16   17  18
                                     12Z  AVG MX 2MIN
DY MAX MIN AVG DEP HDD CDD  WTR  SNW DPTH SPD SPD DIR MIN PSBL S-S WX    SPD DR
================================================================================

 1  46  37  42   4  23   0 0.62  0.0    0  5.1 15 140   M    M  10 12     21 140
 2  38  34  36  -2  29   0    T  0.0    0  6.1 14 260   M    M  10 12     16 270
 3  43  27  35  -3  30   0 0.98  0.1    0  7.9 18 320   M    M  10 16     23 150
 4  27  18  23 -15  42   0 0.02  0.4    T 10.7 20 330   M    M   9 12     26 330
 5  29  13  21 -18  44   0    T  0.1    1 10.6 21 320   M    M   7 18     27 320
 6  26   8  17 -22  48   0 0.06  3.0    3  9.9 22 320   M    M   5 18     28 330
 7  36  14  25 -14  40   0 0.01  0.3    0  4.6 15 290   M    M   3 1      21 310
 8  33  28  31  -9  34   0 0.24  4.3    2  7.8 16 150   M    M  10 128    24 130
 9  41  33  37  -3  28   0 0.27  0.0    2 11.3 24 170   M    M  10 1      39 160
10  66  40  53  13  12   0 0.05  0.0    0 13.3 24 250   M    M   4 1      34 270
11  53  36  45   5  20   0 0.00  0.0    0  8.6 17 260   M    M   2        23 320
12  50  29  40  -1  25   0 0.00  0.0    0  6.4 14 330   M    M   0        17 300
13  62  33  48   7  17   0 0.00  0.0    0 10.0 20 130   M    M   3        28 130
14  73  49  61  20   4   0    T  0.0    0 12.6 25 210   M    M   1        34 190
15  67  37  52  10  13   0    T  0.0    0 13.9 24 290   M    M   5        34 280
16  49  31  40  -2  25   0    T    T    0 12.3 21 290   M    M   3        32 270
17  49  21  35  -7  30   0 0.00  0.0    0  4.8 18 270   M    M   3        23 270
18  41  25  33  -9  32   0 0.00  0.0    0  6.9 16 310   M    M   6        21 340
19  49  20  35  -8  30   0 0.00  0.0    0  3.1 13 360   M    M   0        16 360
20  57  28  43   0  22   0 0.00  0.0    0  8.5 18 130   M    M   0        25 140
21  46  37  42  -2  23   0 0.07    M    0  8.7 23 310   M    M   6 8      28 320
22  43  34  39  -5  26   0 0.05    T    0 14.8 29 320   M    M  10 1      41 280
================================================================================
SM 1024  632       597   0  2.37     8.2 197.9          M      117
================================================================================
AV 46.6 28.7                               9.0 FASTST   M    M   5    MAX(MPH)
                                 MISC ---->  # 29 320               # 41  280
================================================================================
NOTES:
# LAST OF SEVERAL OCCURRENCES

COLUMN 17 PEAK WIND IN M.P.H.

PRELIMINARY LOCAL CLIMATOLOGICAL DATA (WS FORM: F-6) , PAGE 2

                                          STATION:  BECKLEY WV
                                          MONTH:    MARCH
                                          YEAR:     2019
                                          LATITUDE:   37 46 N
                                          LONGITUDE:  81  7 W

[TEMPERATURE DATA]      [PRECIPITATION DATA]       SYMBOLS USED IN COLUMN 16

AVERAGE MONTHLY: 37.6   TOTAL FOR MONTH:   2.37    1 = FOG OR MIST
DPTR FM NORMAL:  -3.0   DPTR FM NORMAL:   -0.13    2 = FOG REDUCING VISIBILITY
HIGHEST:    73 ON 14    GRTST 24HR  0.98 ON  3- 3      TO 1/4 MILE OR LESS
LOWEST:      8 ON  6                               3 = THUNDER
                        SNOW, ICE PELLETS, HAIL    4 = ICE PELLETS
                        TOTAL MONTH:   8.2 INCHES  5 = HAIL
                        GRTST 24HR   4.3 ON  8- 8  6 = FREEZING RAIN OR DRIZZLE
                        GRTST DEPTH:   3 ON  6     7 = DUSTSTORM OR SANDSTORM:
                                                       VSBY 1/2 MILE OR LESS
                                                   8 = SMOKE OR HAZE
[NO. OF DAYS WITH]      [WEATHER - DAYS WITH]      9 = BLOWING SNOW
                                                   X = TORNADO
MAX 32 OR BELOW:   3    0.01 INCH OR MORE:  10
MAX 90 OR ABOVE:   0    0.10 INCH OR MORE:   4
MIN 32 OR BELOW:  12    0.50 INCH OR MORE:   2
MIN  0 OR BELOW:   0    1.00 INCH OR MORE:   0

[HDD (BASE 65) ]
TOTAL THIS MO.   597    CLEAR  (SCALE 0-3)   7
DPTR FM NORMAL    61    PTCLDY (SCALE 4-7)   8
TOTAL FM JUL 1  4270    CLOUDY (SCALE 8-10)  7
DPTR FM NORMAL  -267

[CDD (BASE 65) ]
TOTAL THIS MO.     0
DPTR FM NORMAL     0    [PRESSURE DATA]
TOTAL FM JAN 1     0    HIGHEST SLP M ON M
DPTR FM NORMAL     0    LOWEST  SLP 29.71 ON 14

[REMARKS]
