000
CXUS51 KRNK 220716
CF6BLF
PRELIMINARY LOCAL CLIMATOLOGICAL DATA (WS FORM: F-6)

                                          STATION:   BLUEFIELD WV
                                          MONTH:     MARCH
                                          YEAR:      2019
                                          LATITUDE:   37 17 N
                                          LONGITUDE:  81 12 W

  TEMPERATURE IN F:       :PCPN:    SNOW:  WIND      :SUNSHINE: SKY     :PK WND
================================================================================
1   2   3   4   5  6A  6B    7    8   9   10  11  12  13   14  15   16   17  18
                                     12Z  AVG MX 2MIN
DY MAX MIN AVG DEP HDD CDD  WTR  SNW DPTH SPD SPD DIR MIN PSBL S-S WX    SPD DR
================================================================================

 1  50  37  44   3  21   0 0.33  0.0    0  4.9 14 280   M    M   9 12     20 150
 2  38  34  36  -5  29   0 0.00  0.0    0  6.5 15 280   M    M  10 12     22 270
 3  43  28  36  -5  29   0 0.54    T    T  5.2 16 300   M    M  10 1      25 310
 4  28  17  23 -19  42   0 0.01  0.3    T 10.0 16 280   M    M  10 1      24 310
 5  29  13  21 -21  44   0    T    T    T 11.4 20 280   M    M   6 1      27 290
 6  26   8  17 -25  48   0    T  0.5    T 12.1 21 290   M    M   2 1      30 280
 7  35  18  27 -15  38   0    T    T    T  7.0 17 270   M    M   4        24 290
 8  33  28  31 -12  34   0 0.09  1.0    1  4.0 15 160   M    M  10 124    23 160
 9  41  31  36  -7  29   0 0.07  0.0    0  7.1 21 140   M    M  10 12     37 170
10  64  42  53  10  12   0 0.07  0.0    0 14.2 25 240   M    M   4 1      36 250
11  51  37  44   0  21   0 0.00  0.0    0  7.6 14 310   M    M   1        19 300
12  50  28  39  -5  26   0 0.00  0.0    0  4.9 14 260   M    M   0        19 290
13  58  40  49   5  16   0 0.00  0.0    0  6.1 22 150   M    M   2        31 170
14  68  50  59  15   6   0    T  0.0    0 10.5 21 190   M    M   1        34 180
15  64  37  51   6  14   0 0.09  0.0    0 12.8 32 250   M    M   5 1      44 240
16  46  29  38  -7  27   0 0.00  0.0    0 11.3 26 300   M    M   3        39 310
17  48  25  37  -9  28   0 0.00  0.0    0  3.9 18 310   M    M   2        27 350
18  39  28  34 -12  31   0 0.00  0.0    0  6.3 17 290   M    M   6        25 290
19  47  24  36 -10  29   0 0.00  0.0    0  2.4 12 300   M    M   0        16 300
20  53  32  43  -3  22   0 0.00  0.0    0  5.3 14 150   M    M   0        18 150
21  43  32  38  -9  27   0 0.06  0.0    0  7.3 16 300   M    M   5 1      27 320
================================================================================
SM  954  618       573   0  1.26     1.8 160.8          M      100
================================================================================
AV 45.4 29.4                               7.7 FASTST   M    M   5    MAX(MPH)
                                 MISC ---->  # 32 250               # 44  240
================================================================================
NOTES:
# LAST OF SEVERAL OCCURRENCES

COLUMN 17 PEAK WIND IN M.P.H.

PRELIMINARY LOCAL CLIMATOLOGICAL DATA (WS FORM: F-6) , PAGE 2

                                          STATION:  BLUEFIELD WV
                                          MONTH:    MARCH
                                          YEAR:     2019
                                          LATITUDE:   37 17 N
                                          LONGITUDE:  81 12 W

[TEMPERATURE DATA]      [PRECIPITATION DATA]       SYMBOLS USED IN COLUMN 16

AVERAGE MONTHLY: 37.4   TOTAL FOR MONTH:   1.26    1 = FOG OR MIST
DPTR FM NORMAL:  -6.2   DPTR FM NORMAL:   -1.10    2 = FOG REDUCING VISIBILITY
HIGHEST:    68 ON 14    GRTST 24HR  0.54 ON  3- 3      TO 1/4 MILE OR LESS
LOWEST:      8 ON  6                               3 = THUNDER
                        SNOW, ICE PELLETS, HAIL    4 = ICE PELLETS
                        TOTAL MONTH:   1.8 INCHES  5 = HAIL
                        GRTST 24HR   1.0 ON  8- 8  6 = FREEZING RAIN OR DRIZZLE
                        GRTST DEPTH:   1 ON  8     7 = DUSTSTORM OR SANDSTORM:
                                                       VSBY 1/2 MILE OR LESS
                                                   8 = SMOKE OR HAZE
[NO. OF DAYS WITH]      [WEATHER - DAYS WITH]      9 = BLOWING SNOW
                                                   X = TORNADO
MAX 32 OR BELOW:   3    0.01 INCH OR MORE:   8
MAX 90 OR ABOVE:   0    0.10 INCH OR MORE:   2
MIN 32 OR BELOW:  14    0.50 INCH OR MORE:   1
MIN  0 OR BELOW:   0    1.00 INCH OR MORE:   0

[HDD (BASE 65) ]
TOTAL THIS MO.   573    CLEAR  (SCALE 0-3)   8
DPTR FM NORMAL   123    PTCLDY (SCALE 4-7)   7
TOTAL FM JUL 1  4309    CLOUDY (SCALE 8-10)  6
DPTR FM NORMAL   366

[CDD (BASE 65) ]
TOTAL THIS MO.     0
DPTR FM NORMAL     0    [PRESSURE DATA]
TOTAL FM JAN 1     0    HIGHEST SLP M ON M
DPTR FM NORMAL     0    LOWEST  SLP 29.72 ON 21

[REMARKS]
