491
CXUS51 KRNK 270944
CF6BLF

PRELIMINARY LOCAL CLIMATOLOGICAL DATA (WS FORM: F-6)

                                          STATION:   BLUEFIELD WV
                                          MONTH:     MAY
                                          YEAR:      2019
                                          LATITUDE:   37 17 N
                                          LONGITUDE:  81 12 W

  TEMPERATURE IN F:       :PCPN:    SNOW:  WIND      :SUNSHINE: SKY     :PK WND
================================================================================
1   2   3   4   5  6A  6B    7    8   9   10  11  12  13   14  15   16   17  18
                                     12Z  AVG MX 2MIN
DY MAX MIN AVG DEP HDD CDD  WTR  SNW DPTH SPD SPD DIR MIN PSBL S-S WX    SPD DR
================================================================================

 1  82  61  72  13   0   7 0.00  0.0    0  8.5 21 250   M    M   1        30 240
 2  75  58  67   7   0   2 0.69  0.0    0  5.5 20 300   M    M   4 13     28 290
 3  76  55  66   6   0   1 1.01  0.0    0  4.8 20 280   M    M   5 123    27 310
 4  73  57  65   5   0   0 0.27  0.0    0  4.6 15 260   M    M   8 12     21 250
 5  62  53  58  -2   7   0 0.32  0.0    0  4.6 15 300   M    M  10 1      21 320
 6  68  48  58  -2   7   0 0.00  0.0    0  3.9 12 280   M    M   5 12     17 290
 7  74  47  61   0   4   0 0.00  0.0    0  3.9 15 240   M    M   2        21 230
 8  77  54  66   5   0   1 0.00  0.0    0  4.6 15 160   M    M   3        20 160
 9  73  62  68   7   0   3 0.00  0.0    0  7.7 16 190   M    M   6        26 180
10  75   M   M   M   M   M 0.00  0.0    0  6.2 15 280   M    M   6        20 200
11  66  58  62   0   3   0 0.50  0.0    0  3.6 12 170   M    M   9 1      19 170
12  67  56  62   0   3   0 0.66  0.0    0  7.2 17 230   M    M   9 1      24 240
13  56  43  50 -12  15   0 0.29  0.0    0  8.6 20 300   M    M  10 1      28 310
14  54  42  48 -14  17   0 0.06  0.0    0  8.5 18 300   M    M   7 1      26 310
15  63  39  51 -11  14   0 0.00  0.0    0  6.3 16 270   M    M   1        20 250
16  69  45  57  -6   8   0 0.00  0.0    0  6.4 15 270   M    M   1        21 290
17  76  57  67   4   0   2 0.18  0.0    0  8.1 20 270   M    M   2 13     34 310
18  81  57  69   6   0   4    T  0.0    0  6.4 14 290   M    M   2        21 220
19  79  64  72   9   0   7 0.32  0.0    0  5.6 25 250   M    M   4 13     34 250
20  75  57  66   2   0   1 0.01  0.0    0  8.8 20 260   M    M   6        30 270
21  73  50  62  -2   3   0 0.00  0.0    0  3.5  9  80   M    M   0        14  80
22  75  57  66   2   0   1 0.00  0.0    0  7.3 14 150   M    M   2        23 150
23  78  63  71   7   0   6 0.00  0.0    0  8.1 20 260   M    M   3        28 250
24  79  66  73   9   0   8 0.00  0.0    0  7.2 16 270   M    M   6        24 260
25  80  60  70   5   0   5 0.31  0.0    0  4.4 25 290   M    M   3 3      33 290
26  80  61  71   6   0   6 0.28  0.0    0  8.0 29 260   M    M   2 13     41 270
================================================================================
SM 1886 1370        81  54  4.90     0.0 162.3          M      117
================================================================================
AV 72.5 54.8                               6.2 FASTST   M    M   5    MAX(MPH)
                                 MISC ---->  # 29 260               # 41  270
================================================================================
NOTES:
# LAST OF SEVERAL OCCURRENCES

COLUMN 17 PEAK WIND IN M.P.H.

PRELIMINARY LOCAL CLIMATOLOGICAL DATA (WS FORM: F-6) , PAGE 2

                                          STATION:  BLUEFIELD WV
                                          MONTH:    MAY
                                          YEAR:     2019
                                          LATITUDE:   37 17 N
                                          LONGITUDE:  81 12 W

[TEMPERATURE DATA]      [PRECIPITATION DATA]       SYMBOLS USED IN COLUMN 16

AVERAGE MONTHLY: 63.7   TOTAL FOR MONTH:   4.90    1 = FOG OR MIST
DPTR FM NORMAL:   1.6   DPTR FM NORMAL:    1.35    2 = FOG REDUCING VISIBILITY
HIGHEST:    82 ON  1    GRTST 24HR  1.01 ON  3- 3      TO 1/4 MILE OR LESS
LOWEST:     39 ON 15                               3 = THUNDER
                        SNOW, ICE PELLETS, HAIL    4 = ICE PELLETS
                        TOTAL MONTH:   0.0 INCH    5 = HAIL
                        GRTST 24HR     0.0         6 = FREEZING RAIN OR DRIZZLE
                        GRTST DEPTH:   0           7 = DUSTSTORM OR SANDSTORM:
                                                       VSBY 1/2 MILE OR LESS
                                                   8 = SMOKE OR HAZE
[NO. OF DAYS WITH]      [WEATHER - DAYS WITH]      9 = BLOWING SNOW
                                                   X = TORNADO
MAX 32 OR BELOW:   0    0.01 INCH OR MORE:  13
MAX 90 OR ABOVE:   0    0.10 INCH OR MORE:  11
MIN 32 OR BELOW:   0    0.50 INCH OR MORE:   4
MIN  0 OR BELOW:   0    1.00 INCH OR MORE:   1

[HDD (BASE 65) ]
TOTAL THIS MO.    81    CLEAR  (SCALE 0-3)  12
DPTR FM NORMAL   -43    PTCLDY (SCALE 4-7)  10
TOTAL FM JUL 1  4854    CLOUDY (SCALE 8-10)  4
DPTR FM NORMAL   300

[CDD (BASE 65) ]
TOTAL THIS MO.    54
DPTR FM NORMAL     7    [PRESSURE DATA]
TOTAL FM JAN 1    59    HIGHEST SLP M ON M
DPTR FM NORMAL   -16    LOWEST  SLP 29.65 ON 12

[REMARKS]
DUE TO A MISSING LOW TEMPERATURE ON MAY 10, ALL TEMPERATURE AND
COOLING DEGREE DAY STATISTICS WILL BE CALCULATED WITHOUT DATA FROM
THIS DATE.
