458
CXUS55 KSEW 240930
CF6BLI
PRELIMINARY LOCAL CLIMATOLOGICAL DATA (WS FORM: F-6)

                                          STATION:   BELLINGHAM WA AIRPORT
                                          MONTH:     MARCH
                                          YEAR:      2019
                                          LATITUDE:   48 47 N
                                          LONGITUDE: 122 32 W

  TEMPERATURE IN F:       :PCPN:    SNOW:  WIND      :SUNSHINE: SKY     :PK WND
================================================================================
1   2   3   4   5  6A  6B    7    8   9   10  11  12  13   14  15   16   17  18
                                     12Z  AVG MX 2MIN
DY MAX MIN AVG DEP HDD CDD  WTR  SNW DPTH SPD SPD DIR MIN PSBL S-S WX    SPD DR
================================================================================

 1  48  26  37  -5  28   0 0.00  0.0    0  4.3 14  20   M    M   1        18  20
 2  45  24  35  -7  30   0 0.00  0.0    0 15.1 26  20   M    M   2 1      37  10
 3  44  31  38  -4  27   0 0.00  0.0    0 16.1 22  20   M    M   5        31  30
 4  45  30  38  -4  27   0 0.00  0.0    0 12.2 20  50   M    M   0        29  50
 5  47  28  38  -5  27   0 0.00  0.0    0  7.9 15  10   M    M   4        21  20
 6  40  27  34  -9  31   0 0.17    M    M  6.9 17  10   M    M   6 1      22 150
 7  44  33  39  -4  26   0 0.04    M    0  6.9 15 170   M    M   8 1      21 160
 8  45  28  37  -6  28   0 0.06    M    0  2.6  9 160   M    M   7 1      12 160
 9  46  24  35  -8  30   0 0.00  0.0    0  4.1 13 280   M    M   1 1      18 250
10  49  24  37  -6  28   0 0.00  0.0    0  2.1 10 310   M    M   2 1      13 320
11  49  30  40  -4  25   0 0.28  0.0    0  6.5 29 140   M    M   9 1      40 140
12  47  34  41  -3  24   0 0.11    M    M  3.6 13 290   M    M   8 1      20 290
13  50  32  41  -3  24   0 0.00  0.0    0  4.4 14 160   M    M   4        16 170
14  52  34  43  -1  22   0    T  0.0    0  1.5  7 170   M    M   8        10 170
15  58  38  48   4  17   0 0.00  0.0    0  2.9  9 270   M    M   4        13 270
16  59  35  47   3  18   0 0.00  0.0    0  2.5 12 270   M    M   0 1      14 270
17  63  31  47   3  18   0 0.00  0.0    0  3.4 12 270   M    M   1 12     17 350
18  65  31  48   3  17   0 0.00  0.0    0  1.8 12 270   M    M   1 1      15 270
19  74  32  53   8  12   0 0.00  0.0    0  2.1  8 260   M    M   0        11 260
20  74  35  55  10  10   0 0.00  0.0    0  3.6 15  20   M    M   0        19  10
21  58  37  48   3  17   0 0.00  0.0    0  7.4 20 170   M    M   0        27 170
22  65  38  52   7  13   0 0.04    M    0  6.3 21 150   M    M   5        30 150
23  60  39  50   5  15   0 0.02    M    0  3.4 12 150   M    M   6        13 140
================================================================================
SM 1227  721       514   0  0.72     0.0 127.6          M       82
================================================================================
AV 53.4 31.4                               5.5 FASTST   M    M   4    MAX(MPH)
                                 MISC ---->  # 29 140               # 40  140
================================================================================
NOTES:
# LAST OF SEVERAL OCCURRENCES

COLUMN 17 PEAK WIND IN M.P.H.

PRELIMINARY LOCAL CLIMATOLOGICAL DATA (WS FORM: F-6) , PAGE 2

                                          STATION:  BELLINGHAM WA AIRPORT
                                          MONTH:    MARCH
                                          YEAR:     2019
                                          LATITUDE:   48 47 N
                                          LONGITUDE: 122 32 W

[TEMPERATURE DATA]      [PRECIPITATION DATA]       SYMBOLS USED IN COLUMN 16

AVERAGE MONTHLY: 42.4   TOTAL FOR MONTH:   0.72    1 = FOG OR MIST
DPTR FM NORMAL:  -1.3   DPTR FM NORMAL:   -1.63    2 = FOG REDUCING VISIBILITY
HIGHEST:    74 ON 20,19 GRTST 24HR  0.28 ON 11-11      TO 1/4 MILE OR LESS
LOWEST:     24 ON 10, 9                            3 = THUNDER
                        SNOW, ICE PELLETS, HAIL    4 = ICE PELLETS
                        TOTAL MONTH:   0.0 INCH    5 = HAIL
                        GRTST 24HR     0.0         6 = FREEZING RAIN OR DRIZZLE
                        GRTST DEPTH:   0           7 = DUSTSTORM OR SANDSTORM:
                                                       VSBY 1/2 MILE OR LESS
                                                   8 = SMOKE OR HAZE
[NO. OF DAYS WITH]      [WEATHER - DAYS WITH]      9 = BLOWING SNOW
                                                   X = TORNADO
MAX 32 OR BELOW:   0    0.01 INCH OR MORE:   7
MAX 90 OR ABOVE:   0    0.10 INCH OR MORE:   3
MIN 32 OR BELOW:  14    0.50 INCH OR MORE:   0
MIN  0 OR BELOW:   0    1.00 INCH OR MORE:   0

[HDD (BASE 65) ]
TOTAL THIS MO.   514    CLEAR  (SCALE 0-3)  11
DPTR FM NORMAL    23    PTCLDY (SCALE 4-7)  10
TOTAL FM JUL 1  4071    CLOUDY (SCALE 8-10)  2
DPTR FM NORMAL  -291

[CDD (BASE 65) ]
TOTAL THIS MO.     0
DPTR FM NORMAL     0    [PRESSURE DATA]
TOTAL FM JAN 1     0    HIGHEST SLP M ON M
DPTR FM NORMAL     0    LOWEST  SLP 29.60 ON  6

[REMARKS]
