000
CXUS53 KIND 250730
CF6BMG
PRELIMINARY LOCAL CLIMATOLOGICAL DATA (WS FORM: F-6)

                                          STATION:   BLOOMINGTON IN
                                          MONTH:     MARCH
                                          YEAR:      2019
                                          LATITUDE:   39  7 N
                                          LONGITUDE:  86 37 W

  TEMPERATURE IN F:       :PCPN:    SNOW:  WIND      :SUNSHINE: SKY     :PK WND
================================================================================
1   2   3   4   5  6A  6B    7    8   9   10  11  12  13   14  15   16   17  18
                                     12Z  AVG MX 2MIN
DY MAX MIN AVG DEP HDD CDD  WTR  SNW DPTH SPD SPD DIR MIN PSBL S-S WX    SPD DR
================================================================================

 1  42  29  36  -1  29   0 0.00    M    M  4.6 12  70   M    M  10        15  60
 2  40  33  37  -1  28   0 0.00    M    M  6.8 15 360   M    M  10 8      19 360
 3  33  17  25 -13  40   0 0.09    M    M 10.4 18 350   M    M  10 1      24 360
 4  17   3  10 -28  55   0 0.00    M    M  7.9 15 290   M    M   2 8      23 280
 5  20   4  12 -27  53   0    T    M    M  9.4 18 270   M    M   4 18     29 270
 6  28   6  17 -22  48   0 0.00    M    M  6.1 16 230   M    M   0        22 230
 7  35  20  28 -11  37   0 0.02    M    M  4.0  9 110   M    M   5 1      12 110
 8  40  30  35  -5  30   0    T    M    M  6.9 13 110   M    M  10 1      18 110
 9  60  34  47   7  18   0 1.35    M    M 13.3 31 230   M    M   9 13     53 230
10  56  38  47   6  18   0 0.00    M    M 11.6 26 260   M    M   6        41 270
11  52  27  40  -1  25   0 0.00    M    M  3.8 14 360   M    M   2        20  10
12  51  25  38  -3  27   0 0.00    M    M  4.7 13 140   M    M   0 1      17 160
13  70  44  57  15   8   0    T    M    M 13.3 22 140   M    M   3        34 150
14  72  47  60  18   5   0 1.02    M    M 16.5 38 220   M    M   7 13     52 200
15  47  33  40  -2  25   0    T    M    M 11.5 22 260   M    M   8 1      40 250
16  47  28  38  -5  27   0 0.00    M    M  5.7 15 280   M    M   0        23 270
17  53  26  40  -3  25   0 0.00    M    M  5.8 21 290   M    M   5        32 300
18  50  25  38  -6  27   0 0.00    M    M  3.4 15 250   M    M   2        24 240
19  52  23  38  -6  27   0 0.00    M    M  1.7 10 210   M    M   1        15 230
20  52  33  43  -1  22   0 0.37    M    M  8.0 16 220   M    M   9 1      24 200
21  45  35  40  -5  25   0    T    M    M  6.9 14 290   M    M   9 1      23 300
22  53  31  42  -3  23   0 0.00    M    M  8.8 23 350   M    M   2        31 360
23  57  23  40  -6  25   0 0.00    M    M  2.3  9 130   M    M   0        12 110
24  50  40  45  -1  20   0 0.48    M    M  4.1 12 140   M    M   8 13     18 180
================================================================================
SM 1122  654       667   0  3.33    M    177.5          M      122
================================================================================
AV 46.8 27.3                               7.4 FASTST   M    M   5    MAX(MPH)
                                 MISC ---->  # 38 220               # 53  230
================================================================================
NOTES:
# LAST OF SEVERAL OCCURRENCES

COLUMN 17 PEAK WIND IN M.P.H.

PRELIMINARY LOCAL CLIMATOLOGICAL DATA (WS FORM: F-6) , PAGE 2

                                          STATION:  BLOOMINGTON IN
                                          MONTH:    MARCH
                                          YEAR:     2019
                                          LATITUDE:   39  7 N
                                          LONGITUDE:  86 37 W

[TEMPERATURE DATA]      [PRECIPITATION DATA]       SYMBOLS USED IN COLUMN 16

AVERAGE MONTHLY: 37.0   TOTAL FOR MONTH:   3.33    1 = FOG OR MIST
DPTR FM NORMAL:  -4.5   DPTR FM NORMAL:    0.62    2 = FOG REDUCING VISIBILITY
HIGHEST:    72 ON 14    GRTST 24HR  1.35 ON  9- 9      TO 1/4 MILE OR LESS
LOWEST:      3 ON  4                               3 = THUNDER
                        SNOW, ICE PELLETS, HAIL    4 = ICE PELLETS
                        TOTAL MONTH:    M          5 = HAIL
                        GRTST 24HR    M  ON   M    6 = FREEZING RAIN OR DRIZZLE
                        GRTST DEPTH:  M  ON   M    7 = DUSTSTORM OR SANDSTORM:
                                                       VSBY 1/2 MILE OR LESS
                                                   8 = SMOKE OR HAZE
[NO. OF DAYS WITH]      [WEATHER - DAYS WITH]      9 = BLOWING SNOW
                                                   X = TORNADO
MAX 32 OR BELOW:   3    0.01 INCH OR MORE:   6
MAX 90 OR ABOVE:   0    0.10 INCH OR MORE:   4
MIN 32 OR BELOW:  15    0.50 INCH OR MORE:   2
MIN  0 OR BELOW:   0    1.00 INCH OR MORE:   2

[HDD (BASE 65) ]
TOTAL THIS MO.   667    CLEAR  (SCALE 0-3)   9
DPTR FM NORMAL   103    PTCLDY (SCALE 4-7)   6
TOTAL FM JUL 1  3853    CLOUDY (SCALE 8-10)  9
DPTR FM NORMAL  -779

[CDD (BASE 65) ]
TOTAL THIS MO.     0
DPTR FM NORMAL     0    [PRESSURE DATA]
TOTAL FM JAN 1     0    HIGHEST SLP M ON M
DPTR FM NORMAL     0    LOWEST  SLP 29.41 ON 14

[REMARKS]
