000
CXUS53 KILX 180900
CF6BMI
PRELIMINARY LOCAL CLIMATOLOGICAL DATA (WS FORM: F-6)

                                          STATION:   BLOOMINGTON IL AIRPORT
                                          MONTH:     MARCH
                                          YEAR:      2019
                                          LATITUDE:   40 28 N
                                          LONGITUDE:  88 56 W

  TEMPERATURE IN F:       :PCPN:    SNOW:  WIND      :SUNSHINE: SKY     :PK WND
================================================================================
1   2   3   4   5  6A  6B    7    8   9   10  11  12  13   14  15   16   17  18
                                     12Z  AVG MX 2MIN
DY MAX MIN AVG DEP HDD CDD  WTR  SNW DPTH SPD SPD DIR MIN PSBL S-S WX    SPD DR
================================================================================

 1  40  17  29   M  36   0 0.00    M    M  6.7 13  90   M    M   4         M  M
 2  34  26  30   M  35   0 0.00    M    0 11.5 16 330   M    M  10         M  M
 3  26   3  15   M  50   0    M    M    M 16.6 23 330   M    M   6 1      27 310
 4  13  -3   5   M  60   0    T    M    M 15.0 22 310   M    M   3 18     24 310
 5  22   6  14   M  51   0    T    M    M 16.1 24 290   M    M   4        33 260
 6  31   6  19   M  46   0 0.00    M    M 12.6 21 220   M    M   0        25 250
 7  30  19  25   M  40   0    M    M    M  9.3 13 100   M    M   6 1       M  M
 8  44  27  36   M  29   0    T    M    M  9.6 12 100   M    M   9 1       M  M
 9  49  32  41   M  24   0 1.12    M    M 18.1 28 260   M    M  10 13     52 260
10  43  29  36   M  29   0 0.00    M    M 19.1 32 260   M    M   6        44 260
11  45  28  37   M  28   0 0.00    M    M  6.6 12 320   M    M   2         M  M
12  47  26  37   M  28   0    T    M    M 12.6 22 160   M    M   2        30 150
13  59  40  50   M  15   0 0.47    M    M 19.9 25 150   M    M   6 1      33 150
14  64  39  52   M  13   0 0.11    M    0 27.7 38 240   M    M   9 13     53 230
15  43  32  38   M  27   0    T    M    0 19.7 25 310   M    M   7 1      37 310
16  45  26  36   M  29   0 0.00  0.0    0  9.7 18 290   M    M   2        25 290
17  44  29  37   M  28   0    T    M    0 10.2 16 340   M    M   4 12     22 340
================================================================================
SM  679  382       568   0  1.70     0.0 241.0          M       90
================================================================================
AV 39.9 22.5                              14.2 FASTST   M    M   5    MAX(MPH)
                                 MISC ---->  # 38 240               # 53  230
================================================================================
NOTES:
# LAST OF SEVERAL OCCURRENCES

COLUMN 17 PEAK WIND IN M.P.H.

PRELIMINARY LOCAL CLIMATOLOGICAL DATA (WS FORM: F-6) , PAGE 2

                                          STATION:  BLOOMINGTON IL AIRPORT
                                          MONTH:    MARCH
                                          YEAR:     2019
                                          LATITUDE:   40 28 N
                                          LONGITUDE:  88 56 W

[TEMPERATURE DATA]      [PRECIPITATION DATA]       SYMBOLS USED IN COLUMN 16

AVERAGE MONTHLY: 31.2   TOTAL FOR MONTH:   1.70    1 = FOG OR MIST
DPTR FM NORMAL:     M   DPTR FM NORMAL:       M    2 = FOG REDUCING VISIBILITY
HIGHEST:    64 ON 14    GRTST 24HR  1.12 ON  9- 9      TO 1/4 MILE OR LESS
LOWEST:     -3 ON  4                               3 = THUNDER
                        SNOW, ICE PELLETS, HAIL    4 = ICE PELLETS
                        TOTAL MONTH:   0.0 INCH    5 = HAIL
                        GRTST 24HR     0.0         6 = FREEZING RAIN OR DRIZZLE
                        GRTST DEPTH:   0           7 = DUSTSTORM OR SANDSTORM:
                                                       VSBY 1/2 MILE OR LESS
                                                   8 = SMOKE OR HAZE
[NO. OF DAYS WITH]      [WEATHER - DAYS WITH]      9 = BLOWING SNOW
                                                   X = TORNADO
MAX 32 OR BELOW:   5    0.01 INCH OR MORE:   3
MAX 90 OR ABOVE:   0    0.10 INCH OR MORE:   3
MIN 32 OR BELOW:  15    0.50 INCH OR MORE:   1
MIN  0 OR BELOW:   1    1.00 INCH OR MORE:   1

[HDD (BASE 65) ]
TOTAL THIS MO.   568    CLEAR  (SCALE 0-3)   4
DPTR FM NORMAL     M    PTCLDY (SCALE 4-7)   9
TOTAL FM JUL 1  5186    CLOUDY (SCALE 8-10)  4
DPTR FM NORMAL     M

[CDD (BASE 65) ]
TOTAL THIS MO.     0
DPTR FM NORMAL     M    [PRESSURE DATA]
TOTAL FM JAN 1     0    HIGHEST SLP M ON M
DPTR FM NORMAL     M    LOWEST  SLP M ON M

[REMARKS]
