000
CXUS53 KILX 262300
CF6BMI
PRELIMINARY LOCAL CLIMATOLOGICAL DATA (WS FORM: F-6)

                                          STATION:   BLOOMINGTON IL AIRPORT
                                          MONTH:     MAY
                                          YEAR:      2019
                                          LATITUDE:   40 28 N
                                          LONGITUDE:  88 56 W

  TEMPERATURE IN F:       :PCPN:    SNOW:  WIND      :SUNSHINE: SKY     :PK WND
================================================================================
1   2   3   4   5  6A  6B    7    8   9   10  11  12  13   14  15   16   17  18
                                     12Z  AVG MX 2MIN
DY MAX MIN AVG DEP HDD CDD  WTR  SNW DPTH SPD SPD DIR MIN PSBL S-S WX    SPD DR
================================================================================

 1  71  53  62   M   3   0 0.72    M    M 10.8 22 240   M    M   9 13     28 240
 2  64  48  56   M   9   0 0.65    M    M 10.0 16 340   M    M   9 123    21 210
 3  60  47  54   M  11   0 0.00    M    M 11.9 17  30   M    M  10         M  M
 4  64  44  54   M  11   0 0.00    M    M  9.9 18  40   M    M   4        23  30
 5  72  42  57   M   8   0 0.00    M    M  5.3 10 230   M    M   0         M  M
 6  77  50  64   M   1   0    T    M    M 12.4 22 220   M    M   2 3      29 220
 7  58  47  53   M  12   0    T    M    M 15.5 21  40   M    M   9         M  M
 8  81  47  64   M   1   0 0.55    M    M 17.9 27 170   M    M   3 3      35 160
 9  65  46  56   M   9   0 0.16    M    M 13.5 16 300   M    M  10 1      21 270
10  60  45  53   M  12   0 0.00    M    M  9.4 16  20   M    M   7        22 340
11  49  44  47   M  18   0 0.26    M    M 11.8 18  40   M    M   7        28  40
12  51  43  47   M  18   0 0.03    M    M  9.7 15  50   M    M  10         M  M
13  65  39  52   M  13   0 0.00    M    M  9.1 18 360   M    M   3        23 320
14  68  44  56   M   9   0    T    M    M  6.3 10 180   M    M   3         M  M
15  77  54  66   M   0   1    T    M    M  4.8 10 150   M    M   5         M  M
16  87  57  72   M   0   7    T    M    M 15.0 27 190   M    M   1 1      44 290
17  80  55  68   M   0   3 0.00    M    M 11.3 24 300   M    M   2        35 300
18  85  55  70   M   0   5 0.24    M    M 13.8 24 210   M    M   3 13     32 200
19  77  56  67   M   0   2    T    M    M 21.2 29 240   M    M   6        40 220
20  56  48  52   M  13   0 0.00    M    M 12.7 18 300   M    M   7        24 300
21  58  45  52   M  13   0 0.93    M    M 19.6 29 100   M    M   8 13     39 100
22  81  53  67   M   0   2 0.07    M    M 17.9 24 180   M    M   2 13     32 190
23  77  63  70   M   0   5 0.47    M    M  9.1 27 210   M    M   2 13     58 220
24  85  61  73   M   0   8 0.23    M    M 11.6 20 200   M    M   3 3      27 200
25  83  64  74   M   0   9 0.54    M    M 12.2 23 290   M    M   4 13     47 290
================================================================================
SM 1751 1250       161  42  4.85    M    302.7          M      129
================================================================================
AV 70.0 50.0                              12.1 FASTST   M    M   5    MAX(MPH)
                                 MISC ---->  # 29 240               # 58  220
================================================================================
NOTES:
# LAST OF SEVERAL OCCURRENCES

COLUMN 17 PEAK WIND IN M.P.H.

PRELIMINARY LOCAL CLIMATOLOGICAL DATA (WS FORM: F-6) , PAGE 2

                                          STATION:  BLOOMINGTON IL AIRPORT
                                          MONTH:    MAY
                                          YEAR:     2019
                                          LATITUDE:   40 28 N
                                          LONGITUDE:  88 56 W

[TEMPERATURE DATA]      [PRECIPITATION DATA]       SYMBOLS USED IN COLUMN 16

AVERAGE MONTHLY: 60.0   TOTAL FOR MONTH:   4.85    1 = FOG OR MIST
DPTR FM NORMAL:     M   DPTR FM NORMAL:       M    2 = FOG REDUCING VISIBILITY
HIGHEST:    87 ON 16    GRTST 24HR  0.93 ON 21-21      TO 1/4 MILE OR LESS
LOWEST:     39 ON 13                               3 = THUNDER
                        SNOW, ICE PELLETS, HAIL    4 = ICE PELLETS
                        TOTAL MONTH:    M          5 = HAIL
                        GRTST 24HR    M  ON   M    6 = FREEZING RAIN OR DRIZZLE
                        GRTST DEPTH:  M  ON   M    7 = DUSTSTORM OR SANDSTORM:
                                                       VSBY 1/2 MILE OR LESS
                                                   8 = SMOKE OR HAZE
[NO. OF DAYS WITH]      [WEATHER - DAYS WITH]      9 = BLOWING SNOW
                                                   X = TORNADO
MAX 32 OR BELOW:   0    0.01 INCH OR MORE:  12
MAX 90 OR ABOVE:   0    0.10 INCH OR MORE:  10
MIN 32 OR BELOW:   0    0.50 INCH OR MORE:   5
MIN  0 OR BELOW:   0    1.00 INCH OR MORE:   0

[HDD (BASE 65) ]
TOTAL THIS MO.   161    CLEAR  (SCALE 0-3)   8
DPTR FM NORMAL     M    PTCLDY (SCALE 4-7)  11
TOTAL FM JUL 1  6071    CLOUDY (SCALE 8-10)  6
DPTR FM NORMAL     M

[CDD (BASE 65) ]
TOTAL THIS MO.    42
DPTR FM NORMAL     M    [PRESSURE DATA]
TOTAL FM JAN 1    44    HIGHEST SLP M ON M
DPTR FM NORMAL     M    LOWEST  SLP M ON M

[REMARKS]
