000
CXUS54 KEWX 220910
CF6BMQ
PRELIMINARY LOCAL CLIMATOLOGICAL DATA (WS FORM: F-6)

                                          STATION:   BURNET
                                          MONTH:     MAY
                                          YEAR:      2019
                                          LATITUDE:   30 43 N
                                          LONGITUDE:  98 14 W

  TEMPERATURE IN F:       :PCPN:    SNOW:  WIND      :SUNSHINE: SKY     :PK WND
================================================================================
1   2   3   4   5  6A  6B    7    8   9   10  11  12  13   14  15   16   17  18
                                     12Z  AVG MX 2MIN
DY MAX MIN AVG DEP HDD CDD  WTR  SNW DPTH SPD SPD DIR MIN PSBL S-S WX    SPD DR
================================================================================

 1  79  73  76   6   0  11 0.01    M    M  8.2 15 140   M    M  10 18     25 170
 2  74  61  68  -2   0   3 1.02    M    M  9.6 17  70   M    M   9 13     28  70
 3  79  62  71   0   0   6 2.53    M    M  6.5 20 190   M    M   4 13     27 180
 4  80  57  69  -2   0   4 0.00    M    M  5.7 16  10   M    M   1        22  20
 5  84  59  72   1   0   7 0.00    M    M  4.5 14 140   M    M   1        20 140
 6  77  67  72   0   0   7 0.00    M    M  7.1 14 140   M    M   4        22 150
 7  86  67  77   5   0  12 0.13    M    M  8.1 22 100   M    M   7 138    31 170
 8  77  63  70  -2   0   5 1.02    M    M  4.6 22 340   M    M   6 13     32 340
 9  85  59  72   0   0   7 0.22    M    M  8.8 20  30   M    M   7 123    29 360
10  63  51  57 -16   8   0 0.04    M    M  8.0 23  10   M    M  10 13     31  20
11  67  55  61 -12   4   0 0.03    M    M  6.6 14 320   M    M  10 13     19 330
12  78  52  65  -8   0   0 0.00    M    M  5.0 15  20   M    M   1        20  10
13  82  53  68  -5   0   3 0.00    M    M  3.9 12 100   M    M   0 8      19 160
14  80  62  71  -3   0   6 0.01    M    M  3.8 20 330   M    M   4 3      25 340
15  85  63  74   0   0   9 0.00    M    M  4.2 12 140   M    M   3 18     15 150
16  86  65  76   2   0  11 0.00    M    M  6.5 13 190   M    M   3        18 140
17  88  71  80   6   0  15 0.00    M    M 10.4 17 140   M    M   8        27 150
18  83  74  79   4   0  14 0.26    M    M  9.0 17 200   M    M   8 138    25 200
19  92  73  83   8   0  18 0.00    M    M  5.8 13 140   M    M   5 18     21 130
20  89  75  82   7   0  17    T    M    M 13.4 23 150   M    M   7 18     37 150
21  86  64  75  -1   0  10 0.16    M    M  8.6 26 180   M    M   4 1      38 180
================================================================================
SM 1700 1326        12 165  5.43    M    148.3          M      112
================================================================================
AV 81.0 63.1                               7.1 FASTST   M    M   5    MAX(MPH)
                                 MISC ---->  # 26 180               # 38  180
================================================================================
NOTES:
# LAST OF SEVERAL OCCURRENCES

COLUMN 17 PEAK WIND IN M.P.H.

PRELIMINARY LOCAL CLIMATOLOGICAL DATA (WS FORM: F-6) , PAGE 2

                                          STATION:  BURNET
                                          MONTH:    MAY
                                          YEAR:     2019
                                          LATITUDE:   30 43 N
                                          LONGITUDE:  98 14 W

[TEMPERATURE DATA]      [PRECIPITATION DATA]       SYMBOLS USED IN COLUMN 16

AVERAGE MONTHLY: 72.1   TOTAL FOR MONTH:   5.43    1 = FOG OR MIST
DPTR FM NORMAL:  -0.8   DPTR FM NORMAL:    2.78    2 = FOG REDUCING VISIBILITY
HIGHEST:    92 ON 19    GRTST 24HR  2.53 ON  3- 3      TO 1/4 MILE OR LESS
LOWEST:     51 ON 10                               3 = THUNDER
                        SNOW, ICE PELLETS, HAIL    4 = ICE PELLETS
                        TOTAL MONTH:    M          5 = HAIL
                        GRTST 24HR    M  ON   M    6 = FREEZING RAIN OR DRIZZLE
                        GRTST DEPTH:  M  ON   M    7 = DUSTSTORM OR SANDSTORM:
                                                       VSBY 1/2 MILE OR LESS
                                                   8 = SMOKE OR HAZE
[NO. OF DAYS WITH]      [WEATHER - DAYS WITH]      9 = BLOWING SNOW
                                                   X = TORNADO
MAX 32 OR BELOW:   0    0.01 INCH OR MORE:  11
MAX 90 OR ABOVE:   1    0.10 INCH OR MORE:   7
MIN 32 OR BELOW:   0    0.50 INCH OR MORE:   3
MIN  0 OR BELOW:   0    1.00 INCH OR MORE:   3

[HDD (BASE 65) ]
TOTAL THIS MO.    12    CLEAR  (SCALE 0-3)   6
DPTR FM NORMAL    10    PTCLDY (SCALE 4-7)  10
TOTAL FM JUL 1  1943    CLOUDY (SCALE 8-10)  5
DPTR FM NORMAL   -75

[CDD (BASE 65) ]
TOTAL THIS MO.   165
DPTR FM NORMAL    -4    [PRESSURE DATA]
TOTAL FM JAN 1   348    HIGHEST SLP M ON M
DPTR FM NORMAL    30    LOWEST  SLP 29.50 ON 21

[REMARKS]
