000
CXUS54 KEWX 220910
CF6BMQ
PRELIMINARY LOCAL CLIMATOLOGICAL DATA (WS FORM: F-6)

                                          STATION:   BURNET
                                          MONTH:     MARCH
                                          YEAR:      2019
                                          LATITUDE:   30 43 N
                                          LONGITUDE:  98 14 W

  TEMPERATURE IN F:       :PCPN:    SNOW:  WIND      :SUNSHINE: SKY     :PK WND
================================================================================
1   2   3   4   5  6A  6B    7    8   9   10  11  12  13   14  15   16   17  18
                                     12Z  AVG MX 2MIN
DY MAX MIN AVG DEP HDD CDD  WTR  SNW DPTH SPD SPD DIR MIN PSBL S-S WX    SPD DR
================================================================================

 1  59  41  50  -5  15   0 0.00    M    M  4.8 10  80   M    M  10 18     15  50
 2  53  42  48  -7  17   0    T    M    M  8.3 13  40   M    M  10 12     16  30
 3  42  30  36 -20  29   0 0.01    M    M 10.6 20 350   M    M   8 1      27 360
 4  35  25  30 -26  35   0 0.00    M    M 11.0 21 360   M    M  10        30 360
 5  47  24  36 -20  29   0 0.00    M    M  6.6 17  10   M    M   0        24  10
 6  56  26  41 -15  24   0 0.00    M    M  6.8 17 190   M    M   2        24 200
 7  73  49  61   5   4   0 0.00    M    M 11.3 20 190   M    M   4        26 180
 8  82  60  71  14   0   6 0.00    M    M  9.1 16 190   M    M   4        23 180
 9  82  54  68  11   0   3    T    M    M  8.8 23 280   M    M   4        33 290
10  71  55  63   6   2   0    T    M    M  8.1 16  60   M    M   6        21  60
11  59  54  57  -1   8   0    T    M    M  8.1 15  30   M    M  10 1      19  30
12  75  55  65   7   0   0 0.01    M    M 10.6 23 140   M    M   9 1      37 140
13  81  53  67   9   0   2 0.80    M    M  9.2 30 310   M    M   4 13     42 320
14  72  53  63   5   2   0 0.00    M    M 13.1 26 330   M    M   2        38 340
15  58  41  50  -9  15   0 0.00    M    M  8.2 20  30   M    M   2        27  30
16  63  40  52  -7  13   0 0.00    M    M  6.3 14  30   M    M   6        19  60
17  67  43  55  -4  10   0 0.00    M    M  4.0 12  50   M    M   1        16  70
18  68  43  56  -3   9   0 0.00    M    M  4.6 15 120   M    M   0        20 110
19  69  47  58  -2   7   0 0.00    M    M  5.8 17 140   M    M   3        24 120
20  74  52  63   3   2   0 0.00    M    M  5.6 15 340   M    M   5 8      19 340
21  75  42  59  -1   6   0 0.00    M    M  2.6 10 280   M    M   0        14 290
================================================================================
SM 1361  929       227  11  0.82    M    163.5          M      100
================================================================================
AV 64.8 44.2                               7.8 FASTST   M    M   5    MAX(MPH)
                                 MISC ---->  # 30 310               # 42  320
================================================================================
NOTES:
# LAST OF SEVERAL OCCURRENCES

COLUMN 17 PEAK WIND IN M.P.H.

PRELIMINARY LOCAL CLIMATOLOGICAL DATA (WS FORM: F-6) , PAGE 2

                                          STATION:  BURNET
                                          MONTH:    MARCH
                                          YEAR:     2019
                                          LATITUDE:   30 43 N
                                          LONGITUDE:  98 14 W

[TEMPERATURE DATA]      [PRECIPITATION DATA]       SYMBOLS USED IN COLUMN 16

AVERAGE MONTHLY: 54.5   TOTAL FOR MONTH:   0.82    1 = FOG OR MIST
DPTR FM NORMAL:  -3.0   DPTR FM NORMAL:   -1.30    2 = FOG REDUCING VISIBILITY
HIGHEST:    82 ON  9, 8 GRTST 24HR  0.80 ON 13-13      TO 1/4 MILE OR LESS
LOWEST:     24 ON  5                               3 = THUNDER
                        SNOW, ICE PELLETS, HAIL    4 = ICE PELLETS
                        TOTAL MONTH:    M          5 = HAIL
                        GRTST 24HR    M  ON   M    6 = FREEZING RAIN OR DRIZZLE
                        GRTST DEPTH:  M  ON   M    7 = DUSTSTORM OR SANDSTORM:
                                                       VSBY 1/2 MILE OR LESS
                                                   8 = SMOKE OR HAZE
[NO. OF DAYS WITH]      [WEATHER - DAYS WITH]      9 = BLOWING SNOW
                                                   X = TORNADO
MAX 32 OR BELOW:   0    0.01 INCH OR MORE:   3
MAX 90 OR ABOVE:   0    0.10 INCH OR MORE:   1
MIN 32 OR BELOW:   4    0.50 INCH OR MORE:   1
MIN  0 OR BELOW:   0    1.00 INCH OR MORE:   0

[HDD (BASE 65) ]
TOTAL THIS MO.   227    CLEAR  (SCALE 0-3)   7
DPTR FM NORMAL    56    PTCLDY (SCALE 4-7)   8
TOTAL FM JUL 1  1856    CLOUDY (SCALE 8-10)  6
DPTR FM NORMAL   -39

[CDD (BASE 65) ]
TOTAL THIS MO.    11
DPTR FM NORMAL   -10    [PRESSURE DATA]
TOTAL FM JAN 1    28    HIGHEST SLP M ON M
DPTR FM NORMAL    -3    LOWEST  SLP 29.54 ON 13

[REMARKS]
