243
CXUS54 KOHX 261010
CF6BNA
PRELIMINARY LOCAL CLIMATOLOGICAL DATA (WS FORM: F-6)

                                          STATION:   NASHVILLE
                                          MONTH:     MAY
                                          YEAR:      2019
                                          LATITUDE:   36  7 N
                                          LONGITUDE:  86 41 W

  TEMPERATURE IN F:       :PCPN:    SNOW:  WIND      :SUNSHINE: SKY     :PK WND
================================================================================
1   2   3   4   5  6A  6B    7    8   9   10  11  12  13   14  15   16   17  18
                                     12Z  AVG MX 2MIN
DY MAX MIN AVG DEP HDD CDD  WTR  SNW DPTH SPD SPD DIR MIN PSBL S-S WX    SPD DR
================================================================================

 1  86  64  75  11   0  10 0.02  0.0    0  9.8 25 200   M    M   7 3      32 200
 2  85  63  74  10   0   9 0.07  0.0    0  6.5 29 180   M    M   6 13     37 170
 3  77  64  71   7   0   6 0.22  0.0    0  5.7 14 230   M    M   8 138    20 230
 4  74  64  69   5   0   4 0.29  0.0    0  4.4 12  20   M    M   9 1      15 300
 5  69  54  62  -2   3   0 0.09  0.0    0  6.7 14 310   M    M   7 18     21 270
 6  80  50  65   0   0   0 0.00  0.0    0  3.3 10 150   M    M   4 1      14 110
 7  85  54  70   5   0   5 0.00  0.0    0  2.3 12 200   M    M   6        14 180
 8  89  60  75  10   0  10 0.00  0.0    0  9.0 22 180   M    M   4        27 190
 9  78  63  71   5   0   6 0.40  0.0    0  8.2 29 170   M    M   9 1      42 180
10  75  58  67   1   0   2 0.02  0.0    0  5.9 14  10   M    M  10 18     23 320
11  70  58  64  -2   1   0 0.26  0.0    0  5.0 12  20   M    M   8 18     18 330
12  67  54  61  -5   4   0    T  0.0    0  6.7 14 280   M    M   9 1      20  70
13  67  48  58  -9   7   0 0.00  0.0    0  5.6 16 320   M    M   5        24 320
14  73  45  59  -8   6   0 0.00  0.0    0  3.2 12 330   M    M   3        16 320
15  69  49  59  -8   6   0 0.14  0.0    0  4.6 15 180   M    M   7 1      20 170
16  88  54  71   3   0   6 0.00  0.0    0  3.8 10 270   M    M   5 1      15 260
17  89  67  78  10   0  13 0.00  0.0    0  5.8 15 290   M    M   5        21 280
18  90  65  78  10   0  13 0.00  0.0    0  9.1 21 180   M    M   3        27 170
19  83  68  76   8   0  11 0.06  0.0    0 11.0 25 190   M    M   7        31 180
20  87  66  77   9   0  12 0.00  0.0    0  5.3 12  20   M    M   3        20 300
21  91  60  76   7   0  11 0.00  0.0    0  9.0 20 170   M    M   4        26 180
22  92  72  82  13   0  17 0.00  0.0    0 12.5 22 180   M    M   5        29 180
23  91  68  80  11   0  15 0.00  0.0    0  6.4 16 200   M    M   5        23 190
24  93  67  80  10   0  15 0.01  0.0    0  3.4 14 210   M    M   4        20 220
25  93  70  82  12   0  17 0.00  0.0    0  6.6 17 220   0    0   4        24 270
================================================================================
SM 2041 1505        27 182  1.58     0.0 159.8            0    147
================================================================================
AV 81.6 60.2                               6.4 FASTST    0   0   6    MAX(MPH)
                                 MISC ---->  # 29 180               # 42  180
================================================================================
NOTES:
# LAST OF SEVERAL OCCURRENCES

COLUMN 17 PEAK WIND IN M.P.H.

PRELIMINARY LOCAL CLIMATOLOGICAL DATA (WS FORM: F-6) , PAGE 2

                                          STATION:  NASHVILLE
                                          MONTH:    MAY
                                          YEAR:     2019
                                          LATITUDE:   36  7 N
                                          LONGITUDE:  86 41 W

[TEMPERATURE DATA]      [PRECIPITATION DATA]       SYMBOLS USED IN COLUMN 16

AVERAGE MONTHLY: 70.9   TOTAL FOR MONTH:   1.58    1 = FOG OR MIST
DPTR FM NORMAL:   4.2   DPTR FM NORMAL:   -2.94    2 = FOG REDUCING VISIBILITY
HIGHEST:    93 ON 25,24 GRTST 24HR  0.40 ON  9- 9      TO 1/4 MILE OR LESS
LOWEST:     45 ON 14                               3 = THUNDER
                        SNOW, ICE PELLETS, HAIL    4 = ICE PELLETS
                        TOTAL MONTH:   0.0 INCH    5 = HAIL
                        GRTST 24HR     0.0         6 = FREEZING RAIN OR DRIZZLE
                        GRTST DEPTH:   0           7 = DUSTSTORM OR SANDSTORM:
                                                       VSBY 1/2 MILE OR LESS
                                                   8 = SMOKE OR HAZE
[NO. OF DAYS WITH]      [WEATHER - DAYS WITH]      9 = BLOWING SNOW
                                                   X = TORNADO
MAX 32 OR BELOW:   0    0.01 INCH OR MORE:  11
MAX 90 OR ABOVE:   6    0.10 INCH OR MORE:   5
MIN 32 OR BELOW:   0    0.50 INCH OR MORE:   0
MIN  0 OR BELOW:   0    1.00 INCH OR MORE:   0

[HDD (BASE 65) ]
TOTAL THIS MO.    27    CLEAR  (SCALE 0-3)   2
DPTR FM NORMAL   -25    PTCLDY (SCALE 4-7)  18
TOTAL FM JUL 1  3220    CLOUDY (SCALE 8-10)  5
DPTR FM NORMAL  -460

[CDD (BASE 65) ]
TOTAL THIS MO.   182
DPTR FM NORMAL    88    [PRESSURE DATA]
TOTAL FM JAN 1   241    HIGHEST SLP  0.00 ON M
DPTR FM NORMAL   102    LOWEST  SLP 29.70 ON  5

[REMARKS]
