000
CXUS55 KBOI 261002
CF6BOI
PRELIMINARY LOCAL CLIMATOLOGICAL DATA (WS FORM: F-6)

                                          STATION:   BOISE ID
                                          MONTH:     MAY
                                          YEAR:      2019
                                          LATITUDE:   43 34 N
                                          LONGITUDE: 116 13 W

  TEMPERATURE IN F:       :PCPN:    SNOW:  WIND      :SUNSHINE: SKY     :PK WND
================================================================================
1   2   3   4   5  6A  6B    7    8   9   10  11  12  13   14  15   16   17  18
                                     12Z  AVG MX 2MIN
DY MAX MIN AVG DEP HDD CDD  WTR  SNW DPTH SPD SPD DIR MIN PSBL S-S WX    SPD DR
================================================================================

 1  61  31  46  -9  19   0 0.00  0.0    0  4.1 12 330   M    M   0        18 240
 2  66  38  52  -3  13   0 0.00  0.0    0  9.4 21 330   M    M   1        29 340
 3  73  40  57   2   8   0 0.00  0.0    0  5.9 13 320   M    M   0        19 350
 4  75  46  61   5   4   0 0.00  0.0    0  6.7 17 350   M    M   0        24 290
 5  77  48  63   7   2   0 0.00  0.0    0  6.3 16 350   M    M   0        21 340
 6  78  47  63   7   2   0 0.00  0.0    0  7.9 21 290   M    M   0        32 310
 7  78  44  61   5   4   0 0.00  0.0    0 12.7 31 320   M    M   1        46 300
 8  76  48  62   5   3   0 0.00  0.0    0 11.1 23 340   M    M   1        34 330
 9  68  49  59   2   6   0 0.00  0.0    0  8.1 23 150   M    M   3 3      30 150
10  72  46  59   2   6   0 0.00  0.0    0  7.3 14 120   M    M   0        21 270
11  81  49  65   7   0   0 0.00  0.0    0  6.0 12 350   M    M   0        23 310
12  86  53  70  12   0   5 0.00  0.0    0  6.9 16 360   M    M   0        21 320
13  87  54  71  13   0   6 0.00  0.0    0  5.7 13 260   M    M   0        16 330
14  84  59  72  13   0   7 0.00  0.0    0  8.7 23 320   M    M   0        30 320
15  71  58  65   6   0   0    T  0.0    0  8.0 16  10   M    M   6        21 360
16  59  50  55  -4  10   0 0.20  0.0    0  6.9 21 290   M    M   7 1      31 300
17  52  47  50  -9  15   0 0.60  0.0    0  8.3 21 280   M    M   8 1      30 280
18  67  46  57  -3   8   0 0.00  0.0    0  5.0 14 250   M    M   4 8      18 250
19  58  50  54  -6  11   0 0.28  0.0    0  6.9 20 150   M    M  10 13     28 140
20  62  48  55  -5  10   0 0.39  0.0    0  5.6 16 280   M    M  10 1      21 280
21  60  45  53  -7  12   0 0.67  0.0    0  8.2 21 310   M    M   7 1      26 250
22  60  47  54  -7  11   0 0.08  0.0    0  7.1 18 100   M    M   8 1      25 140
23  72  48  60  -1   5   0    T  0.0    0  8.3 26 140   M    M   6        37 130
24  68  47  58  -3   7   0 0.21  0.0    0  6.8 29 290   M    M   5 13     36 300
25  64  49  57  -5   8   0 0.10  0.0    0  4.9 20 100   M    M   9 1      24 120
================================================================================
SM 1755 1187       164  18  2.53     0.0 182.8          M       86
================================================================================
AV 70.2 47.5                               7.3 FASTST   M    M   3    MAX(MPH)
                                 MISC ---->  # 31 320               # 46  300
================================================================================
NOTES:
# LAST OF SEVERAL OCCURRENCES

COLUMN 17 PEAK WIND IN M.P.H.

PRELIMINARY LOCAL CLIMATOLOGICAL DATA (WS FORM: F-6) , PAGE 2

                                          STATION:  BOISE ID
                                          MONTH:    MAY
                                          YEAR:     2019
                                          LATITUDE:   43 34 N
                                          LONGITUDE: 116 13 W

[TEMPERATURE DATA]      [PRECIPITATION DATA]       SYMBOLS USED IN COLUMN 16

AVERAGE MONTHLY: 58.8   TOTAL FOR MONTH:   2.53    1 = FOG OR MIST
DPTR FM NORMAL:   0.6   DPTR FM NORMAL:    1.39    2 = FOG REDUCING VISIBILITY
HIGHEST:    87 ON 13    GRTST 24HR  0.67 ON 21-21      TO 1/4 MILE OR LESS
LOWEST:     31 ON  1                               3 = THUNDER
                        SNOW, ICE PELLETS, HAIL    4 = ICE PELLETS
                        TOTAL MONTH:   0.0 INCH    5 = HAIL
                        GRTST 24HR     0.0         6 = FREEZING RAIN OR DRIZZLE
                        GRTST DEPTH:   0           7 = DUSTSTORM OR SANDSTORM:
                                                       VSBY 1/2 MILE OR LESS
                                                   8 = SMOKE OR HAZE
[NO. OF DAYS WITH]      [WEATHER - DAYS WITH]      9 = BLOWING SNOW
                                                   X = TORNADO
MAX 32 OR BELOW:   0    0.01 INCH OR MORE:   8
MAX 90 OR ABOVE:   0    0.10 INCH OR MORE:   7
MIN 32 OR BELOW:   1    0.50 INCH OR MORE:   2
MIN  0 OR BELOW:   0    1.00 INCH OR MORE:   0

[HDD (BASE 65) ]
TOTAL THIS MO.   164    CLEAR  (SCALE 0-3)  14
DPTR FM NORMAL   -34    PTCLDY (SCALE 4-7)   8
TOTAL FM JUL 1  5158    CLOUDY (SCALE 8-10)  3
DPTR FM NORMAL  -264

[CDD (BASE 65) ]
TOTAL THIS MO.    18
DPTR FM NORMAL   -11    [PRESSURE DATA]
TOTAL FM JAN 1    20    HIGHEST SLP M ON M
DPTR FM NORMAL   -12    LOWEST  SLP 29.51 ON M

[REMARKS]
