000
CXUS54 KMAF 251100
CF6BPG
PRELIMINARY LOCAL CLIMATOLOGICAL DATA (WS FORM: F-6)

                                          STATION:   Big Spring McMahon-Wrinkle Fi
                                          MONTH:     MAY
                                          YEAR:      2019
                                          LATITUDE:   32 12 N
                                          LONGITUDE: 101 31 W

  TEMPERATURE IN F:       :PCPN:    SNOW:  WIND      :SUNSHINE: SKY     :PK WND
================================================================================
1   2   3   4   5  6A  6B    7    8   9   10  11  12  13   14  15   16   17  18
                                     12Z  AVG MX 2MIN
DY MAX MIN AVG DEP HDD CDD  WTR  SNW DPTH SPD SPD DIR MIN PSBL S-S WX    SPD DR
================================================================================

 1  85  61  73   M   0   8 0.00  0.0    0  6.2 14 140   M    M   2         M  M
 2  74  62  68   M   0   3 0.00  0.0    0 10.5 17  50   M    M   7        22  50
 3  75  57  66   M   0   1 0.01  0.0    0  8.6 15  80   M    M   6 3       M  M
 4  74  52  63   M   2   0 0.00  0.0    0  5.6 14  90   M    M   4        17  70
 5  84  60  72   M   0   7 0.00  0.0    0 14.4 30 150   M    M   4        37 150
 6  84  57  71   M   0   6 0.00  0.0    0 11.9 21 160   M    M   0        27 160
 7  78  65  72   M   0   7 0.00  0.0    0 14.7 25 160   M    M   6        31 160
 8  83  60  72   M   0   7 0.00  0.0    0  8.1 17 240   M    M   2        23 240
 9  67  52  60   M   5   0 0.00  0.0    0 15.5 22  30   M    M   7        29 360
10  52  44  48   M  17   0 0.00  0.0    0 13.4 23  50   M    M   9        29  50
11  65  47  56   M   9   0 0.07    M    0  4.8 10 310   M    M   7 3       M  M
12  76  47  62   M   3   0 0.00  0.0    0  5.1  9 140   M    M   1         M  M
13  78  56  67   M   0   2 0.04  0.0    0  6.3 15 260   M    M   4 3      24 260
14  80  51  66   M   0   1 0.00  0.0    0  1.9 10 180   M    M   1         M  M
15  84  58  71   M   0   6 0.00  0.0    0  6.6 10 170   M    M   1         M  M
16  84  63  74   M   0   9 0.00  0.0    0 13.6 20 150   M    M   2        24 170
17  89  67  78   M   0  13 0.00  0.0    0 17.9 30 170   M    M   3        35 170
18  83  57  70   M   0   5 0.31  0.0    0 12.5 27 250   M    M   3 3      32 250
19  82  49  66   M   0   1 0.00  0.0    0 10.4 20  60   M    M   0        24  60
20  84  58  71   M   0   6 0.69  0.0    0 20.2 32 270   M    M   7 3      41 270
21  77  51  64   M   1   0 0.00  0.0    0 13.4 28 220   M    M   1        37 220
22  88  56  72   M   0   7 0.00  0.0    0 10.1 14 120   M    M   1        20 120
23  80  73  77   M   0  12 0.00  0.0    0 21.5 28 160   M    M   7        36 160
24  77  70  74   M   0   9 0.01  0.0    0 12.7 25 140   M    M   4        29 150
================================================================================
SM 1883 1373        37 110  1.13     0.0 265.9          M       89
================================================================================
AV 78.5 57.2                              11.1 FASTST   M    M   4    MAX(MPH)
                                 MISC ---->  # 32 270               # 41  270
================================================================================
NOTES:
# LAST OF SEVERAL OCCURRENCES

COLUMN 17 PEAK WIND IN M.P.H.

PRELIMINARY LOCAL CLIMATOLOGICAL DATA (WS FORM: F-6) , PAGE 2

                                          STATION:  Big Spring McMahon-Wrinkle Fi
                                          MONTH:    MAY
                                          YEAR:     2019
                                          LATITUDE:   32 12 N
                                          LONGITUDE: 101 31 W

[TEMPERATURE DATA]      [PRECIPITATION DATA]       SYMBOLS USED IN COLUMN 16

AVERAGE MONTHLY: 67.8   TOTAL FOR MONTH:   1.13    1 = FOG OR MIST
DPTR FM NORMAL:     M   DPTR FM NORMAL:       M    2 = FOG REDUCING VISIBILITY
HIGHEST:    89 ON 17    GRTST 24HR  0.69 ON 20-20      TO 1/4 MILE OR LESS
LOWEST:     44 ON 10                               3 = THUNDER
                        SNOW, ICE PELLETS, HAIL    4 = ICE PELLETS
                        TOTAL MONTH:   0.0 INCH    5 = HAIL
                        GRTST 24HR     0.0         6 = FREEZING RAIN OR DRIZZLE
                        GRTST DEPTH:   0           7 = DUSTSTORM OR SANDSTORM:
                                                       VSBY 1/2 MILE OR LESS
                                                   8 = SMOKE OR HAZE
[NO. OF DAYS WITH]      [WEATHER - DAYS WITH]      9 = BLOWING SNOW
                                                   X = TORNADO
MAX 32 OR BELOW:   0    0.01 INCH OR MORE:   6
MAX 90 OR ABOVE:   0    0.10 INCH OR MORE:   2
MIN 32 OR BELOW:   0    0.50 INCH OR MORE:   1
MIN  0 OR BELOW:   0    1.00 INCH OR MORE:   0

[HDD (BASE 65) ]
TOTAL THIS MO.    37    CLEAR  (SCALE 0-3)  11
DPTR FM NORMAL     M    PTCLDY (SCALE 4-7)  12
TOTAL FM JUL 1  2906    CLOUDY (SCALE 8-10)  1
DPTR FM NORMAL     M

[CDD (BASE 65) ]
TOTAL THIS MO.   110
DPTR FM NORMAL     M    [PRESSURE DATA]
TOTAL FM JAN 1   215    HIGHEST SLP M ON M
DPTR FM NORMAL     M    LOWEST  SLP M ON M

[REMARKS]
