000
CXUS55 KRIW 250945
CF6BPI
PRELIMINARY LOCAL CLIMATOLOGICAL DATA (WS FORM: F-6)

                                          STATION:   BIG PINEY  WY
                                          MONTH:     MARCH
                                          YEAR:      2019
                                          LATITUDE:   42 34 N
                                          LONGITUDE: 110  6 W

  TEMPERATURE IN F:       :PCPN:    SNOW:  WIND      :SUNSHINE: SKY     :PK WND
================================================================================
1   2   3   4   5  6A  6B    7    8   9   10  11  12  13   14  15   16   17  18
                                     12Z  AVG MX 2MIN
DY MAX MIN AVG DEP HDD CDD  WTR  SNW DPTH SPD SPD DIR MIN PSBL S-S WX    SPD DR
================================================================================

 1  25   7  16  -4  49   0    T    M    M  7.6 20 350   M    M   3 1      26 340
 2  22   3  13  -8  52   0    T    M    M  4.4 14 140   M    M   6 128    16 140
 3  13 -11   1 -20  64   0    T    M    M  3.8  8  80   M    M   5 18      9  80
 4  12 -13   0 -22  65   0    T    M    M  4.7 12 340   M    M   4 18     12  70
 5  18 -18   0 -22  65   0    T    M    M  3.3 12  60   M    M   5 18     12  60
 6  27  15  21  -2  44   0 0.02    M    M  2.7  9  30   M    M  10 12     10  30
 7  34  15  25   2  40   0    T    M    M  4.2 14 350   M    M   9 12     15  50
 8  31  17  24   0  41   0 0.13    M    M  4.5 23 340   M    M   9 12     30 310
 9  24  -7   9 -15  56   0 0.00    M    M  8.9 22 350   M    M   1        25 360
10  28  -8  10 -15  55   0 0.00    M    M  4.6 12 330   M    M   0        12 340
11  30  -5  13 -12  52   0 0.00    M    M  2.7  8 350   M    M   0 1      10 110
12  27  -8  10 -16  55   0 0.00    M    M  4.7 13  10   M    M   3        14  90
13  31  19  25  -1  40   0    T    M    M 16.3 29 340   M    M   8 18     36 350
14  28   5  17 -10  48   0 0.00    M    M  6.3 17  30   M    M   3        20  30
15  31  -5  13 -14  52   0 0.00    M    M  3.6  9 190   M    M   0        11 170
16  31  -2  15 -13  50   0 0.00    M    M  3.3 10 110   M    M   0        12 100
17  31  -2  15 -13  50   0 0.00    M    M  5.3 10  70   M    M   1 18     11  70
18  32   1  17 -11  48   0 0.00    M    M  4.5 10 320   M    M   0        11  90
19  31   0  16 -13  49   0 0.00    M    M  4.8 13  70   M    M   0        14  70
20  38  -1  19 -10  46   0 0.00    M    M  4.4 14 340   M    M   0 1      14 340
21  41   5  23  -7  42   0    T    M    M  3.0 10 350   M    M   2        13 200
22  39  20  30   0  35   0    T    M    M  5.9 14 140   M    M   6 18     15 140
23  45  17  31   1  34   0 0.00    M    M  4.1 12 340   M    M   3        12 340
24  37  19  28  -3  37   0    T    M    M  6.4 14 360   M    M   8 18     17 360
================================================================================
SM  706   63      1169   0  0.15    M    124.0          M       86
================================================================================
AV 29.4  2.6                               5.2 FASTST   M    M   4    MAX(MPH)
                                 MISC ---->  # 29 340               # 36  350
================================================================================
NOTES:
# LAST OF SEVERAL OCCURRENCES

COLUMN 17 PEAK WIND IN M.P.H.

PRELIMINARY LOCAL CLIMATOLOGICAL DATA (WS FORM: F-6) , PAGE 2

                                          STATION:  BIG PINEY  WY
                                          MONTH:    MARCH
                                          YEAR:     2019
                                          LATITUDE:   42 34 N
                                          LONGITUDE: 110  6 W

[TEMPERATURE DATA]      [PRECIPITATION DATA]       SYMBOLS USED IN COLUMN 16

AVERAGE MONTHLY: 16.0   TOTAL FOR MONTH:   0.15    1 = FOG OR MIST
DPTR FM NORMAL:  -9.8   DPTR FM NORMAL:   -0.16    2 = FOG REDUCING VISIBILITY
HIGHEST:    45 ON 23    GRTST 24HR  0.13 ON  8- 8      TO 1/4 MILE OR LESS
LOWEST:    -18 ON  5                               3 = THUNDER
                        SNOW, ICE PELLETS, HAIL    4 = ICE PELLETS
                        TOTAL MONTH:    M          5 = HAIL
                        GRTST 24HR    M  ON   M    6 = FREEZING RAIN OR DRIZZLE
                        GRTST DEPTH:  M  ON   M    7 = DUSTSTORM OR SANDSTORM:
                                                       VSBY 1/2 MILE OR LESS
                                                   8 = SMOKE OR HAZE
[NO. OF DAYS WITH]      [WEATHER - DAYS WITH]      9 = BLOWING SNOW
                                                   X = TORNADO
MAX 32 OR BELOW:  18    0.01 INCH OR MORE:   2
MAX 90 OR ABOVE:   0    0.10 INCH OR MORE:   1
MIN 32 OR BELOW:  24    0.50 INCH OR MORE:   0
MIN  0 OR BELOW:  12    1.00 INCH OR MORE:   0

[HDD (BASE 65) ]
TOTAL THIS MO.  1169    CLEAR  (SCALE 0-3)  13
DPTR FM NORMAL   228    PTCLDY (SCALE 4-7)   6
TOTAL FM JUL 1  8682    CLOUDY (SCALE 8-10)  5
DPTR FM NORMAL   218

[CDD (BASE 65) ]
TOTAL THIS MO.     0
DPTR FM NORMAL     0    [PRESSURE DATA]
TOTAL FM JAN 1     0    HIGHEST SLP M ON M
DPTR FM NORMAL     0    LOWEST  SLP 29.41 ON 13

[REMARKS]
