000
CXUS54 KLZK 251130
CF6BPK
PRELIMINARY LOCAL CLIMATOLOGICAL DATA (WS FORM: F-6)

                                          STATION:   Mountain Home Airport
                                          MONTH:     JUNE
                                          YEAR:      2019
                                          LATITUDE:   36 22 N
                                          LONGITUDE:  92 28 W

  TEMPERATURE IN F:       :PCPN:    SNOW:  WIND      :SUNSHINE: SKY     :PK WND
================================================================================
1   2   3   4   5  6A  6B    7    8   9   10  11  12  13   14  15   16   17  18
                                     12Z  AVG MX 2MIN
DY MAX MIN AVG DEP HDD CDD  WTR  SNW DPTH SPD SPD DIR MIN PSBL S-S WX    SPD DR
================================================================================

 1  87  59  73   2   0   8 0.00    M    M  1.6 10 220   M    M   1         M  M
 2  86  63  75   4   0  10 0.00    M    M  2.2  8  80   M    M   1        11  80
 3  82  62  72   0   0   7 0.00    M    M  5.9 12 140   M    M   0        18 140
 4  88  66  77   5   0  12 0.15    M    M  5.1 22 230   M    M   3 1      32 230
 5  90  68  79   7   0  14 0.00    M    M  3.1 13 230   M    M   0 1      17 240
 6  78  67  73   1   0   8 1.42    M    M  3.7 16 100   M    M   9 1      26  80
 7  81  66  74   1   0   9 0.77    M    M  4.2 14  90   M    M   7 1      21  50
 8  82  64  73   0   0   8 0.00    M    M  2.4  9  80   M    M   3 1      16  10
 9  86  64  75   2   0  10 0.00    M    M  2.7 10 350   M    M   2 1      17 350
10  77  59  68  -6   0   3 0.00    M    M  4.3 13 360   M    M   1        22  10
11  77  54  66  -8   0   1 0.00    M    M  3.5 12 210   M    M   0        16 170
12  74  55  65  -9   0   0 0.37    M    M  2.0  6  99   M    M   4 1       M  M
13  76  54  65  -9   0   0 0.00    M    M  3.6 10 360   M    M   0        20 340
14  77  53  65 -10   0   0    T    M    M  5.0 15 210   M    M   1        21 220
15  84  66  75   0   0  10    T    M    M  7.8 18 230   M    M   1        28 210
16  86  70  78   3   0  13 0.00    M    M  2.7 12  10   M    M   1 8      17 230
17   M   M   M   M   M   M 0.83    M    M  2.4  7 210   M    M   7 1       M  M
18  84  67  76   0   0  11    T    M    M  0.5  7 320   M    M   5 12     10 310
19  85  65  75  -1   0  10 0.01    M    M  3.3 13 250   M    M   3 3      20 260
20  87  64  76   0   0  11 0.00    M    M  2.5  8 310   M    M   0 1      14 290
21  91  70  81   5   0  16 0.00    M    M  8.1 20  90   M    M   3 3      31  90
22  90  68  79   2   0  14 1.23    M    M  5.6 16 290   M    M   5 13     37 210
23  78  64  71  -6   0   6 3.32    M    M  5.7 17 330   M    M   5 13     33 290
24  82  62  72  -5   0   7 0.01    M    M  2.9  9 310   M    M   3        16 320
================================================================================
SM 1908 1450         0 188  8.11    M     90.8          M       65
================================================================================
AV 83.0 63.0                               3.8 FASTST   M    M   3    MAX(MPH)
                                 MISC ---->  # 22 230               # 37  210
================================================================================
NOTES:
# LAST OF SEVERAL OCCURRENCES

COLUMN 17 PEAK WIND IN M.P.H.

PRELIMINARY LOCAL CLIMATOLOGICAL DATA (WS FORM: F-6) , PAGE 2

                                          STATION:  Mountain Home Airport
                                          MONTH:    JUNE
                                          YEAR:     2019
                                          LATITUDE:   36 22 N
                                          LONGITUDE:  92 28 W

[TEMPERATURE DATA]      [PRECIPITATION DATA]       SYMBOLS USED IN COLUMN 16

AVERAGE MONTHLY: 73.0   TOTAL FOR MONTH:   8.11    1 = FOG OR MIST
DPTR FM NORMAL:  -1.2   DPTR FM NORMAL:    5.54    2 = FOG REDUCING VISIBILITY
HIGHEST:    91 ON 21    GRTST 24HR  3.32 ON 23-23      TO 1/4 MILE OR LESS
LOWEST:     53 ON 14                               3 = THUNDER
                        SNOW, ICE PELLETS, HAIL    4 = ICE PELLETS
                        TOTAL MONTH:    M          5 = HAIL
                        GRTST 24HR    M  ON   M    6 = FREEZING RAIN OR DRIZZLE
                        GRTST DEPTH:  M  ON   M    7 = DUSTSTORM OR SANDSTORM:
                                                       VSBY 1/2 MILE OR LESS
                                                   8 = SMOKE OR HAZE
[NO. OF DAYS WITH]      [WEATHER - DAYS WITH]      9 = BLOWING SNOW
                                                   X = TORNADO
MAX 32 OR BELOW:   0    0.01 INCH OR MORE:   9
MAX 90 OR ABOVE:   3    0.10 INCH OR MORE:   7
MIN 32 OR BELOW:   0    0.50 INCH OR MORE:   5
MIN  0 OR BELOW:   0    1.00 INCH OR MORE:   3

[HDD (BASE 65) ]
TOTAL THIS MO.     0    CLEAR  (SCALE 0-3)  17
DPTR FM NORMAL     0    PTCLDY (SCALE 4-7)   6
TOTAL FM JUL 1  3954    CLOUDY (SCALE 8-10)  1
DPTR FM NORMAL   161

[CDD (BASE 65) ]
TOTAL THIS MO.   188
DPTR FM NORMAL   -37    [PRESSURE DATA]
TOTAL FM JAN 1   373    HIGHEST SLP M ON M
DPTR FM NORMAL   -12    LOWEST  SLP 29.63 ON 19

[REMARKS]
