000
CXUS54 KLCH 200920
CF6BPT
PRELIMINARY LOCAL CLIMATOLOGICAL DATA (WS FORM: F-6)

                                          STATION:   BEAUMONT PORT ARTHUR
                                          MONTH:     MARCH
                                          YEAR:      2019
                                          LATITUDE:   29 57 N
                                          LONGITUDE:  94  1 W

  TEMPERATURE IN F:       :PCPN:    SNOW:  WIND      :SUNSHINE: SKY     :PK WND
================================================================================
1   2   3   4   5  6A  6B    7    8   9   10  11  12  13   14  15   16   17  18
                                     12Z  AVG MX 2MIN
DY MAX MIN AVG DEP HDD CDD  WTR  SNW DPTH SPD SPD DIR MIN PSBL S-S WX    SPD DR
================================================================================

 1  73  50  62   3   3   0 0.00  0.0    0  4.9 13  20   M    M   8 18     15  20
 2  73  60  67   8   0   2 0.00  0.0    0  7.4 12  90   M    M  10 18     15  80
 3  70  47  59   0   6   0    T    M    0 11.8 26 360   M    M  10 128    34 360
 4  47  38  43 -16  22   0 0.01    M    0 14.5 22  10   M    M  10        26  10
 5  53  32  43 -17  22   0 0.00  0.0    0 12.4 21 350   M    M   1        27 340
 6  58  34  46 -14  19   0 0.00  0.0    0  7.4 15 110   M    M   2        19  70
 7  66  55  61   1   4   0 0.24  0.0    0  9.9 16 170   M    M  10 1      22 150
 8  76  66  71  11   0   6    T  0.0    0 13.7 24 190   M    M  10 1      34 200
 9  81  68  75  15   0  10 0.00  0.0    0 11.4 21 170   M    M  10 18     26 180
10  82  70  76  15   0  11 0.00  0.0    0  5.8 14 130   M    M   8 12     17 130
11  83  65  74  13   0   9 0.00  0.0    0  7.6 16  40   M    M   6 12     19  40
12  74  64  69   8   0   4    T  0.0    0 13.3 23 120   M    M  10 1      31 120
13  79  68  74  13   0   9 0.03  0.0    0 18.0 33 170   M    M  10 18     43 160
14  81  64  73  11   0   8 0.01  0.0    0 11.9 22 170   M    M   9 1      30 160
15  64  52  58  -4   7   0 0.08  0.0    0 13.9 28 360   M    M  10 3      35 360
16  64  50  57  -5   8   0    T  0.0    0  7.7 15  60   M    M   5        20  10
17  66  46  56  -6   9   0 0.00  0.0    0  5.7 13  70   M    M   2 8      18  50
18  70  45  58  -4   7   0 0.00  0.0    0  7.3 17  70   M    M   0        24  70
19  73  47  60  -3   5   0 0.00  0.0    0  6.3 17 100   M    M   0 18     20 100
================================================================================
SM 1333 1021       112  59  0.37     0.0 190.9          M      131
================================================================================
AV 70.2 53.7                              10.0 FASTST   M    M   7    MAX(MPH)
                                 MISC ---->  # 33 170               # 43  160
================================================================================
NOTES:
# LAST OF SEVERAL OCCURRENCES

COLUMN 17 PEAK WIND IN M.P.H.

PRELIMINARY LOCAL CLIMATOLOGICAL DATA (WS FORM: F-6) , PAGE 2

                                          STATION:  BEAUMONT PORT ARTHUR
                                          MONTH:    MARCH
                                          YEAR:     2019
                                          LATITUDE:   29 57 N
                                          LONGITUDE:  94  1 W

[TEMPERATURE DATA]      [PRECIPITATION DATA]       SYMBOLS USED IN COLUMN 16

AVERAGE MONTHLY: 62.0   TOTAL FOR MONTH:   0.37    1 = FOG OR MIST
DPTR FM NORMAL:   1.3   DPTR FM NORMAL:   -1.79    2 = FOG REDUCING VISIBILITY
HIGHEST:    83 ON 11    GRTST 24HR  0.24 ON  7- 7      TO 1/4 MILE OR LESS
LOWEST:     32 ON  5                               3 = THUNDER
                        SNOW, ICE PELLETS, HAIL    4 = ICE PELLETS
                        TOTAL MONTH:   0.0 INCH    5 = HAIL
                        GRTST 24HR     0.0         6 = FREEZING RAIN OR DRIZZLE
                        GRTST DEPTH:   0           7 = DUSTSTORM OR SANDSTORM:
                                                       VSBY 1/2 MILE OR LESS
                                                   8 = SMOKE OR HAZE
[NO. OF DAYS WITH]      [WEATHER - DAYS WITH]      9 = BLOWING SNOW
                                                   X = TORNADO
MAX 32 OR BELOW:   0    0.01 INCH OR MORE:   5
MAX 90 OR ABOVE:   0    0.10 INCH OR MORE:   1
MIN 32 OR BELOW:   1    0.50 INCH OR MORE:   0
MIN  0 OR BELOW:   0    1.00 INCH OR MORE:   0

[HDD (BASE 65) ]
TOTAL THIS MO.   112    CLEAR  (SCALE 0-3)   5
DPTR FM NORMAL     5    PTCLDY (SCALE 4-7)   4
TOTAL FM JUL 1  1077    CLOUDY (SCALE 8-10) 10
DPTR FM NORMAL  -243

[CDD (BASE 65) ]
TOTAL THIS MO.    59
DPTR FM NORMAL    32    [PRESSURE DATA]
TOTAL FM JAN 1   103    HIGHEST SLP M ON M
DPTR FM NORMAL    50    LOWEST  SLP 29.76 ON 13

[REMARKS]
