000
CXUS53 KDLH 231230
CF6BRD
PRELIMINARY LOCAL CLIMATOLOGICAL DATA (WS FORM: F-6)

                                          STATION:   BRAINERD
                                          MONTH:     MARCH
                                          YEAR:      2019
                                          LATITUDE:   46 24 N
                                          LONGITUDE:  94  8 W

  TEMPERATURE IN F:       :PCPN:    SNOW:  WIND      :SUNSHINE: SKY     :PK WND
================================================================================
1   2   3   4   5  6A  6B    7    8   9   10  11  12  13   14  15   16   17  18
                                     12Z  AVG MX 2MIN
DY MAX MIN AVG DEP HDD CDD  WTR  SNW DPTH SPD SPD DIR MIN PSBL S-S WX    SPD DR
================================================================================

 1  18  -9   5 -17  60   0 0.14  2.3   19  2.5  8  40   M    M   7 18     10  80
 2  13 -13   0 -23  65   0 0.00  0.0   20  6.7 16 310   M    M   3 18     21 290
 3  -1 -20 -10 -33  75   0 0.00  0.0   20  9.8 18 260   M    M   1 8      25 270
 4  10 -24  -7 -31  72   0    T    T   20  9.2 23 250   M    M   5 8      27 240
 5  16  -1   8 -16  57   0    T    T   20 11.8 22 320   M    M   4 89     31 330
 6  22 -13   5 -20  60   0 0.00  0.0   20  7.4 18 350   M    M   2 18     23 350
 7  19 -19   0 -25  65   0    T    T   19  2.6 13 210   M    M   0        15 200
 8  30  11  21  -4  44   0 0.00  0.0   19  6.3 14 180   M    M   9 8      17 170
 9  39  28  34   8  31   0 0.53  7.0   19  6.9 17  80   M    M   9 128    26 140
10  32  10  21  -5  44   0    T    T   24 13.1 23 300   M    M   5 18     31 290
11  32  -3  15 -12  50   0 0.00  0.0   23  6.9 14 250   M    M   1 128    16 240
12  38  14  26  -1  39   0 0.03  0.0   23 11.8 20 180   M    M   7 18     25 180
13  39  34  37   9  28   0 1.10  0.0   21  7.3 17  50   M    M  10 1      22  50
14  40  31  36   8  29   0 0.05  0.0   16 16.0 33 350   M    M  10 128    43 340
15  34  20  27  -2  38   0    T    T   15 14.3 26 330   M    M   6        37 320
16  33   8  21  -8  44   0    T    T   15  4.5 13 270   M    M   0 18     16 250
17  36  17  27  -3  38   0 0.00  0.0   15  4.0 10 340   M    M   8 18     14 270
18  40  16  28  -2  37   0 0.00  0.0   15  7.1 16 240   M    M   3 18     20 230
19  46  26  36   6  29   0 0.00  0.0   14  8.9 18 250   M    M   6 8      24 240
20  45  32  39   8  26   0 0.00  0.0   12  9.2 22 340   M    M   6 8      28 340
21  53  24  39   8  26   0 0.00  0.0   10  8.4 17 260   M    M   0 1      22 290
22  47  22  35   3  30   0 0.00  0.0    9  3.2 10 340   M    M   0        13  10
================================================================================
SM  681  191       987   0  1.85     9.3 177.9          M      102
================================================================================
AV 31.0  8.7                               8.1 FASTST   M    M   5    MAX(MPH)
                                 MISC ---->  # 33 350               # 43  340
================================================================================
NOTES:
# LAST OF SEVERAL OCCURRENCES

COLUMN 17 PEAK WIND IN M.P.H.

PRELIMINARY LOCAL CLIMATOLOGICAL DATA (WS FORM: F-6) , PAGE 2

                                          STATION:  BRAINERD
                                          MONTH:    MARCH
                                          YEAR:     2019
                                          LATITUDE:   46 24 N
                                          LONGITUDE:  94  8 W

[TEMPERATURE DATA]      [PRECIPITATION DATA]       SYMBOLS USED IN COLUMN 16

AVERAGE MONTHLY: 19.8   TOTAL FOR MONTH:   1.85    1 = FOG OR MIST
DPTR FM NORMAL:  -7.2   DPTR FM NORMAL:    0.84    2 = FOG REDUCING VISIBILITY
HIGHEST:    53 ON 21    GRTST 24HR  1.10 ON 13-13      TO 1/4 MILE OR LESS
LOWEST:    -24 ON  4                               3 = THUNDER
                        SNOW, ICE PELLETS, HAIL    4 = ICE PELLETS
                        TOTAL MONTH:   9.3 INCHES  5 = HAIL
                        GRTST 24HR   7.0 ON  9- 9  6 = FREEZING RAIN OR DRIZZLE
                        GRTST DEPTH:  24 ON 10     7 = DUSTSTORM OR SANDSTORM:
                                                       VSBY 1/2 MILE OR LESS
                                                   8 = SMOKE OR HAZE
[NO. OF DAYS WITH]      [WEATHER - DAYS WITH]      9 = BLOWING SNOW
                                                   X = TORNADO
MAX 32 OR BELOW:  10    0.01 INCH OR MORE:   5
MAX 90 OR ABOVE:   0    0.10 INCH OR MORE:   3
MIN 32 OR BELOW:  21    0.50 INCH OR MORE:   2
MIN  0 OR BELOW:   8    1.00 INCH OR MORE:   1

[HDD (BASE 65) ]
TOTAL THIS MO.   987    CLEAR  (SCALE 0-3)   9
DPTR FM NORMAL   151    PTCLDY (SCALE 4-7)   9
TOTAL FM JUL 1  8026    CLOUDY (SCALE 8-10)  4
DPTR FM NORMAL   678

[CDD (BASE 65) ]
TOTAL THIS MO.     0
DPTR FM NORMAL     0    [PRESSURE DATA]
TOTAL FM JAN 1     0    HIGHEST SLP M ON M
DPTR FM NORMAL     0    LOWEST  SLP 29.31 ON 14

[REMARKS]
PRECIPITATION AND SNOWFALL INFORMATION VALID FROM 7 AM UNTIL 7 AM.
