000
CXUS53 KDLH 220632
CF6BRD
PRELIMINARY LOCAL CLIMATOLOGICAL DATA (WS FORM: F-6)

                                          STATION:   BRAINERD
                                          MONTH:     MAY
                                          YEAR:      2019
                                          LATITUDE:   46 24 N
                                          LONGITUDE:  94  8 W

  TEMPERATURE IN F:       :PCPN:    SNOW:  WIND      :SUNSHINE: SKY     :PK WND
================================================================================
1   2   3   4   5  6A  6B    7    8   9   10  11  12  13   14  15   16   17  18
                                     12Z  AVG MX 2MIN
DY MAX MIN AVG DEP HDD CDD  WTR  SNW DPTH SPD SPD DIR MIN PSBL S-S WX    SPD DR
================================================================================

 1  43  36  40 -11  25   0 0.02  0.0    0  6.9 14  60   M    M  10        17  40
 2  53  33  43  -8  22   0    T  0.0    0  3.6 14 250   M    M   9 1      17 250
 3  55  27  41 -11  24   0 0.27  0.0    0  3.8 15 170   M    M   6 128    19 170
 4  70  40  55   3  10   0 0.01  0.0    0  9.0 25 260   M    M   6 12     31 250
 5  60  43  52   0  13   0    T  0.0    0  8.2 16  10   M    M   3        22  20
 6  54  33  44  -9  21   0 0.00  0.0    0  7.4 15  30   M    M   2        18  20
 7  59  27  43 -10  22   0 0.00  0.0    0  4.6 12 130   M    M   0        19 130
 8  50  34  42 -12  23   0 0.90    T    0 10.8 22  30   M    M  10 1      31  80
 9  53  34  44 -10  21   0 0.16    T    T 12.8 23 340   M    M   8 1      30 330
10  61  27  44 -10  21   0 0.00  0.0    0  4.6 18 260   M    M   4 128    24 240
11  67  41  54  -1  11   0 0.00  0.0    0 11.6 25 180   M    M   3        34 190
12  62  41  52  -3  13   0 0.00  0.0    0  6.2 15 190   M    M   7        19 190
13  69  36  53  -2  12   0 0.00  0.0    0  7.0 17 200   M    M   1 1      24 240
14  77  44  61   5   4   0    T  0.0    0  4.7 32 340   M    M   2        38 350
15  75  36  56   0   9   0 0.02  0.0    0  7.0 20 190   M    M   0 1238   26 190
16  65  50  58   2   7   0 0.24  0.0    0 10.2 21 360   M    M   2 13     25 360
17  67  42  55  -2  10   0 0.01  0.0    0  9.4 15  80   M    M   3        24  70
18  49  42  46 -11  19   0 0.61  0.0    0 14.1 25  60   M    M  10 18     34  60
19  45  38  42 -15  23   0 0.58  0.0    0 12.4 26  50   M    M   9 1      34  50
20  66  33  50  -7  15   0 0.00  0.0    0  3.5 13 270   M    M   1 12     18 250
21  67  39  53  -5  12   0 0.14  0.0    0  9.1 21  80   M    M   2        36  80
================================================================================
SM 1267  776       337   0  2.96    T    166.9          M       98
================================================================================
AV 60.3 37.0                               7.9 FASTST   M    M   5    MAX(MPH)
                                 MISC ---->  # 32 340               # 38  350
================================================================================
NOTES:
# LAST OF SEVERAL OCCURRENCES

COLUMN 17 PEAK WIND IN M.P.H.

PRELIMINARY LOCAL CLIMATOLOGICAL DATA (WS FORM: F-6) , PAGE 2

                                          STATION:  BRAINERD
                                          MONTH:    MAY
                                          YEAR:     2019
                                          LATITUDE:   46 24 N
                                          LONGITUDE:  94  8 W

[TEMPERATURE DATA]      [PRECIPITATION DATA]       SYMBOLS USED IN COLUMN 16

AVERAGE MONTHLY: 48.6   TOTAL FOR MONTH:   2.96    1 = FOG OR MIST
DPTR FM NORMAL:  -5.8   DPTR FM NORMAL:    0.71    2 = FOG REDUCING VISIBILITY
HIGHEST:    77 ON 14    GRTST 24HR  0.90 ON  8- 8      TO 1/4 MILE OR LESS
LOWEST:     27 ON 10, 7                            3 = THUNDER
                        SNOW, ICE PELLETS, HAIL    4 = ICE PELLETS
                        TOTAL MONTH:    T          5 = HAIL
                        GRTST 24HR    T  ON  9- 9  6 = FREEZING RAIN OR DRIZZLE
                        GRTST DEPTH:   T           7 = DUSTSTORM OR SANDSTORM:
                                                       VSBY 1/2 MILE OR LESS
                                                   8 = SMOKE OR HAZE
[NO. OF DAYS WITH]      [WEATHER - DAYS WITH]      9 = BLOWING SNOW
                                                   X = TORNADO
MAX 32 OR BELOW:   0    0.01 INCH OR MORE:  11
MAX 90 OR ABOVE:   0    0.10 INCH OR MORE:   7
MIN 32 OR BELOW:   3    0.50 INCH OR MORE:   3
MIN  0 OR BELOW:   0    1.00 INCH OR MORE:   0

[HDD (BASE 65) ]
TOTAL THIS MO.   337    CLEAR  (SCALE 0-3)  11
DPTR FM NORMAL   108    PTCLDY (SCALE 4-7)   4
TOTAL FM JUL 1  9263    CLOUDY (SCALE 8-10)  6
DPTR FM NORMAL   766

[CDD (BASE 65) ]
TOTAL THIS MO.     0
DPTR FM NORMAL    -6    [PRESSURE DATA]
TOTAL FM JAN 1     0    HIGHEST SLP M ON M
DPTR FM NORMAL    -7    LOWEST  SLP 29.61 ON 16

[REMARKS]
