000
CXUS55 KDVN 191100
CF6BRL
PRELIMINARY LOCAL CLIMATOLOGICAL DATA (WS FORM: F-6)

                                          STATION:   BURLINGTON IA
                                          MONTH:     MAY
                                          YEAR:      2019
                                          LATITUDE:   40 46 N
                                          LONGITUDE:  91  7 W

  TEMPERATURE IN F:       :PCPN:    SNOW:  WIND      :SUNSHINE: SKY     :PK WND
================================================================================
1   2   3   4   5  6A  6B    7    8   9   10  11  12  13   14  15   16   17  18
                                     12Z  AVG MX 2MIN
DY MAX MIN AVG DEP HDD CDD  WTR  SNW DPTH SPD SPD DIR MIN PSBL S-S WX    SPD DR
================================================================================

 1  62  49  56  -3   9   0    T    M    M   M  15  20   M    M   M        19  20
 2  59  51  55  -4  10   0 0.82    M    M  8.9 24  30   M    M   9 18     31  30
 3  58  45  52  -8  13   0    T    M    M  6.6 15 360   M    M   4 1      18  40
 4  67  42  55  -5  10   0 0.00    M    M  3.5 10  20   M    M   0 1      14  30
 5  73  46  60   0   5   0 0.00    M    M  6.7 17 200   M    M   1 18     23 210
 6  78  54  66   6   0   1 0.28    M    M  7.4 18  60   M    M   5 1      25  40
 7  60  50  55  -6  10   0 0.05    M    M 12.0 22  90   M    M  10 1      30  80
 8  76  48  62   1   3   0 0.12    M    M 13.6 29 190   M    M   8 13     43 180
 9  63  47  55  -6  10   0 0.00    M    M 10.5 18 300   M    M   9        26 300
10  62  39  51 -11  14   0 0.00    M    M  5.0 15 350   M    M   3        24 360
11  54  48  51 -11  14   0 0.03    M    M  5.5 13 110   M    M   9        18  90
12  48  44  46 -16  19   0 0.28    M    M  5.1 10  40   M    M  10 18     13  60
13  65  41  53 -10  12   0 0.00    M    M  5.4 13 320   M    M   3 1      19 290
14  61  46  54  -9  11   0 0.30    M    M  4.9 13 190   M    M   5 13     18 130
15  76  49  63   0   2   0 0.00    M    M  4.6 10 120   M    M   1        15  70
16  90  59  75  11   0  10 0.04    M    M 12.0 24 340   M    M   0 13     36 340
17  83  62  73   9   0   8 0.12    M    M  6.0 17 320   M    M   2 13     28 330
18  72  59  66   2   0   1 0.37    M    M 10.8 30 200   M    M   2 138    43 200
================================================================================
SM 1207  879       142  20  2.41    M    128.5          M       81
================================================================================
AV 67.1 48.8                               7.6 FASTST   M    M   5    MAX(MPH)
                                 MISC ---->  # 30 200               # 43  180
================================================================================
NOTES:
# LAST OF SEVERAL OCCURRENCES

COLUMN 17 PEAK WIND IN M.P.H.

PRELIMINARY LOCAL CLIMATOLOGICAL DATA (WS FORM: F-6) , PAGE 2

                                          STATION:  BURLINGTON IA
                                          MONTH:    MAY
                                          YEAR:     2019
                                          LATITUDE:   40 46 N
                                          LONGITUDE:  91  7 W

[TEMPERATURE DATA]      [PRECIPITATION DATA]       SYMBOLS USED IN COLUMN 16

AVERAGE MONTHLY: 57.9   TOTAL FOR MONTH:   2.41    1 = FOG OR MIST
DPTR FM NORMAL:  -3.6   DPTR FM NORMAL:   -0.46    2 = FOG REDUCING VISIBILITY
HIGHEST:    90 ON 16    GRTST 24HR  0.82 ON  2- 2      TO 1/4 MILE OR LESS
LOWEST:     39 ON 10                               3 = THUNDER
                        SNOW, ICE PELLETS, HAIL    4 = ICE PELLETS
                        TOTAL MONTH:    M          5 = HAIL
                        GRTST 24HR    M  ON   M    6 = FREEZING RAIN OR DRIZZLE
                        GRTST DEPTH:  M  ON   M    7 = DUSTSTORM OR SANDSTORM:
                                                       VSBY 1/2 MILE OR LESS
                                                   8 = SMOKE OR HAZE
[NO. OF DAYS WITH]      [WEATHER - DAYS WITH]      9 = BLOWING SNOW
                                                   X = TORNADO
MAX 32 OR BELOW:   0    0.01 INCH OR MORE:  10
MAX 90 OR ABOVE:   1    0.10 INCH OR MORE:   7
MIN 32 OR BELOW:   0    0.50 INCH OR MORE:   1
MIN  0 OR BELOW:   0    1.00 INCH OR MORE:   0

[HDD (BASE 65) ]
TOTAL THIS MO.   142    CLEAR  (SCALE 0-3)   7
DPTR FM NORMAL    48    PTCLDY (SCALE 4-7)   5
TOTAL FM JUL 1  6211    CLOUDY (SCALE 8-10)  5
DPTR FM NORMAL   655

[CDD (BASE 65) ]
TOTAL THIS MO.    20
DPTR FM NORMAL   -12    [PRESSURE DATA]
TOTAL FM JAN 1    23    HIGHEST SLP M ON M
DPTR FM NORMAL   -29    LOWEST  SLP 29.53 ON 18

[REMARKS]
