000
CXAK56 PAFG 240946
CF6BRW
PRELIMINARY LOCAL CLIMATOLOGICAL DATA (WS FORM: F-6)

                                          STATION:   UTQIAGVIK (BARROW) AK
                                          MONTH:     MARCH
                                          YEAR:      2019
                                          LATITUDE:   71 17 N
                                          LONGITUDE: 156 47 W

  TEMPERATURE IN F:       :PCPN:    SNOW:  WIND      :SUNSHINE: SKY     :PK WND
================================================================================
1   2   3   4   5  6A  6B    7    8   9   10  11  12  13   14  15   16   17  18
                                     12Z  AVG MX 2MIN
DY MAX MIN AVG DEP HDD CDD  WTR  SNW DPTH SPD SPD DIR MIN PSBL S-S WX    SPD DR
================================================================================

 1  15   0   8  22  57   0 0.00  0.0    8 11.0 18 100   M    M   0        22  80
 2  23  -4  10  24  55   0 0.01  0.1    8  8.3 16 240   M    M   2 1      19 240
 3  23   2  13  27  52   0 0.02  0.2    8 12.1 18 250   M    M   5 1      24 240
 4  19   2  11  25  54   0 0.00  0.0    8 13.2 21 140   M    M   2        23 150
 5  22  12  17  31  48   0 0.01  0.1    8  8.6 15 170   M    M  10 1      16 170
 6  22  14  18  32  47   0    T    T    8  8.1 12 180   M    M   8 1      15 180
 7  17   5  11  25  54   0 0.02  0.2    8 10.0 17  10   M    M  10 1      22  10
 8   9   5   7  21  58   0    T    T    8 15.4 21  60   M    M  10 1      25  60
 9   7  -5   1  15  64   0    T    T    8 16.0 23  30   M    M  10 1      28  30
10  -5 -10  -7   7  72   0    T    T    8 20.5 28  40   M    M   9 189    34  30
11 -10 -17 -13   1  78   0 0.00  0.0    8 16.2 24  30   M    M   4 189    27  30
12  -8 -19 -13   1  78   0 0.00  0.0    8 10.6 16  30   M    M   3 19     18  30
13 -10 -22 -16  -2  81   0 0.00  0.0    8 12.0 17  60   M    M   2 18     23  60
14  -2 -13  -7   7  72   0 0.00  0.0    8 18.6 24  60   M    M   4 189    30  60
15   1  -2   0  14  65   0 0.00  0.0    8 18.3 23  80   M    M  10 19     26  80
16   6  -2   2  15  63   0    T    T    8 19.5 28  80   M    M   9 19     32  70
17  10   4   7  20  58   0 0.00  0.0    8 13.0 20  70   M    M   7 19     21  70
18  17 -14   2  15  63   0 0.18  3.4   10 14.7 30 270   M    M   8 189    35 280
19   4 -19  -7   6  72   0 0.03    M   10 11.3 25 220   M    M   5 18     33 230
20   1 -18  -8   4  73   0    T    T   10 11.8 21 200   M    M   1 189    26 220
21  -8 -21 -14  -2  79   0    M    M    M  6.0 15  60   M    M   1 18     17  70
22   5 -19  -7   5  72   0    M    M    M 23.3 37  70   M    M   6 189    42  60
23  13   5   9  21  56   0    M    M    M 12.7 33  80   M    M   9 19     39  80
================================================================================
SM  171 -136      1471   0  0.27     4.0 311.2          M      135
================================================================================
AV  7.4 -5.9                              13.5 FASTST   M    M   6    MAX(MPH)
                                 MISC ---->  # 37  70               # 42   60
================================================================================
NOTES:
# LAST OF SEVERAL OCCURRENCES

COLUMN 17 PEAK WIND IN M.P.H.

PRELIMINARY LOCAL CLIMATOLOGICAL DATA (WS FORM: F-6) , PAGE 2

                                          STATION:  UTQIAGVIK (BARROW) AK
                                          MONTH:    MARCH
                                          YEAR:     2019
                                          LATITUDE:   71 17 N
                                          LONGITUDE: 156 47 W

[TEMPERATURE DATA]      [PRECIPITATION DATA]       SYMBOLS USED IN COLUMN 16

AVERAGE MONTHLY:  0.8   TOTAL FOR MONTH:   0.27    1 = FOG OR MIST
DPTR FM NORMAL:  14.2   DPTR FM NORMAL:    0.21    2 = FOG REDUCING VISIBILITY
HIGHEST:    23 ON  3, 2 GRTST 24HR  0.18 ON 18-18      TO 1/4 MILE OR LESS
LOWEST:    -22 ON 13                               3 = THUNDER
                        SNOW, ICE PELLETS, HAIL    4 = ICE PELLETS
                        TOTAL MONTH:   4.0 INCHES  5 = HAIL
                        GRTST 24HR   3.4 ON 18-18  6 = FREEZING RAIN OR DRIZZLE
                        GRTST DEPTH:  10 ON 20,19  7 = DUSTSTORM OR SANDSTORM:
                                                       VSBY 1/2 MILE OR LESS
                                                   8 = SMOKE OR HAZE
[NO. OF DAYS WITH]      [WEATHER - DAYS WITH]      9 = BLOWING SNOW
                                                   X = TORNADO
MAX 32 OR BELOW:  23    0.01 INCH OR MORE:   6
MAX 90 OR ABOVE:   0    0.10 INCH OR MORE:   1
MIN 32 OR BELOW:  23    0.50 INCH OR MORE:   0
MIN  0 OR BELOW:  15    1.00 INCH OR MORE:   0

[HDD (BASE 65) ]
TOTAL THIS MO.  1471    CLEAR  (SCALE 0-3)   7
DPTR FM NORMAL  -335    PTCLDY (SCALE 4-7)   7
TOTAL FM JUL 1 12953    CLOUDY (SCALE 8-10)  9
DPTR FM NORMAL -1710

[CDD (BASE 65) ]
TOTAL THIS MO.     0
DPTR FM NORMAL     0    [PRESSURE DATA]
TOTAL FM JAN 1     0    HIGHEST SLP M ON M
DPTR FM NORMAL     0    LOWEST  SLP 29.35 ON M

[REMARKS]
