890
CXUS53 KGRR 221017
CF6BTL
PRELIMINARY LOCAL CLIMATOLOGICAL DATA (WS FORM: F-6)

                                          STATION:   BATTLE CREEK
                                          MONTH:     MARCH
                                          YEAR:      2019
                                          LATITUDE:   42 17 N
                                          LONGITUDE:  85 14 W

  TEMPERATURE IN F:       :PCPN:    SNOW:  WIND      :SUNSHINE: SKY     :PK WND
================================================================================
1   2   3   4   5  6A  6B    7    8   9   10  11  12  13   14  15   16   17  18
                                     12Z  AVG MX 2MIN
DY MAX MIN AVG DEP HDD CDD  WTR  SNW DPTH SPD SPD DIR MIN PSBL S-S WX    SPD DR
================================================================================

 1  36  18  27  -3  38   0 0.00    M    M  1.6  7  60   M    M   9        11 110
 2  34  22  28  -2  37   0    T    M    M  6.6 18 290   M    M   7 18     22 300
 3  26  13  20 -11  45   0 0.00    M    M  6.8 18 300   M    M   7        23 320
 4  14   9  12 -19  53   0    T    M    M 13.6 24 270   M    M  10 18     31 270
 5  18   8  13 -18  52   0    T    M    M 15.4 24 260   M    M   9 18     35 290
 6  23  10  17 -15  48   0    T    M    M  7.8 23 240   M    M   8 18     30 230
 7  28   9  19 -13  46   0    T    M    M  4.6 16 310   M    M   3 1      24 310
 8  40  13  27  -5  38   0 0.00    M    M  2.4 10 210   M    M   2        13 150
 9  41  23  32  -1  33   0 0.40    M    M 11.4 26 110   M    M   3 1      39 130
10  46  31  39   6  26   0 0.03    M    M 22.5 33 270   M    M   9 1      49 280
11  37  24  31  -3  34   0 0.00    M    M 13.4 23 300   M    M   0        30 290
12  46  20  33  -1  32   0 0.00    M    M  6.4 10 160   M    M   0        16 210
13  54  37  46  12  19   0 0.10    M    M  9.6 16 170   M    M   7 1      22 180
14  64  42  53  18  12   0 0.71    M    M 18.3 39 260   M    M   6 13     56 250
15  43  31  37   2  28   0 0.08    M    M 15.8 31 240   M    M  10 1      46 240
16  36  22  29  -7  36   0 0.01    M    M  9.8 22 290   M    M   7        31 300
17  37  18  28  -8  37   0    T    M    M  5.6 14 200   M    M   5 18     25 210
18  43  21  32  -4  33   0 0.00    M    M  4.7 13 270   M    M   2        17 270
19  49  22  36  -1  29   0 0.00    M    M  6.6 20 240   M    M   2        24 240
20  41  32  37   0  28   0 0.36    M    M  9.5 20 210   M    M   7 1      27 210
21  41  32  37  -1  28   0 0.00  0.0    0  7.7 18 280   M    M  10 12     24 280
================================================================================
SM  797  457       732   0  1.69     0.0 200.1          M      123
================================================================================
AV 38.0 21.8                               9.5 FASTST   M    M   6    MAX(MPH)
                                 MISC ---->  # 39 260               # 56  250
================================================================================
NOTES:
# LAST OF SEVERAL OCCURRENCES

COLUMN 17 PEAK WIND IN M.P.H.

PRELIMINARY LOCAL CLIMATOLOGICAL DATA (WS FORM: F-6) , PAGE 2

                                          STATION:  BATTLE CREEK
                                          MONTH:    MARCH
                                          YEAR:     2019
                                          LATITUDE:   42 17 N
                                          LONGITUDE:  85 14 W

[TEMPERATURE DATA]      [PRECIPITATION DATA]       SYMBOLS USED IN COLUMN 16

AVERAGE MONTHLY: 29.9   TOTAL FOR MONTH:   1.69    1 = FOG OR MIST
DPTR FM NORMAL:  -3.8   DPTR FM NORMAL:    0.49    2 = FOG REDUCING VISIBILITY
HIGHEST:    64 ON 14    GRTST 24HR  0.71 ON 14-14      TO 1/4 MILE OR LESS
LOWEST:      8 ON  5                               3 = THUNDER
                        SNOW, ICE PELLETS, HAIL    4 = ICE PELLETS
                        TOTAL MONTH:   0.0 INCH    5 = HAIL
                        GRTST 24HR     0.0         6 = FREEZING RAIN OR DRIZZLE
                        GRTST DEPTH:   0           7 = DUSTSTORM OR SANDSTORM:
                                                       VSBY 1/2 MILE OR LESS
                                                   8 = SMOKE OR HAZE
[NO. OF DAYS WITH]      [WEATHER - DAYS WITH]      9 = BLOWING SNOW
                                                   X = TORNADO
MAX 32 OR BELOW:   5    0.01 INCH OR MORE:   7
MAX 90 OR ABOVE:   0    0.10 INCH OR MORE:   4
MIN 32 OR BELOW:  19    0.50 INCH OR MORE:   1
MIN  0 OR BELOW:   0    1.00 INCH OR MORE:   0

[HDD (BASE 65) ]
TOTAL THIS MO.   732    CLEAR  (SCALE 0-3)   6
DPTR FM NORMAL    73    PTCLDY (SCALE 4-7)   9
TOTAL FM JUL 1  5446    CLOUDY (SCALE 8-10)  6
DPTR FM NORMAL  -178

[CDD (BASE 65) ]
TOTAL THIS MO.     0
DPTR FM NORMAL     0    [PRESSURE DATA]
TOTAL FM JAN 1     0    HIGHEST SLP M ON M
DPTR FM NORMAL     0    LOWEST  SLP 29.31 ON 14

[REMARKS]
