000
CXUS53 KGRR 221017
CF6BTL
PRELIMINARY LOCAL CLIMATOLOGICAL DATA (WS FORM: F-6)

                                          STATION:   BATTLE CREEK
                                          MONTH:     MAY
                                          YEAR:      2019
                                          LATITUDE:   42 17 N
                                          LONGITUDE:  85 14 W

  TEMPERATURE IN F:       :PCPN:    SNOW:  WIND      :SUNSHINE: SKY     :PK WND
================================================================================
1   2   3   4   5  6A  6B    7    8   9   10  11  12  13   14  15   16   17  18
                                     12Z  AVG MX 2MIN
DY MAX MIN AVG DEP HDD CDD  WTR  SNW DPTH SPD SPD DIR MIN PSBL S-S WX    SPD DR
================================================================================

 1  64  45  55   1  10   0 0.41    M    M 11.2 29 230   M    M   9 1      38 240
 2  63  46  55   1  10   0 0.07    M    M  5.2 13  10   M    M  10 1      16 310
 3  54  45  50  -4  15   0 0.00    M    M  8.6 14 130   M    M  10 1      20 130
 4  65  44  55   0  10   0 0.01    M    M  3.2 12  20   M    M   3        15  20
 5  72  41  57   2   8   0 0.00    M    M  4.3 14 290   M    M   0        18 290
 6  75  49  62   7   3   0    T    M    M  6.8 21 250   M    M   7        28 310
 7  54  43  49  -7  16   0 0.54    M    M  7.8 16  40   M    M   8 1      21  50
 8  62  43  53  -3  12   0    T    M    M 12.5 23 110   M    M   6        33 100
 9  75  50  63   7   2   0 0.22    M    M 12.7 26 240   M    M   8 1      36 240
10  55  41  48  -8  17   0 0.00    M    M  9.7 20 300   M    M   6        27 270
11  55  37  46 -11  19   0 0.04    M    M  6.5 15  90   M    M   6        22  90
12  53  42  48  -9  17   0 0.14    M    M  8.7 14  20   M    M  10 1      20  30
13  58  42  50  -7  15   0 0.24    M    M  7.9 17 360   M    M   8 1      22 360
14  68  36  52  -6  13   0 0.00    M    M  4.8 15 300   M    M   0        20 300
15  73  42  58   0   7   0 0.00    M    M  7.6 21 280   M    M   2        28 290
16  76  51  64   6   1   0 0.06    M    0  8.6 28 210   M    M   4 13     37 210
17  68  59  64   6   1   0 0.02    M    M  4.6 15  30   M    M   9 1      20  20
18  81  54  68   9   0   3 0.51    M    0  9.4 29 260   M    M   5 1      43 240
19  74  59  67   8   0   2 0.81    M    M 11.2 31 210   M    M   7 13     48 180
20  58  39  49 -10  16   0 0.01    M    M 11.0 22 300   M    M   9 1      31 290
21  58  37  48 -12  17   0 0.00    M    0  7.5 15  90   M    M   4        24  70
================================================================================
SM 1361  945       209   5  3.08    M    169.8          M      131
================================================================================
AV 64.8 45.0                               8.1 FASTST   M    M   6    MAX(MPH)
                                 MISC ---->  # 31 210               # 48  180
================================================================================
NOTES:
# LAST OF SEVERAL OCCURRENCES

COLUMN 17 PEAK WIND IN M.P.H.

PRELIMINARY LOCAL CLIMATOLOGICAL DATA (WS FORM: F-6) , PAGE 2

                                          STATION:  BATTLE CREEK
                                          MONTH:    MAY
                                          YEAR:     2019
                                          LATITUDE:   42 17 N
                                          LONGITUDE:  85 14 W

[TEMPERATURE DATA]      [PRECIPITATION DATA]       SYMBOLS USED IN COLUMN 16

AVERAGE MONTHLY: 54.9   TOTAL FOR MONTH:   3.08    1 = FOG OR MIST
DPTR FM NORMAL:  -1.8   DPTR FM NORMAL:    0.58    2 = FOG REDUCING VISIBILITY
HIGHEST:    81 ON 18    GRTST 24HR  0.81 ON 19-19      TO 1/4 MILE OR LESS
LOWEST:     36 ON 14                               3 = THUNDER
                        SNOW, ICE PELLETS, HAIL    4 = ICE PELLETS
                        TOTAL MONTH:    M          5 = HAIL
                        GRTST 24HR    M  ON   M    6 = FREEZING RAIN OR DRIZZLE
                        GRTST DEPTH:   0           7 = DUSTSTORM OR SANDSTORM:
                                                       VSBY 1/2 MILE OR LESS
                                                   8 = SMOKE OR HAZE
[NO. OF DAYS WITH]      [WEATHER - DAYS WITH]      9 = BLOWING SNOW
                                                   X = TORNADO
MAX 32 OR BELOW:   0    0.01 INCH OR MORE:  13
MAX 90 OR ABOVE:   0    0.10 INCH OR MORE:   7
MIN 32 OR BELOW:   0    0.50 INCH OR MORE:   3
MIN  0 OR BELOW:   0    1.00 INCH OR MORE:   0

[HDD (BASE 65) ]
TOTAL THIS MO.   209    CLEAR  (SCALE 0-3)   4
DPTR FM NORMAL    17    PTCLDY (SCALE 4-7)  11
TOTAL FM JUL 1  6417    CLOUDY (SCALE 8-10)  6
DPTR FM NORMAL  -164

[CDD (BASE 65) ]
TOTAL THIS MO.     5
DPTR FM NORMAL   -10    [PRESSURE DATA]
TOTAL FM JAN 1     5    HIGHEST SLP M ON M
DPTR FM NORMAL   -17    LOWEST  SLP 29.56 ON 19

[REMARKS]
