000
CXUS55 KMSO 230900
CF6BTM
PRELIMINARY LOCAL CLIMATOLOGICAL DATA (WS FORM: F-6)

                                          STATION:   BUTTE MT
                                          MONTH:     MARCH
                                          YEAR:      2019
                                          LATITUDE:   45 57 N
                                          LONGITUDE: 112 30 W

  TEMPERATURE IN F:       :PCPN:    SNOW:  WIND      :SUNSHINE: SKY     :PK WND
================================================================================
1   2   3   4   5  6A  6B    7    8   9   10  11  12  13   14  15   16   17  18
                                     12Z  AVG MX 2MIN
DY MAX MIN AVG DEP HDD CDD  WTR  SNW DPTH SPD SPD DIR MIN PSBL S-S WX    SPD DR
================================================================================

 1  23 -15   4 -22  61   0    T    M    M  3.9 14 320   M    M   7 18     17 320
 2   4  -8  -2 -28  67   0 0.01    M    M  4.7 17 150   M    M   8 8      19 160
 3   2 -27 -12 -39  77   0    T    M    M  3.8  9 310   M    M   3 18     11 310
 4  12 -30  -9 -36  74   0 0.00    M    M  1.4  7 310   M    M   3 18      8 310
 5  20 -23  -1 -29  66   0 0.00    M    M  2.1  9 130   M    M   1 18      9 130
 6  27  14  21  -7  44   0 0.10    M    M  6.9 18 150   M    M   8 1      25 150
 7  34   7  21  -7  44   0 0.06    M    M  3.7 13 330   M    M   6 128    17 320
 8  26  -4  11 -18  54   0 0.00    M    M  1.9 12 300   M    M   6 128    13 300
 9  29  -1  14 -15  51   0    T    M    M  4.3 12 340   M    M   6 18     13 340
10  29 -14   8 -22  57   0 0.00    M    M  3.0 10 330   M    M   0        13 320
11  30 -15   8 -22  57   0 0.00    M    M  2.8  8 150   M    M   0 18      9 100
12  37 -11  13 -17  52   0 0.00    M    M  2.6 14  30   M    M   3        17  20
13  32  21  27  -4  38   0 0.04    M    M  9.0 18  20   M    M   9 18     24  30
14  34   4  19 -12  46   0    T    M    M  4.9 12 310   M    M   4 1      15 300
15  41  -2  20 -11  45   0 0.00    M    M  2.4 13 320   M    M   3 8      14 320
16  42   5  24  -8  41   0 0.00    M    M  3.2 12 340   M    M   0        14 330
17  43   5  24  -8  41   0 0.00    M    M  2.8  9 150   M    M   0        10 150
18  46   3  25  -7  40   0 0.00    M    M  1.9  8 160   M    M   0         9 150
19  49   6  28  -5  37   0 0.00    M    M  2.9  9 320   M    M   0        11 320
20  54   8  31  -2  34   0 0.00    M    M  2.8  8 120   M    M   0        11 300
21  55  12  34   1  31   0 0.00    M    M  3.8 18 170   M    M   0        22 160
22  52  16  34   0  31   0 0.00    M    M  3.8 18 200   M    M   3        23 190
================================================================================
SM  721  -49      1088   0  0.21    M     78.6          M       70
================================================================================
AV 32.8 -2.2                               3.6 FASTST   M    M   3    MAX(MPH)
                                 MISC ---->  # 18 150               # 25  150
================================================================================
NOTES:
# LAST OF SEVERAL OCCURRENCES

COLUMN 17 PEAK WIND IN M.P.H.

PRELIMINARY LOCAL CLIMATOLOGICAL DATA (WS FORM: F-6) , PAGE 2

                                          STATION:  BUTTE MT
                                          MONTH:    MARCH
                                          YEAR:     2019
                                          LATITUDE:   45 57 N
                                          LONGITUDE: 112 30 W

[TEMPERATURE DATA]      [PRECIPITATION DATA]       SYMBOLS USED IN COLUMN 16

AVERAGE MONTHLY: 15.3   TOTAL FOR MONTH:   0.21    1 = FOG OR MIST
DPTR FM NORMAL: -14.7   DPTR FM NORMAL:   -0.29    2 = FOG REDUCING VISIBILITY
HIGHEST:    55 ON 21    GRTST 24HR  0.10 ON  6- 6      TO 1/4 MILE OR LESS
LOWEST:    -30 ON  4                               3 = THUNDER
                        SNOW, ICE PELLETS, HAIL    4 = ICE PELLETS
                        TOTAL MONTH:    M          5 = HAIL
                        GRTST 24HR    M  ON   M    6 = FREEZING RAIN OR DRIZZLE
                        GRTST DEPTH:  M  ON   M    7 = DUSTSTORM OR SANDSTORM:
                                                       VSBY 1/2 MILE OR LESS
                                                   8 = SMOKE OR HAZE
[NO. OF DAYS WITH]      [WEATHER - DAYS WITH]      9 = BLOWING SNOW
                                                   X = TORNADO
MAX 32 OR BELOW:  11    0.01 INCH OR MORE:   4
MAX 90 OR ABOVE:   0    0.10 INCH OR MORE:   1
MIN 32 OR BELOW:  22    0.50 INCH OR MORE:   0
MIN  0 OR BELOW:  11    1.00 INCH OR MORE:   0

[HDD (BASE 65) ]
TOTAL THIS MO.  1088    CLEAR  (SCALE 0-3)  13
DPTR FM NORMAL   318    PTCLDY (SCALE 4-7)   8
TOTAL FM JUL 1  7845    CLOUDY (SCALE 8-10)  1
DPTR FM NORMAL   506

[CDD (BASE 65) ]
TOTAL THIS MO.     0
DPTR FM NORMAL     0    [PRESSURE DATA]
TOTAL FM JAN 1     0    HIGHEST SLP M ON M
DPTR FM NORMAL     0    LOWEST  SLP 29.71 ON 12

[REMARKS]
