000
CXUS55 KLIX 231000
CF6BTR
PRELIMINARY LOCAL CLIMATOLOGICAL DATA (WS FORM: F-6)

                                          STATION:   BATON ROUGE  ASOS
                                          MONTH:     MARCH
                                          YEAR:      2019
                                          LATITUDE:   30 31 N
                                          LONGITUDE:  91  9 W

  TEMPERATURE IN F:       :PCPN:    SNOW:  WIND      :SUNSHINE: SKY     :PK WND
================================================================================
1   2   3   4   5  6A  6B    7    8   9   10  11  12  13   14  15   16   17  18
                                     12Z  AVG MX 2MIN
DY MAX MIN AVG DEP HDD CDD  WTR  SNW DPTH SPD SPD DIR MIN PSBL S-S WX    SPD DR
================================================================================

 1  75  59  67   9   0   2 0.01  0.0    0  2.3 10 270   M    M   5 18     14 270
 2  72  63  68  10   0   3 0.00  0.0    0  2.4  9  80   M    M  10 18     13  80
 3  75  44  60   1   5   0 0.69    M    0 11.2 23 210   M    M  10 1238   30 220
 4  48  34  41 -18  24   0 0.04    M    0 10.9 21  30   M    M   9 1      27  30
 5  51  29  40 -19  25   0 0.00  0.0    0  7.3 16  10   M    M   2        22 310
 6  57  30  44 -15  21   0 0.00  0.0    0  3.6 13  80   M    M   0        18  70
 7  63  37  50 -10  15   0    T    M    0  7.7 15 130   M    M   8        19 120
 8  77  55  66   6   0   1    T  0.0    0 10.7 21 190   M    M   9        26 200
 9  81  67  74  14   0   9    T  0.0    0 13.2 24 200   M    M   9        33 190
10  83  69  76  16   0  11    T  0.0    0  5.0 15 180   M    M   7 18     18 180
11  81  62  72  12   0   7    T  0.0    0  7.5 18 200   M    M   6 18     23 220
12  79  58  69   8   0   4 0.00  0.0    0  8.7 14 100   M    M   4        17  70
13  85  62  74  13   0   9 0.00  0.0    0 15.9 30 170   M    M   9 1      40 180
14  81  63  72  11   0   7 0.07  0.0    0 12.1 25 190   M    M   9 18     33 190
15  65  51  58  -3   7   0 0.10  0.0    0  7.2 14 330   M    M   6 13     20 340
16  63  50  57  -5   8   0    T  0.0    0  7.1 15  20   M    M   3        19  20
17  63  43  53  -9  12   0 0.00  0.0    0  6.6 14  60   M    M   1        20  40
18  67  42  55  -7  10   0 0.00  0.0    0  5.4 14  70   M    M   0        17  40
19  70  44  57  -5   8   0 0.00  0.0    0  7.9 18  20   M    M   0 8      25  50
20  70  38  54  -8  11   0 0.00  0.0    0  3.4 14 230   M    M   0        26 170
21  72  42  57  -6   8   0 0.00  0.0    0  5.5 21 270   M    M   1        33 310
22  76  44  60  -3   5   0 0.00  0.0    0  4.3 14 260   M    M   0 18     17 260
================================================================================
SM 1554 1086       159  53  0.91     0.0 165.9          M      108
================================================================================
AV 70.6 49.4                               7.5 FASTST   M    M   5    MAX(MPH)
                                 MISC ---->  # 30 170               # 40  180
================================================================================
NOTES:
# LAST OF SEVERAL OCCURRENCES

COLUMN 17 PEAK WIND IN M.P.H.

PRELIMINARY LOCAL CLIMATOLOGICAL DATA (WS FORM: F-6) , PAGE 2

                                          STATION:  BATON ROUGE  ASOS
                                          MONTH:    MARCH
                                          YEAR:     2019
                                          LATITUDE:   30 31 N
                                          LONGITUDE:  91  9 W

[TEMPERATURE DATA]      [PRECIPITATION DATA]       SYMBOLS USED IN COLUMN 16

AVERAGE MONTHLY: 60.0   TOTAL FOR MONTH:   0.91    1 = FOG OR MIST
DPTR FM NORMAL:  -0.5   DPTR FM NORMAL:   -2.15    2 = FOG REDUCING VISIBILITY
HIGHEST:    85 ON 13    GRTST 24HR  0.69 ON  3- 3      TO 1/4 MILE OR LESS
LOWEST:     29 ON  5                               3 = THUNDER
                        SNOW, ICE PELLETS, HAIL    4 = ICE PELLETS
                        TOTAL MONTH:   0.0 INCH    5 = HAIL
                        GRTST 24HR     0.0         6 = FREEZING RAIN OR DRIZZLE
                        GRTST DEPTH:   0           7 = DUSTSTORM OR SANDSTORM:
                                                       VSBY 1/2 MILE OR LESS
                                                   8 = SMOKE OR HAZE
[NO. OF DAYS WITH]      [WEATHER - DAYS WITH]      9 = BLOWING SNOW
                                                   X = TORNADO
MAX 32 OR BELOW:   0    0.01 INCH OR MORE:   5
MAX 90 OR ABOVE:   0    0.10 INCH OR MORE:   2
MIN 32 OR BELOW:   2    0.50 INCH OR MORE:   1
MIN  0 OR BELOW:   0    1.00 INCH OR MORE:   0

[HDD (BASE 65) ]
TOTAL THIS MO.   159    CLEAR  (SCALE 0-3)   9
DPTR FM NORMAL    25    PTCLDY (SCALE 4-7)   5
TOTAL FM JUL 1  1307    CLOUDY (SCALE 8-10)  8
DPTR FM NORMAL  -162

[CDD (BASE 65) ]
TOTAL THIS MO.    53
DPTR FM NORMAL    16    [PRESSURE DATA]
TOTAL FM JAN 1   120    HIGHEST SLP M ON M
DPTR FM NORMAL    52    LOWEST  SLP 29.80 ON 13

[REMARKS]
