000
CXUS51 KBTV 250700
CF6BTV
PRELIMINARY LOCAL CLIMATOLOGICAL DATA (WS FORM: F-6)

                                          STATION:   BURLINGTON VT
                                          MONTH:     MARCH
                                          YEAR:      2019
                                          LATITUDE:   44 28 N
                                          LONGITUDE:  73  9 W

  TEMPERATURE IN F:       :PCPN:    SNOW:  WIND      :SUNSHINE: SKY     :PK WND
================================================================================
1   2   3   4   5  6A  6B    7    8   9   10  11  12  13   14  15   16   17  18
                                     12Z  AVG MX 2MIN
DY MAX MIN AVG DEP HDD CDD  WTR  SNW DPTH SPD SPD DIR MIN PSBL S-S WX    SPD DR
================================================================================

 1  33   5  19  -6  46   0 0.00  0.0    7  2.8 13 220   M    M   1        16 190
 2  35  18  27   1  38   0    T    T    7  5.2  9 310   M    M   6        11 310
 3  35  20  28   2  37   0 0.04  0.7    7  3.5 14 180   M    M   9 18     18 170
 4  30  18  24  -2  41   0 0.06  1.0    8  8.5 18 290   M    M   8 18     25 280
 5  23  10  17 -10  48   0    T  0.1    8  6.9 15 190   M    M   6        21 290
 6  17  10  14 -13  51   0 0.01  0.1    8  8.2 18 330   M    M   5        22 330
 7  19   8  14 -13  51   0    T    T    8  5.2 13 280   M    M   7 8      17 280
 8  32   0  16 -12  49   0 0.00  0.0    8  7.4 18 190   M    M   2        23 200
 9  34  14  24  -4  41   0 0.00  0.0    7  5.2 13 350   M    M   1        15 350
10  37  16  27  -1  38   0 0.10  0.8    6 10.8 24 140   M    M   8 148    31 140
11  40  29  35   6  30   0 0.07  0.8    5 12.4 21 270   M    M   9 1      32 280
12  33  21  27  -2  38   0 0.00  0.0    5  9.8 20 330   M    M   6        26 320
13  38  18  28  -2  37   0 0.32  3.4    6  6.5 21 190   M    M   6 1      27 210
14  54  32  43  13  22   0 0.00  0.0    4  7.8 23 180   M    M   9 1      32 180
15  58  43  51  21  14   0 0.12    M    1 12.2 24 190   M    M   7 1      32 190
16  46  27  37   6  28   0 0.02  1.0    2 11.8 26 280   M    M   9 1      38 260
17  31  22  27  -4  38   0    T    T    1 10.0 18 280   M    M   8 1      27 290
18  36  18  27  -5  38   0 0.00  0.0    1  4.6 13 330   M    M   3        19 330
19  37  18  28  -4  37   0 0.00  0.0    T  3.3 14 340   M    M   2        17 320
20  50  20  35   3  30   0 0.00  0.0    T  7.0 13 180   M    M   3        22 180
21  49  37  43  10  22   0 0.05  0.0    T 12.9 23 190   M    M   9        31 180
22  37  32  35   2  30   0 1.07  3.7    4 10.5 25 320   M    M  10 1      32 320
23  35  21  28  -6  37   0 0.12  3.0    6 11.4 30 320   M    M   6 1      34 320
24  49  15  32  -2  33   0 0.03  0.3    6  7.6 15 350   M    M   5 1      22 190
================================================================================
SM  888  472       874   0  2.01    14.9 191.5          M      145
================================================================================
AV 37.0 19.7                               8.0 FASTST   M    M   6    MAX(MPH)
                                 MISC ---->  # 30 320               # 38  260
================================================================================
NOTES:
# LAST OF SEVERAL OCCURRENCES

COLUMN 17 PEAK WIND IN M.P.H.

PRELIMINARY LOCAL CLIMATOLOGICAL DATA (WS FORM: F-6) , PAGE 2

                                          STATION:  BURLINGTON VT
                                          MONTH:    MARCH
                                          YEAR:     2019
                                          LATITUDE:   44 28 N
                                          LONGITUDE:  73  9 W

[TEMPERATURE DATA]      [PRECIPITATION DATA]       SYMBOLS USED IN COLUMN 16

AVERAGE MONTHLY: 28.3   TOTAL FOR MONTH:   2.01    1 = FOG OR MIST
DPTR FM NORMAL:  -1.2   DPTR FM NORMAL:    0.32    2 = FOG REDUCING VISIBILITY
HIGHEST:    58 ON 15    GRTST 24HR  1.07 ON 22-22      TO 1/4 MILE OR LESS
LOWEST:      0 ON  8                               3 = THUNDER
                        SNOW, ICE PELLETS, HAIL    4 = ICE PELLETS
                        TOTAL MONTH:  14.9 INCHES  5 = HAIL
                        GRTST 24HR   3.7 ON 22-22  6 = FREEZING RAIN OR DRIZZLE
                        GRTST DEPTH:   8 ON  8, 7  7 = DUSTSTORM OR SANDSTORM:
                                                       VSBY 1/2 MILE OR LESS
                                                   8 = SMOKE OR HAZE
[NO. OF DAYS WITH]      [WEATHER - DAYS WITH]      9 = BLOWING SNOW
                                                   X = TORNADO
MAX 32 OR BELOW:   6    0.01 INCH OR MORE:  12
MAX 90 OR ABOVE:   0    0.10 INCH OR MORE:   5
MIN 32 OR BELOW:  22    0.50 INCH OR MORE:   1
MIN  0 OR BELOW:   1    1.00 INCH OR MORE:   1

[HDD (BASE 65) ]
TOTAL THIS MO.   874    CLEAR  (SCALE 0-3)   5
DPTR FM NORMAL    22    PTCLDY (SCALE 4-7)  13
TOTAL FM JUL 1  6262    CLOUDY (SCALE 8-10)  6
DPTR FM NORMAL     0

[CDD (BASE 65) ]
TOTAL THIS MO.     0
DPTR FM NORMAL     0    [PRESSURE DATA]
TOTAL FM JAN 1     0    HIGHEST SLP M ON M
DPTR FM NORMAL     0    LOWEST  SLP 29.16 ON 22

[REMARKS]
