000
CXUS51 KBUF 201205
CF6BUF
PRELIMINARY LOCAL CLIMATOLOGICAL DATA (WS FORM: F-6)

                                          STATION:   BUFFALO NY
                                          MONTH:     MAY
                                          YEAR:      2019
                                          LATITUDE:   42 55 N
                                          LONGITUDE:  78 44 W

  TEMPERATURE IN F:       :PCPN:    SNOW:  WIND      :SUNSHINE: SKY     :PK WND
================================================================================
1   2   3   4   5  6A  6B    7    8   9   10  11  12  13   14  15   16   17  18
                                     12Z  AVG MX 2MIN
DY MAX MIN AVG DEP HDD CDD  WTR  SNW DPTH SPD SPD DIR MIN PSBL S-S WX    SPD DR
================================================================================

 1  78  43  61   9   4   0 0.55  0.0    0 12.6 22 260   M    M   9 1      29 270
 2  58  49  54   2  11   0    T  0.0    0  5.8 13 200   M    M  10 128    14 220
 3  54  47  51  -2  14   0 0.15  0.0    0  5.9 14 340   M    M  10 1      16 340
 4  54  46  50  -3  15   0 0.01  0.0    0  6.1 12 100   M    M  10 1      14  50
 5  65  43  54   1  11   0 0.00  0.0    0  6.9 14  50   M    M   6 12     17  60
 6  67  43  55   1  10   0    T  0.0    0 10.5 18 220   M    M   4 1      24 250
 7  56  42  49  -5  16   0 0.21  0.0    0  6.2 15 340   M    M   8 1      19 340
 8  56  39  48  -6  17   0 0.00  0.0    0 13.9 23  50   M    M   3        31  60
 9  77  48  63   8   2   0 0.40  0.0    0 13.2 29 170   M    M   8 18     35 170
10  64  43  54  -1  11   0 0.57  0.0    0 13.7 29 220   M    M  10 128    37 230
11  58  39  49  -6  16   0 0.00  0.0    0  6.2 17  40   M    M   6        21  50
12  49  43  46 -10  19   0 0.09  0.0    0 15.4 23  70   M    M  10 1      28  60
13  50  43  47  -9  18   0 0.42  0.0    0  8.9 16 220   M    M  10 1      21 240
14  49  40  45 -11  20   0 0.04  0.0    0  9.6 18 240   M    M   9 1      24 240
15  58  40  49  -8  16   0 0.34  0.0    0 12.1 24 230   M    M   6 13     30 220
16  65  43  54  -3  11   0    T  0.0    0  7.6 16 210   M    M   6 1      20 210
17  67  48  58   1   7   0    T  0.0    0  8.4 18 250   M    M   8        24 210
18  69  41  55  -3  10   0 0.00  0.0    0  6.4 14  60   M    M   6        17  30
19  83  56  70  12   0   5 0.10  0.0    0 10.8 24 240   M    M   7 13     33 240
================================================================================
SM 1177  836       228   5  2.88     0.0 180.2          M      146
================================================================================
AV 62.0 44.0                               9.5 FASTST   M    M   8    MAX(MPH)
                                 MISC ---->  # 29 170               # 37  230
================================================================================
NOTES:
# LAST OF SEVERAL OCCURRENCES

COLUMN 17 PEAK WIND IN M.P.H.

PRELIMINARY LOCAL CLIMATOLOGICAL DATA (WS FORM: F-6) , PAGE 2

                                          STATION:  BUFFALO NY
                                          MONTH:    MAY
                                          YEAR:     2019
                                          LATITUDE:   42 55 N
                                          LONGITUDE:  78 44 W

[TEMPERATURE DATA]      [PRECIPITATION DATA]       SYMBOLS USED IN COLUMN 16

AVERAGE MONTHLY: 53.0   TOTAL FOR MONTH:   2.88    1 = FOG OR MIST
DPTR FM NORMAL:  -2.0   DPTR FM NORMAL:    0.87    2 = FOG REDUCING VISIBILITY
HIGHEST:    83 ON 19    GRTST 24HR  0.57 ON 10-10      TO 1/4 MILE OR LESS
LOWEST:     39 ON 11, 8                            3 = THUNDER
                        SNOW, ICE PELLETS, HAIL    4 = ICE PELLETS
                        TOTAL MONTH:   0.0 INCH    5 = HAIL
                        GRTST 24HR     0.0         6 = FREEZING RAIN OR DRIZZLE
                        GRTST DEPTH:   0           7 = DUSTSTORM OR SANDSTORM:
                                                       VSBY 1/2 MILE OR LESS
                                                   8 = SMOKE OR HAZE
[NO. OF DAYS WITH]      [WEATHER - DAYS WITH]      9 = BLOWING SNOW
                                                   X = TORNADO
MAX 32 OR BELOW:   0    0.01 INCH OR MORE:  11
MAX 90 OR ABOVE:   0    0.10 INCH OR MORE:   8
MIN 32 OR BELOW:   0    0.50 INCH OR MORE:   2
MIN  0 OR BELOW:   0    1.00 INCH OR MORE:   0

[HDD (BASE 65) ]
TOTAL THIS MO.   228    CLEAR  (SCALE 0-3)   1
DPTR FM NORMAL    30    PTCLDY (SCALE 4-7)   9
TOTAL FM JUL 1  6604    CLOUDY (SCALE 8-10)  9
DPTR FM NORMAL   125

[CDD (BASE 65) ]
TOTAL THIS MO.     5
DPTR FM NORMAL    -2    [PRESSURE DATA]
TOTAL FM JAN 1     5    HIGHEST SLP M ON M
DPTR FM NORMAL    -5    LOWEST  SLP 29.64 ON 17

[REMARKS]
