000
CXUS51 KBUF 221205
CF6BUF
PRELIMINARY LOCAL CLIMATOLOGICAL DATA (WS FORM: F-6)

                                          STATION:   BUFFALO NY
                                          MONTH:     MARCH
                                          YEAR:      2019
                                          LATITUDE:   42 55 N
                                          LONGITUDE:  78 44 W

  TEMPERATURE IN F:       :PCPN:    SNOW:  WIND      :SUNSHINE: SKY     :PK WND
================================================================================
1   2   3   4   5  6A  6B    7    8   9   10  11  12  13   14  15   16   17  18
                                     12Z  AVG MX 2MIN
DY MAX MIN AVG DEP HDD CDD  WTR  SNW DPTH SPD SPD DIR MIN PSBL S-S WX    SPD DR
================================================================================

 1  36  10  23  -6  42   0 0.00  0.0    4  4.1 12  40   M    M   7        14  40
 2  33  20  27  -2  38   0 0.09  1.6    2  6.6 14 290   M    M   9 12     20 290
 3  29  19  24  -6  41   0 0.05  1.0    3  5.4 10 230   M    M   9 1      13 230
 4  22  12  17 -13  48   0 0.10  2.3    4 13.6 30 240   M    M   9 189    37 230
 5  16   7  12 -18  53   0 0.02  0.5    5 16.0 33 230   M    M   6 189    42 240
 6  14   9  12 -18  53   0    T  0.1    5 13.1 24 240   M    M   6 1      32 230
 7  21   7  14 -17  51   0 0.04  0.7    5  9.9 21 230   M    M   7 1      29 240
 8  32   6  19 -12  46   0 0.00  0.0    5  5.6 12 230   M    M   3        14 220
 9  41  11  26  -6  39   0    T  0.0    4  9.9 21  70   M    M   4        26  70
10  42  34  38   6  27   0 0.64  0.0    1 26.0 41 240   M    M  10 1      57 230
11  35  28  32   0  33   0    T    T    T 19.2 30 250   M    M   9        39 260
12  32  24  28  -4  37   0    T    T    T 11.0 20 210   M    M   6        24 220
13  50  24  37   4  28   0    T  0.0    T  4.9 12 210   M    M   7        12 210
14  66  39  53  20  12   0 0.12  0.0    0  9.2 39 200   M    M   9 1      49 180
15  59  33  46  12  19   0 0.08    T    0 22.2 35 240   M    M   8 1      45 240
16  35  27  31  -3  34   0 0.02  0.1    T 15.6 28 270   M    M   8 18     38 270
17  32  24  28  -6  37   0    T    T    T 11.3 20 210   M    M   6        27 220
18  36  22  29  -5  36   0 0.02  0.8    0 10.5 25 240   M    M   6 128    31 240
19  42  28  35   0  30   0    T  0.2    T  9.5 20 240   M    M   4 1      24 250
20  50  28  39   4  26   0    T  0.0    0  7.1 18 230   M    M   5        26 230
21  50  36  43   7  22   0 0.02  0.0    0  8.1 18 200   M    M  10 1      22 190
================================================================================
SM  773  448       752   0  1.20     7.3 238.8          M      148
================================================================================
AV 36.8 21.3                              11.4 FASTST   M    M   7    MAX(MPH)
                                 MISC ---->  # 41 240               # 57  230
================================================================================
NOTES:
# LAST OF SEVERAL OCCURRENCES

COLUMN 17 PEAK WIND IN M.P.H.

PRELIMINARY LOCAL CLIMATOLOGICAL DATA (WS FORM: F-6) , PAGE 2

                                          STATION:  BUFFALO NY
                                          MONTH:    MARCH
                                          YEAR:     2019
                                          LATITUDE:   42 55 N
                                          LONGITUDE:  78 44 W

[TEMPERATURE DATA]      [PRECIPITATION DATA]       SYMBOLS USED IN COLUMN 16

AVERAGE MONTHLY: 29.1   TOTAL FOR MONTH:   1.20    1 = FOG OR MIST
DPTR FM NORMAL:  -3.1   DPTR FM NORMAL:   -0.71    2 = FOG REDUCING VISIBILITY
HIGHEST:    66 ON 14    GRTST 24HR  0.64 ON 10-10      TO 1/4 MILE OR LESS
LOWEST:      6 ON  8                               3 = THUNDER
                        SNOW, ICE PELLETS, HAIL    4 = ICE PELLETS
                        TOTAL MONTH:   7.3 INCHES  5 = HAIL
                        GRTST 24HR   2.3 ON  4- 4  6 = FREEZING RAIN OR DRIZZLE
                        GRTST DEPTH:   5 ON  8, 7  7 = DUSTSTORM OR SANDSTORM:
                                                       VSBY 1/2 MILE OR LESS
                                                   8 = SMOKE OR HAZE
[NO. OF DAYS WITH]      [WEATHER - DAYS WITH]      9 = BLOWING SNOW
                                                   X = TORNADO
MAX 32 OR BELOW:   8    0.01 INCH OR MORE:  11
MAX 90 OR ABOVE:   0    0.10 INCH OR MORE:   3
MIN 32 OR BELOW:  17    0.50 INCH OR MORE:   1
MIN  0 OR BELOW:   0    1.00 INCH OR MORE:   0

[HDD (BASE 65) ]
TOTAL THIS MO.   752    CLEAR  (SCALE 0-3)   0
DPTR FM NORMAL    63    PTCLDY (SCALE 4-7)  14
TOTAL FM JUL 1  5497    CLOUDY (SCALE 8-10)  7
DPTR FM NORMAL    64

[CDD (BASE 65) ]
TOTAL THIS MO.     0
DPTR FM NORMAL     0    [PRESSURE DATA]
TOTAL FM JAN 1     0    HIGHEST SLP M ON M
DPTR FM NORMAL     0    LOWEST  SLP 29.51 ON 15

[REMARKS]
