000
CXUS56 KLOX 221655
CF6BUR
PRELIMINARY LOCAL CLIMATOLOGICAL DATA (WS FORM: F-6)

                                          STATION:   BOB HOPE AIRPORT (BURBANK) CA
                                          MONTH:     MAY
                                          YEAR:      2019
                                          LATITUDE:   34 12 N
                                          LONGITUDE: 118 22 W

  TEMPERATURE IN F:       :PCPN:    SNOW:  WIND      :SUNSHINE: SKY     :PK WND
================================================================================
1   2   3   4   5  6A  6B    7    8   9   10  11  12  13   14  15   16   17  18
                                     12Z  AVG MX 2MIN
DY MAX MIN AVG DEP HDD CDD  WTR  SNW DPTH SPD SPD DIR MIN PSBL S-S WX    SPD DR
================================================================================

 1  70  50  60  -4   5   0 0.00  0.0    0  4.1 14 200   M    M   1        26 210
 2  72  52  62  -2   3   0 0.00  0.0    0  4.8 12 180   M    M   0        16 120
 3  75  53  64   0   1   0 0.00  0.0    0  6.2 13 160   M    M   2 18     21 150
 4  74  56  65   1   0   0 0.00  0.0    0  6.1 15 160   M    M   4 18     19 150
 5  70  57  64   0   1   0 0.00  0.0    0  7.7 15 180   M    M   8        21 100
 6  67  54  61  -4   4   0 0.02  0.0    0  5.5 14 160   M    M   9 13     19  80
 7  63  55  59  -6   6   0 0.00  0.0    0  6.1 10 150   M    M  10 8      14 230
 8  63  57  60  -5   5   0 0.00  0.0    0  5.3 10 180   M    M  10        20 200
 9  63  57  60  -5   5   0    T  0.0    0  4.0  9 210   M    M  10        14 110
10  65  55  60  -5   5   0 0.07  0.0    0  2.9 12 140   M    M   8 1      20 110
11  76  56  66   1   0   1 0.15  0.0    0  4.5 13 150   M    M   3 13     16 150
12  76  56  66   1   0   1 0.00  0.0    0  5.3 13 180   M    M   2        16 160
13  72  60  66   1   0   1 0.00  0.0    0  5.9 12 180   M    M   6 18     15 150
14  75  59  67   2   0   2 0.00  0.0    0  5.9 14 180   M    M   5 18     18 220
15  67  58  63  -2   2   0 0.00  0.0    0  7.2 14 190   M    M   9 18     22 130
16  68  55  62  -4   3   0 0.28  0.0    0 10.1 22 240   M    M   7 1      26 280
17  72  50  61  -5   4   0 0.00  0.0    0  6.7 17 250   M    M   0        21 280
18  71  51  61  -5   4   0 0.01  0.0    0  5.3 15 180   M    M   3        19 200
19  63  50  57  -9   8   0 0.24  0.0    0  8.2 17 260   M    M   8 1      23 270
20  70  49  60  -6   5   0 0.00  0.0    0  8.1 16 170   M    M   4        21 330
21  65  54  60  -6   5   0 0.00  0.0    0  7.1 14 210   M    M   8        22  80
================================================================================
SM 1457 1144        66   5  0.77     0.0 126.9          M      117
================================================================================
AV 69.4 54.5                               6.0 FASTST   M    M   6    MAX(MPH)
                                 MISC ---->  # 22 240               # 26  210
================================================================================
NOTES:
# LAST OF SEVERAL OCCURRENCES

COLUMN 17 PEAK WIND IN M.P.H.

PRELIMINARY LOCAL CLIMATOLOGICAL DATA (WS FORM: F-6) , PAGE 2

                                          STATION:  BOB HOPE AIRPORT (BURBANK) CA
                                          MONTH:    MAY
                                          YEAR:     2019
                                          LATITUDE:   34 12 N
                                          LONGITUDE: 118 22 W

[TEMPERATURE DATA]      [PRECIPITATION DATA]       SYMBOLS USED IN COLUMN 16

AVERAGE MONTHLY: 61.9   TOTAL FOR MONTH:   0.77    1 = FOG OR MIST
DPTR FM NORMAL:  -3.1   DPTR FM NORMAL:    0.49    2 = FOG REDUCING VISIBILITY
HIGHEST:    76 ON 12,11 GRTST 24HR  0.28 ON 16-16      TO 1/4 MILE OR LESS
LOWEST:     49 ON 20                               3 = THUNDER
                        SNOW, ICE PELLETS, HAIL    4 = ICE PELLETS
                        TOTAL MONTH:   0.0 INCH    5 = HAIL
                        GRTST 24HR     0.0         6 = FREEZING RAIN OR DRIZZLE
                        GRTST DEPTH:   0           7 = DUSTSTORM OR SANDSTORM:
                                                       VSBY 1/2 MILE OR LESS
                                                   8 = SMOKE OR HAZE
[NO. OF DAYS WITH]      [WEATHER - DAYS WITH]      9 = BLOWING SNOW
                                                   X = TORNADO
MAX 32 OR BELOW:   0    0.01 INCH OR MORE:   6
MAX 90 OR ABOVE:   0    0.10 INCH OR MORE:   3
MIN 32 OR BELOW:   0    0.50 INCH OR MORE:   0
MIN  0 OR BELOW:   0    1.00 INCH OR MORE:   0

[HDD (BASE 65) ]
TOTAL THIS MO.    66    CLEAR  (SCALE 0-3)   6
DPTR FM NORMAL    19    PTCLDY (SCALE 4-7)   9
TOTAL FM JUL 1  1357    CLOUDY (SCALE 8-10)  6
DPTR FM NORMAL  -187

[CDD (BASE 65) ]
TOTAL THIS MO.     5
DPTR FM NORMAL   -37    [PRESSURE DATA]
TOTAL FM JAN 1    63    HIGHEST SLP M ON M
DPTR FM NORMAL   -30    LOWEST  SLP 29.71 ON 21

[REMARKS]
