000
CXUS56 KLOX 231655
CF6BUR
PRELIMINARY LOCAL CLIMATOLOGICAL DATA (WS FORM: F-6)

                                          STATION:   BOB HOPE AIRPORT (BURBANK) CA
                                          MONTH:     MARCH
                                          YEAR:      2019
                                          LATITUDE:   34 12 N
                                          LONGITUDE: 118 22 W

  TEMPERATURE IN F:       :PCPN:    SNOW:  WIND      :SUNSHINE: SKY     :PK WND
================================================================================
1   2   3   4   5  6A  6B    7    8   9   10  11  12  13   14  15   16   17  18
                                     12Z  AVG MX 2MIN
DY MAX MIN AVG DEP HDD CDD  WTR  SNW DPTH SPD SPD DIR MIN PSBL S-S WX    SPD DR
================================================================================

 1  64  54  59   2   6   0    T  0.0    0  4.0 10 170   M    M   9 18     16 110
 2  60  52  56  -1   9   0 0.56  0.0    0  9.7 21 120   M    M  10 1      26 120
 3  61  53  57   0   8   0 0.00  0.0    0  5.9 14 190   M    M   9        18 180
 4  63  51  57   0   8   0 0.00  0.0    0  4.4 14 200   M    M   7        18 210
 5  67  48  58   0   7   0 0.04    M    0  5.7 21 240   M    M   5 3      30 240
 6  57  51  54  -4  11   0 0.94  0.0    0  8.5 24 120   M    M  10 13     31 120
 7  60  50  55  -3  10   0 0.01  0.0    0  5.0 15 210   M    M   8 1      21 230
 8  60  46  53  -5  12   0 0.00  0.0    0  5.0 16 200   M    M   5        20 200
 9  59  43  51  -7  14   0 0.00  0.0    0  4.9 15 210   M    M   4        19 160
10  58  45  52  -6  13   0 0.06    M    0  2.7 16 230   M    M   5        19  70
11  64  44  54  -4  11   0 0.00  0.0    0  5.5 25  30   M    M   6        34  50
12  73  54  64   6   1   0 0.00  0.0    0 10.7 23  10   M    M   2        29  10
13  67  50  59   1   6   0 0.00  0.0    0 10.4 26 340   M    M   0        36 360
14  73  44  59   1   6   0 0.00  0.0    0  2.5 13 220   M    M   0        18 160
15  73  44  59   1   6   0 0.00  0.0    0  9.2 23  20   M    M   0        31  20
16  80  56  68  10   0   3 0.00  0.0    0  8.4 24 360   M    M   0        31 360
17  82  51  67   9   0   2 0.00  0.0    0  4.6 15 280   M    M   0        20 250
18  80  53  67   9   0   2 0.00  0.0    0  4.1 13 160   M    M   0        20 130
19  69  53  61   3   4   0 0.00  0.0    0  8.2 17 180   M    M   2 8      21 180
20  64  52  58  -1   7   0    T  0.0    0  5.5 17 360   M    M   8 3      22 150
21  57  48  53  -6  12   0 0.43    M    0  5.3 13 100   M    M   7 1      21 110
22  66  43  55  -4  10   0 0.00  0.0    0  3.9 14 200   M    M   0        17 210
================================================================================
SM 1457 1085       161   7  2.04     0.0 134.0          M       97
================================================================================
AV 66.2 49.3                               6.1 FASTST   M    M   4    MAX(MPH)
                                 MISC ---->  # 26 340               # 36  360
================================================================================
NOTES:
# LAST OF SEVERAL OCCURRENCES

COLUMN 17 PEAK WIND IN M.P.H.

PRELIMINARY LOCAL CLIMATOLOGICAL DATA (WS FORM: F-6) , PAGE 2

                                          STATION:  BOB HOPE AIRPORT (BURBANK) CA
                                          MONTH:    MARCH
                                          YEAR:     2019
                                          LATITUDE:   34 12 N
                                          LONGITUDE: 118 22 W

[TEMPERATURE DATA]      [PRECIPITATION DATA]       SYMBOLS USED IN COLUMN 16

AVERAGE MONTHLY: 57.8   TOTAL FOR MONTH:   2.04    1 = FOG OR MIST
DPTR FM NORMAL:  -0.2   DPTR FM NORMAL:   -0.33    2 = FOG REDUCING VISIBILITY
HIGHEST:    82 ON 17    GRTST 24HR  0.94 ON  6- 6      TO 1/4 MILE OR LESS
LOWEST:     43 ON 22, 9                            3 = THUNDER
                        SNOW, ICE PELLETS, HAIL    4 = ICE PELLETS
                        TOTAL MONTH:   0.0 INCH    5 = HAIL
                        GRTST 24HR     0.0         6 = FREEZING RAIN OR DRIZZLE
                        GRTST DEPTH:   0           7 = DUSTSTORM OR SANDSTORM:
                                                       VSBY 1/2 MILE OR LESS
                                                   8 = SMOKE OR HAZE
[NO. OF DAYS WITH]      [WEATHER - DAYS WITH]      9 = BLOWING SNOW
                                                   X = TORNADO
MAX 32 OR BELOW:   0    0.01 INCH OR MORE:   6
MAX 90 OR ABOVE:   0    0.10 INCH OR MORE:   3
MIN 32 OR BELOW:   0    0.50 INCH OR MORE:   2
MIN  0 OR BELOW:   0    1.00 INCH OR MORE:   0

[HDD (BASE 65) ]
TOTAL THIS MO.   161    CLEAR  (SCALE 0-3)   9
DPTR FM NORMAL     0    PTCLDY (SCALE 4-7)   7
TOTAL FM JUL 1  1193    CLOUDY (SCALE 8-10)  6
DPTR FM NORMAL  -109

[CDD (BASE 65) ]
TOTAL THIS MO.     7
DPTR FM NORMAL     7    [PRESSURE DATA]
TOTAL FM JAN 1     7    HIGHEST SLP M ON M
DPTR FM NORMAL     1    LOWEST  SLP 29.66 ON 12

[REMARKS]
