000
CXUS54 KTSA 260840
CF6BVO
PRELIMINARY LOCAL CLIMATOLOGICAL DATA (WS FORM: F-6)

                                          STATION:   BARTLESVILLE OKLAHOMA
                                          MONTH:     MAY
                                          YEAR:      2019
                                          LATITUDE:   36 45 N
                                          LONGITUDE:  96  0 W

  TEMPERATURE IN F:       :PCPN:    SNOW:  WIND      :SUNSHINE: SKY     :PK WND
================================================================================
1   2   3   4   5  6A  6B    7    8   9   10  11  12  13   14  15   16   17  18
                                     12Z  AVG MX 2MIN
DY MAX MIN AVG DEP HDD CDD  WTR  SNW DPTH SPD SPD DIR MIN PSBL S-S WX    SPD DR
================================================================================

 1  74  59  67   3   0   2    T  0.0    0  3.2 14 170   M    M   8 1      19 160
 2  65  53  59  -5   6   0 0.02  0.0    0  7.1 22  20   M    M   9 1      33  20
 3  62  54  58  -6   7   0 0.87  0.0    0  3.2 10 200   M    M   8 123    14 280
 4  72  50  61  -4   4   0 0.00  0.0    0  4.7 13  20   M    M   5 1      18 360
 5  78  48  63  -2   2   0 0.26  0.0    0  5.8 16 160   M    M   2 13     22 170
 6  82  56  69   4   0   4 0.46  0.0    0  7.3 20  90   M    M   5 13     30  80
 7  81  63  72   7   0   7 0.00  0.0    0  9.4 17 160   M    M   6        23 170
 8  73  59  66   0   0   1 0.95  0.0    0  6.7 18 160   M    M   7 13     26 250
 9  63  41  52 -14  13   0 0.01  0.0    0  5.1 16  10   M    M   9        28  10
10  63  39  51 -15  14   0 0.01  0.0    0  5.0 15  60   M    M   2 1      19  20
11  62  51  57  -9   8   0 0.23  0.0    0  2.5  9  10   M    M   9 1      12  40
12  75  48  62  -5   3   0 0.00  0.0    0  2.4 13  20   M    M   5 1      17  10
13  77  44  61  -6   4   0 0.00  0.0    0  3.0 14 170   M    M   0 3      18 160
14  86  56  71   4   0   6 0.19  0.0    0  7.2 18 210   M    M   3 13     26 210
15  88  60  74   6   0   9 0.00  0.0    0  6.7 15 230   M    M   0        21 230
16  88  65  77   9   0  12 0.00  0.0    0  9.0 20 210   M    M   0        27 210
17  86  64  75   7   0  10 0.00  0.0    0 12.6 23 170   M    M   1        30 170
18  76  56  66  -2   0   1 1.07  0.0    0  9.9 24 210   M    M   6 13     33 220
19  76  51  64  -4   1   0 0.00  0.0    0  2.8 13 250   M    M   0        17 240
20  66  53  60  -9   5   0 5.03  0.0    0  9.8 20  10   M    M   6 123    26  70
21  75  56  66  -3   0   1 2.25  0.0    0 10.1 24 210   M    M   6 13     32 200
22  84  49  67  -2   0   2 1.76    M    0  7.0 23 160   M    M   5 138    30 170
23  85  66  76   6   0  11 0.12  0.0    0  5.6 20 150   M    M   5 13     25 170
24  86  66  76   6   0  11 0.95  0.0    0  8.4 22 170   M    M   5 13     30 190
25  85  65  75   5   0  10 0.46  0.0    0  7.8 20 130   M    M   5 13     27 210
================================================================================
SM 1908 1372        67  87 14.64     0.0 162.3          M      117
================================================================================
AV 76.3 54.9                               6.5 FASTST   M    M   5    MAX(MPH)
                                 MISC ---->  # 24 210               # 33   20
================================================================================
NOTES:
# LAST OF SEVERAL OCCURRENCES

COLUMN 17 PEAK WIND IN M.P.H.

PRELIMINARY LOCAL CLIMATOLOGICAL DATA (WS FORM: F-6) , PAGE 2

                                          STATION:  BARTLESVILLE OKLAHOMA
                                          MONTH:    MAY
                                          YEAR:     2019
                                          LATITUDE:   36 45 N
                                          LONGITUDE:  96  0 W

[TEMPERATURE DATA]      [PRECIPITATION DATA]       SYMBOLS USED IN COLUMN 16

AVERAGE MONTHLY: 65.6   TOTAL FOR MONTH:  14.64    1 = FOG OR MIST
DPTR FM NORMAL:  -1.4   DPTR FM NORMAL:   10.38    2 = FOG REDUCING VISIBILITY
HIGHEST:    88 ON 16,15 GRTST 24HR  5.03 ON 20-20      TO 1/4 MILE OR LESS
LOWEST:     39 ON 10                               3 = THUNDER
                        SNOW, ICE PELLETS, HAIL    4 = ICE PELLETS
                        TOTAL MONTH:   0.0 INCH    5 = HAIL
                        GRTST 24HR     0.0         6 = FREEZING RAIN OR DRIZZLE
                        GRTST DEPTH:   0           7 = DUSTSTORM OR SANDSTORM:
                                                       VSBY 1/2 MILE OR LESS
                                                   8 = SMOKE OR HAZE
[NO. OF DAYS WITH]      [WEATHER - DAYS WITH]      9 = BLOWING SNOW
                                                   X = TORNADO
MAX 32 OR BELOW:   0    0.01 INCH OR MORE:  16
MAX 90 OR ABOVE:   0    0.10 INCH OR MORE:  13
MIN 32 OR BELOW:   0    0.50 INCH OR MORE:   7
MIN  0 OR BELOW:   0    1.00 INCH OR MORE:   4

[HDD (BASE 65) ]
TOTAL THIS MO.    67    CLEAR  (SCALE 0-3)   8
DPTR FM NORMAL    18    PTCLDY (SCALE 4-7)  12
TOTAL FM JUL 1  4351    CLOUDY (SCALE 8-10)  5
DPTR FM NORMAL   289

[CDD (BASE 65) ]
TOTAL THIS MO.    87
DPTR FM NORMAL   -10    [PRESSURE DATA]
TOTAL FM JAN 1   122    HIGHEST SLP M ON M
DPTR FM NORMAL   -20    LOWEST  SLP 29.39 ON 21

[REMARKS]
