000
CXUS54 KLZK 231130
CF6BVX
PRELIMINARY LOCAL CLIMATOLOGICAL DATA (WS FORM: F-6)

                                          STATION:   Batesville Regional Airport
                                          MONTH:     MAY
                                          YEAR:      2019
                                          LATITUDE:   35 43 N
                                          LONGITUDE:  91 39 W

  TEMPERATURE IN F:       :PCPN:    SNOW:  WIND      :SUNSHINE: SKY     :PK WND
================================================================================
1   2   3   4   5  6A  6B    7    8   9   10  11  12  13   14  15   16   17  18
                                     12Z  AVG MX 2MIN
DY MAX MIN AVG DEP HDD CDD  WTR  SNW DPTH SPD SPD DIR MIN PSBL S-S WX    SPD DR
================================================================================

 1  75  60  68   4   0   3 1.48    M    M  6.6 18 200   M    M   4 13     24 200
 2  69  60  65   1   0   0 1.00    M    M  2.8  9 270   M    M   8 123     M  M
 3  70  59  65   1   0   0 0.42    M    M  3.8  8 110   M    M   9 123    31 270
 4  64  56  60  -5   5   0 0.05    M    M  2.8  7  99   M    M  10 12      M  M
 5  75  51  63  -2   2   0 0.00    M    M  3.1  7  99   M    M   1         M  M
 6  76  53  65   0   0   0 0.01    M    M  4.1  8 120   M    M   3         M  M
 7  84  59  72   6   0   7 0.00    M    M  3.9  9 190   M    M   1 1       M  M
 8  74  63  69   3   0   4 1.47    M    M  6.0 20  90   M    M   5 1       M  M
 9  77  58  68   2   0   3 0.13    M    M  5.2  8 320   M    M   8 1      20 320
10   M   M   M   M   M   M 0.13    M    M  5.0  8  20   M    M  10         M  M
11  59  53  56 -11   9   0 0.28    M    M  3.1  7 300   M    M  10 1       M  M
12  69  52  61  -6   4   0 0.01    M    M  2.1  6 210   M    M   7 1       M  M
13  73  47  60  -7   5   0 0.00    M    M  3.6  9 290   M    M   2         M  M
14  76  50  63  -5   2   0 0.00    M    M  4.0  9 120   M    M   3         M  M
15  87  61  74   6   0   9 0.45    M    M  4.7 13 250   M    M   2 13      M  M
16  88  63  76   8   0  11 0.01    M    M  4.4 10 240   M    M   0 1       M  M
17  86  65  76   8   0  11 0.00    M    M  6.9 13 190   M    M   0        17 200
18  84  63  74   5   0   9 0.36    M    M  7.9 13 190   M    M   4 13     21 170
19  83  59  71   2   0   6 0.93    M    M  6.9 22 250   M    M   6 13     27 250
20  82  55  69   0   0   4 0.00    M    M  7.5 15 110   M    M   4        21 110
21   M   M   M   M   M   M 0.04    M    M  9.3 17 160   M    M   7 13     31 170
22  86  61  74   4   0   9 0.74    M    M  6.2  9 160   M    M   6 1       M  M
================================================================================
SM 1537 1148        27  76  7.51    M    109.9          M      110
================================================================================
AV 76.9 57.4                               5.0 FASTST   M    M   5    MAX(MPH)
                                 MISC ---->  # 22 250               # 31  270
================================================================================
NOTES:
# LAST OF SEVERAL OCCURRENCES

COLUMN 17 PEAK WIND IN M.P.H.

PRELIMINARY LOCAL CLIMATOLOGICAL DATA (WS FORM: F-6) , PAGE 2

                                          STATION:  Batesville Regional Airport
                                          MONTH:    MAY
                                          YEAR:     2019
                                          LATITUDE:   35 43 N
                                          LONGITUDE:  91 39 W

[TEMPERATURE DATA]      [PRECIPITATION DATA]       SYMBOLS USED IN COLUMN 16

AVERAGE MONTHLY: 67.1   TOTAL FOR MONTH:   7.51    1 = FOG OR MIST
DPTR FM NORMAL:   0.3   DPTR FM NORMAL:    3.80    2 = FOG REDUCING VISIBILITY
HIGHEST:    88 ON 16    GRTST 24HR  1.48 ON  1- 1      TO 1/4 MILE OR LESS
LOWEST:     47 ON 13                               3 = THUNDER
                        SNOW, ICE PELLETS, HAIL    4 = ICE PELLETS
                        TOTAL MONTH:    M          5 = HAIL
                        GRTST 24HR    M  ON   M    6 = FREEZING RAIN OR DRIZZLE
                        GRTST DEPTH:  M  ON   M    7 = DUSTSTORM OR SANDSTORM:
                                                       VSBY 1/2 MILE OR LESS
                                                   8 = SMOKE OR HAZE
[NO. OF DAYS WITH]      [WEATHER - DAYS WITH]      9 = BLOWING SNOW
                                                   X = TORNADO
MAX 32 OR BELOW:   0    0.01 INCH OR MORE:  16
MAX 90 OR ABOVE:   0    0.10 INCH OR MORE:  11
MIN 32 OR BELOW:   0    0.50 INCH OR MORE:   5
MIN  0 OR BELOW:   0    1.00 INCH OR MORE:   3

[HDD (BASE 65) ]
TOTAL THIS MO.    27    CLEAR  (SCALE 0-3)   6
DPTR FM NORMAL   -15    PTCLDY (SCALE 4-7)  12
TOTAL FM JUL 1  3433    CLOUDY (SCALE 8-10)  4
DPTR FM NORMAL  -350

[CDD (BASE 65) ]
TOTAL THIS MO.    76
DPTR FM NORMAL    -7    [PRESSURE DATA]
TOTAL FM JAN 1   126    HIGHEST SLP M ON M
DPTR FM NORMAL     5    LOWEST  SLP 29.49 ON 21

[REMARKS]
