000
CXUS53 KLMK 260800
CF6BWG
PRELIMINARY LOCAL CLIMATOLOGICAL DATA (WS FORM: F-6)

                                          STATION:   BOWLING GREEN KY
                                          MONTH:     MARCH
                                          YEAR:      2019
                                          LATITUDE:   36 58 N
                                          LONGITUDE:  86 26 W

  TEMPERATURE IN F:       :PCPN:    SNOW:  WIND      :SUNSHINE: SKY     :PK WND
================================================================================
1   2   3   4   5  6A  6B    7    8   9   10  11  12  13   14  15   16   17  18
                                     12Z  AVG MX 2MIN
DY MAX MIN AVG DEP HDD CDD  WTR  SNW DPTH SPD SPD DIR MIN PSBL S-S WX    SPD DR
================================================================================

 1  40  36  38  -6  27   0    T  0.0    0  4.1  8  40   M    M  10 1      11  30
 2  44  38  41  -3  24   0 0.00  0.0    0  2.8  9  40   M    M  10 18     12  20
 3  41  28  35  -9  30   0 0.30    T    0  6.3 14 310   M    M  10 18     23 340
 4  28  18  23 -22  42   0 0.00  0.0    0  8.0 15 280   M    M   2        27 300
 5  35  15  25 -20  40   0 0.00  0.0    0  8.0 21 260   M    M   1        26 240
 6  37  17  27 -18  38   0 0.00  0.0    0  4.0 13 210   M    M   1        18 210
 7  44  31  38  -8  27   0    T  0.0    0  4.7 12 100   M    M   8        16  90
 8  46  36  41  -5  24   0 0.17  0.0    0  4.9 12 100   M    M  10 18     14 100
 9  65  44  55   9  10   0 1.26  0.0    0 11.5 26 190   M    M   8 13     39 190
10  63  48  56  10   9   0 0.00  0.0    0  7.5 17 230   M    M   1        24 290
11  60  39  50   3  15   0 0.00  0.0    0  3.7 12  50   M    M   7        14  40
12  57  33  45  -2  20   0 0.00  0.0    0  4.7 15  80   M    M   1        20  70
13  74  45  60  12   5   0 0.00  0.0    0 10.0 25 160   M    M   1        37 140
14  78  56  67  19   0   2    T  0.0    0 22.5 38 190   M    M   6        58 190
15  56  36  46  -2  19   0 0.00  0.0    0  8.3 18 270   M    M   4        27 280
16  54  28  41  -7  24   0 0.00  0.0    0  3.7 13 330   M    M   0        24 330
17  60  28  44  -5  21   0 0.00  0.0    0  6.3 22 270   M    M   1        30 250
18  53  29  41  -8  24   0 0.00  0.0    0  3.0 14  50   M    M   1        20  40
19  56  27  42  -7  23   0 0.00  0.0    0  1.1  9  90   M    M   0        13  70
20  65  32  49  -1  16   0 0.00  0.0    0  5.7 15 230   M    M   2        21 310
21  55  43  49  -1  16   0 0.01  0.0    0  7.9 18 320   M    M  10        31 330
22  64  36  50   0  15   0 0.00  0.0    0  7.8 20 280   M    M   1        29 320
23  62  30  46  -5  19   0 0.00  0.0    0  2.5  9  60   M    M   0        13 130
24  67  39  53   2  12   0 0.01  0.0    0  5.1 17 200   M    M   3        22 200
25  64  44  54   3  11   0 0.32  0.0    0  8.0 17 330   M    M   9 138    31 330
================================================================================
SM 1368  856       511   2  2.07    T    162.1          M      107
================================================================================
AV 54.7 34.2                               6.5 FASTST   M    M   4    MAX(MPH)
                                 MISC ---->  # 38 190               # 58  190
================================================================================
NOTES:
# LAST OF SEVERAL OCCURRENCES

COLUMN 17 PEAK WIND IN M.P.H.

PRELIMINARY LOCAL CLIMATOLOGICAL DATA (WS FORM: F-6) , PAGE 2

                                          STATION:  BOWLING GREEN KY
                                          MONTH:    MARCH
                                          YEAR:     2019
                                          LATITUDE:   36 58 N
                                          LONGITUDE:  86 26 W

[TEMPERATURE DATA]      [PRECIPITATION DATA]       SYMBOLS USED IN COLUMN 16

AVERAGE MONTHLY: 44.5   TOTAL FOR MONTH:   2.07    1 = FOG OR MIST
DPTR FM NORMAL:  -3.0   DPTR FM NORMAL:   -1.43    2 = FOG REDUCING VISIBILITY
HIGHEST:    78 ON 14    GRTST 24HR  1.26 ON  9- 9      TO 1/4 MILE OR LESS
LOWEST:     15 ON  5                               3 = THUNDER
                        SNOW, ICE PELLETS, HAIL    4 = ICE PELLETS
                        TOTAL MONTH:    T          5 = HAIL
                        GRTST 24HR    T  ON  3- 3  6 = FREEZING RAIN OR DRIZZLE
                        GRTST DEPTH:   0           7 = DUSTSTORM OR SANDSTORM:
                                                       VSBY 1/2 MILE OR LESS
                                                   8 = SMOKE OR HAZE
[NO. OF DAYS WITH]      [WEATHER - DAYS WITH]      9 = BLOWING SNOW
                                                   X = TORNADO
MAX 32 OR BELOW:   1    0.01 INCH OR MORE:   6
MAX 90 OR ABOVE:   0    0.10 INCH OR MORE:   4
MIN 32 OR BELOW:  11    0.50 INCH OR MORE:   1
MIN  0 OR BELOW:   0    1.00 INCH OR MORE:   1

[HDD (BASE 65) ]
TOTAL THIS MO.   511    CLEAR  (SCALE 0-3)  13
DPTR FM NORMAL    69    PTCLDY (SCALE 4-7)   4
TOTAL FM JUL 1  3459    CLOUDY (SCALE 8-10)  8
DPTR FM NORMAL  -181

[CDD (BASE 65) ]
TOTAL THIS MO.     2
DPTR FM NORMAL     2    [PRESSURE DATA]
TOTAL FM JAN 1     2    HIGHEST SLP M ON M
DPTR FM NORMAL     2    LOWEST  SLP 29.54 ON  9

[REMARKS]
