000
CXUS55 KPIH 221200
CF6BYI

PRELIMINARY LOCAL CLIMATOLOGICAL DATA (WS FORM: F-6)

                                          STATION:   BURLEY ID
                                          MONTH:     MAY
                                          YEAR:      2018
                                          LATITUDE:   42 32 N
                                          LONGITUDE: 113 46 W

  TEMPERATURE IN F:       :PCPN:    SNOW:  WIND      :SUNSHINE: SKY     :PK WND
================================================================================
1   2   3   4   5  6A  6B    7    8   9   10  11  12  13   14  15   16   17  18
                                     12Z  AVG MX 2MIN
DY MAX MIN AVG DEP HDD CDD  WTR  SNW DPTH SPD SPD DIR MIN PSBL S-S WX    SPD DR
================================================================================

 1  56  34  45  -5  20   0    T    M    M  8.2 18 290   M    M   6        29 260
 2  62  29  46  -4  19   0 0.00    M    M  6.8 16 290   M    M   1 1      27 320
 3  68  34  51   1  14   0 0.00    M    M  8.3 14 280   M    M   0        24 290
 4  75  38  57   6   8   0 0.00    M    M  5.2 14 220   M    M   0        24 270
 5  80  41  61  10   4   0 0.00    M    M  5.5 16 260   M    M   0        25 230
 6  85  51  68  17   0   3 0.00    M    M 10.4 24 210   M    M   1        34 210
 7  74  51  63  11   2   0 0.00    M    M 11.0 20 270   M    M   0        30 250
 8  78  40  59   7   6   0 0.00    M    M  4.9 12 340   M    M   0        16  40
 9  82  50  66  14   0   1    T    M    M  4.7 24 290   M    M   1 38     37 290
10  75  51  63  10   2   0 0.02    M    M  8.8 29 310   M    M   2 3      39 300
11  56  44  50  -3  15   0 0.06    M    M 11.2 23 270   M    M   9        32 270
12  50  45  48  -5  17   0 0.52    M    M  6.0 14 270   M    M   9        20 280
13  65  43  54   1  11   0 0.09    M    M  5.0 15 120   M    M   5 3      19  90
14  76  38  57   3   8   0 0.00    M    M  5.9 21 140   M    M   2 128    29 150
15  73  50  62   8   3   0 0.05    M    M  5.1 15 210   M    M   3 3      22 200
16  75  47  61   7   4   0 0.03    M    M  5.1 18 160   M    M   3 3      25 200
17  73  50  62   8   3   0    T    M    M  7.5 21 240   M    M   2        26 250
18  71  47  59   4   6   0 0.06    M    M  3.5 15 260   M    M   6 3      19 290
19  76  49  63   8   2   0 0.00    M    M  4.0 13  50   M    M   0        16  50
20  77  51  64   9   1   0 0.08    M    M  8.0 20 270   M    M   3 3      27 270
21  76  48  62   6   3   0 0.11    M    M  4.8 17 150   M    M   2 3      24 160
================================================================================
SM 1503  931       148   4  1.02    M    139.9          M       55
================================================================================
AV 71.6 44.3                               6.7 FASTST   M    M   3    MAX(MPH)
                                 MISC ---->  # 29 310               # 39  300
================================================================================
NOTES:
# LAST OF SEVERAL OCCURRENCES
PRECIPITATION SUSPECT DURING FREEZING/FROZEN EVENTS

COLUMN 17 PEAK WIND IN M.P.H.

PRELIMINARY LOCAL CLIMATOLOGICAL DATA (WS FORM: F-6) , PAGE 2

                                          STATION:  BURLEY ID
                                          MONTH:    MAY
                                          YEAR:     2018
                                          LATITUDE:   42 32 N
                                          LONGITUDE: 113 46 W

[TEMPERATURE DATA]      [PRECIPITATION DATA]       SYMBOLS USED IN COLUMN 16

AVERAGE MONTHLY: 58.0   TOTAL FOR MONTH:   1.02    1 = FOG OR MIST
DPTR FM NORMAL:   5.2   DPTR FM NORMAL:    0.05    2 = FOG REDUCING VISIBILITY
HIGHEST:    85 ON  6    GRTST 24HR  0.52 ON 12-12      TO 1/4 MILE OR LESS
LOWEST:     29 ON  2                               3 = THUNDER
                        SNOW, ICE PELLETS, HAIL    4 = ICE PELLETS
                        TOTAL MONTH:    M          5 = HAIL
                        GRTST 24HR    M  ON   M    6 = FREEZING RAIN OR DRIZZLE
                        GRTST DEPTH:  M  ON   M    7 = DUSTSTORM OR SANDSTORM:
                                                       VSBY 1/2 MILE OR LESS
                                                   8 = SMOKE OR HAZE
[NO. OF DAYS WITH]      [WEATHER - DAYS WITH]      9 = BLOWING SNOW
                                                   X = TORNADO
MAX 32 OR BELOW:   0    0.01 INCH OR MORE:   9
MAX 90 OR ABOVE:   0    0.10 INCH OR MORE:   2
MIN 32 OR BELOW:   1    0.50 INCH OR MORE:   1
MIN  0 OR BELOW:   0    1.00 INCH OR MORE:   0

[HDD (BASE 65) ]
TOTAL THIS MO.   148    CLEAR  (SCALE 0-3)  15
DPTR FM NORMAL  -111    PTCLDY (SCALE 4-7)   4
TOTAL FM JUL 1  5783    CLOUDY (SCALE 8-10)  2
DPTR FM NORMAL  -864

[CDD (BASE 65) ]
TOTAL THIS MO.     4
DPTR FM NORMAL     4    [PRESSURE DATA]
TOTAL FM JAN 1     4    HIGHEST SLP M ON M
DPTR FM NORMAL     4    LOWEST  SLP 29.70 ON 10

[REMARKS]
