000
CXUS55 KCAE 231400
CF6CAE
PRELIMINARY LOCAL CLIMATOLOGICAL DATA (WS FORM: F-6)

                                          STATION:   COLUMBIA METRO AIRPORT SC
                                          MONTH:     MARCH
                                          YEAR:      2019
                                          LATITUDE:   33 57 N
                                          LONGITUDE:  81  7 W

  TEMPERATURE IN F:       :PCPN:    SNOW:  WIND      :SUNSHINE: SKY     :PK WND
================================================================================
1   2   3   4   5  6A  6B    7    8   9   10  11  12  13   14  15   16   17  18
                                     12Z  AVG MX 2MIN
DY MAX MIN AVG DEP HDD CDD  WTR  SNW DPTH SPD SPD DIR MIN PSBL S-S WX    SPD DR
================================================================================

 1  65  58  62  10   3   0 0.82  0.0    0  6.8 16 260   M    M   9 123    22 260
 2  70  55  63  11   2   0 0.00  0.0    0  4.5 10 240   M    M   8 1      15 220
 3  74  54  64  12   1   0 0.86  0.0    0  5.4 28 180   M    M   9 13     35 280
 4  57  42  50  -2  15   0 0.04  0.0    0  5.9 15 290   M    M   9 1      19 330
 5  50  36  43 -10  22   0 0.24  0.0    0  8.1 20 270   M    M   7 1      26 270
 6  50  27  39 -14  26   0 0.00  0.0    0  5.3 13 280   M    M   0        20 240
 7  59  27  43 -10  22   0 0.00  0.0    0  2.7  8  40   M    M   3        13  70
 8  67  47  57   3   8   0 0.18  0.0    0  5.9 17 230   M    M  10 1      24 220
 9  61  49  55   1  10   0 0.33  0.0    0  5.0 12  80   M    M  10 1      16 320
10  77  54  66  12   0   1 0.00  0.0    0  7.7 23 260   M    M   7 1      27 270
11  72  48  60   6   5   0    T  0.0    0  2.9 10 300   M    M   7 1      15 350
12  68  42  55   0  10   0 0.00  0.0    0  2.9 13  70   M    M   3 1      18  90
13  70  36  53  -2  12   0 0.00  0.0    0  4.6 15 110   M    M   5 1      20 110
14  78  49  64   9   1   0 0.00  0.0    0  7.7 18 180   M    M   6 1      24 150
15  82  58  70  15   0   5 0.00  0.0    0 12.3 25 290   M    M   8        33 240
16  59  40  50  -6  15   0 0.00  0.0    0  6.3 14 360   M    M   8        18 340
17  63  36  50  -6  15   0 0.00  0.0    0  3.5 13  40   M    M   8        17  30
18  66  32  49  -7  16   0 0.00  0.0    0  5.3 17 290   M    M   3 1      24 290
19  59  38  49  -7  16   0 0.00  0.0    0  7.8 18  80   M    M   4        23  60
20  61  30  46 -11  19   0 0.00  0.0    0  6.1 16  30   M    M   6        21  80
21  68  44  56  -1   9   0    T  0.0    0  7.5 24 280   M    M   8 8      34 330
22  69  38  54  -3  11   0 0.00  0.0    0 11.2 23 270   M    M   1        28 250
================================================================================
SM 1445  940       238   6  2.47     0.0 135.4          M      139
================================================================================
AV 65.7 42.7                               6.2 FASTST   M    M   6    MAX(MPH)
                                 MISC ---->  # 28 180               # 35  280
================================================================================
NOTES:
# LAST OF SEVERAL OCCURRENCES

COLUMN 17 PEAK WIND IN M.P.H.

PRELIMINARY LOCAL CLIMATOLOGICAL DATA (WS FORM: F-6) , PAGE 2

                                          STATION:  COLUMBIA METRO AIRPORT SC
                                          MONTH:    MARCH
                                          YEAR:     2019
                                          LATITUDE:   33 57 N
                                          LONGITUDE:  81  7 W

[TEMPERATURE DATA]      [PRECIPITATION DATA]       SYMBOLS USED IN COLUMN 16

AVERAGE MONTHLY: 54.2   TOTAL FOR MONTH:   2.47    1 = FOG OR MIST
DPTR FM NORMAL:  -0.2   DPTR FM NORMAL:   -0.24    2 = FOG REDUCING VISIBILITY
HIGHEST:    82 ON 15    GRTST 24HR  0.86 ON  3- 3      TO 1/4 MILE OR LESS
LOWEST:     27 ON  7, 6                            3 = THUNDER
                        SNOW, ICE PELLETS, HAIL    4 = ICE PELLETS
                        TOTAL MONTH:   0.0 INCH    5 = HAIL
                        GRTST 24HR     0.0         6 = FREEZING RAIN OR DRIZZLE
                        GRTST DEPTH:   0           7 = DUSTSTORM OR SANDSTORM:
                                                       VSBY 1/2 MILE OR LESS
                                                   8 = SMOKE OR HAZE
[NO. OF DAYS WITH]      [WEATHER - DAYS WITH]      9 = BLOWING SNOW
                                                   X = TORNADO
MAX 32 OR BELOW:   0    0.01 INCH OR MORE:   6
MAX 90 OR ABOVE:   0    0.10 INCH OR MORE:   5
MIN 32 OR BELOW:   4    0.50 INCH OR MORE:   2
MIN  0 OR BELOW:   0    1.00 INCH OR MORE:   0

[HDD (BASE 65) ]
TOTAL THIS MO.   238    CLEAR  (SCALE 0-3)   3
DPTR FM NORMAL    -4    PTCLDY (SCALE 4-7)  13
TOTAL FM JUL 1  2084    CLOUDY (SCALE 8-10)  6
DPTR FM NORMAL  -257

[CDD (BASE 65) ]
TOTAL THIS MO.     6
DPTR FM NORMAL    -4    [PRESSURE DATA]
TOTAL FM JAN 1    15    HIGHEST SLP M ON M
DPTR FM NORMAL     1    LOWEST  SLP 29.62 ON  3

[REMARKS]
