000
CXUS55 KCAE 251400
CF6CAE
PRELIMINARY LOCAL CLIMATOLOGICAL DATA (WS FORM: F-6)

                                          STATION:   COLUMBIA METRO AIRPORT SC
                                          MONTH:     MAY
                                          YEAR:      2019
                                          LATITUDE:   33 57 N
                                          LONGITUDE:  81  7 W

  TEMPERATURE IN F:       :PCPN:    SNOW:  WIND      :SUNSHINE: SKY     :PK WND
================================================================================
1   2   3   4   5  6A  6B    7    8   9   10  11  12  13   14  15   16   17  18
                                     12Z  AVG MX 2MIN
DY MAX MIN AVG DEP HDD CDD  WTR  SNW DPTH SPD SPD DIR MIN PSBL S-S WX    SPD DR
================================================================================

 1  87  65  76   9   0  11 0.00  0.0    0  6.2 15 200   M    M   6 18     19 200
 2  86  60  73   5   0   8 0.00  0.0    0  3.2 12 200   M    M   3 12     17 220
 3  84  66  75   7   0  10 0.58  0.0    0  2.8 12 140   M    M   6 138    14 130
 4  90  67  79  11   0  14 0.70  0.0    0  4.3 21 210   M    M   8 1238   35 190
 5  85  67  76   8   0  11 0.51  0.0    0 10.1 25 250   M    M   6 13     35 240
 6  84  66  75   6   0  10 0.00  0.0    0  5.0 16  80   M    M   5        19 100
 7  83  65  74   5   0   9 0.00  0.0    0  6.7 13 110   M    M   6 18     17  70
 8  85  63  74   5   0   9 0.00  0.0    0  4.6 15 150   M    M   5 18     23 130
 9  80  61  71   1   0   6 0.02  0.0    0  8.9 23 120   M    M   5 8      26 110
10  84  66  75   5   0  10    T  0.0    0  6.0 13 100   M    M   7 1      15 110
11  86  65  76   6   0  11 0.43  0.0    0  7.1 30 250   M    M   6 13     40 220
12  76  67  72   2   0   7 0.11  0.0    0  7.8 21 240   M    M   9 13     31 260
13  82  63  73   2   0   8 0.00  0.0    0 10.5 24 280   M    M   4        34 300
14  74  52  63  -8   2   0 0.00  0.0    0  4.7 18 300   M    M   1        21 280
15  76  47  62  -9   3   0 0.00  0.0    0  3.1 12  90   M    M   3        14 110
16  85  59  72   0   0   7 0.00  0.0    0  3.6 14 280   M    M   4        20 280
17  91  63  77   5   0  12 0.00  0.0    0  5.9 17 260   M    M   5        21 270
18  93  65  79   7   0  14 0.00  0.0    0  2.6 12 160   M    M   4 18     13 270
19  90  68  79   7   0  14 0.00  0.0    0  9.0 16 160   M    M   2        21 180
20  91  72  82   9   0  17 0.00  0.0    0  6.4 15 240   M    M   5        19 260
21  94  65  80   7   0  15 0.00  0.0    0  2.8 12 240   M    M   1 18     15 330
22  92  69  81   8   0  16 0.00  0.0    0  9.3 24 120   M    M   4 18     29 120
23  92  71  82   8   0  17 0.00  0.0    0  3.5 12 200   M    M   6 8      16 190
24  97  71  84  10   0  19 0.00  0.0    0  7.5 16 270   M    M   2        22 290
================================================================================
SM 2067 1543         5 255  2.35     0.0 141.6          M      113
================================================================================
AV 86.1 64.3                               5.9 FASTST   M    M   5    MAX(MPH)
                                 MISC ---->  # 30 250               # 40  220
================================================================================
NOTES:
# LAST OF SEVERAL OCCURRENCES

COLUMN 17 PEAK WIND IN M.P.H.

PRELIMINARY LOCAL CLIMATOLOGICAL DATA (WS FORM: F-6) , PAGE 2

                                          STATION:  COLUMBIA METRO AIRPORT SC
                                          MONTH:    MAY
                                          YEAR:     2019
                                          LATITUDE:   33 57 N
                                          LONGITUDE:  81  7 W

[TEMPERATURE DATA]      [PRECIPITATION DATA]       SYMBOLS USED IN COLUMN 16

AVERAGE MONTHLY: 75.2   TOTAL FOR MONTH:   2.35    1 = FOG OR MIST
DPTR FM NORMAL:   4.6   DPTR FM NORMAL:    0.13    2 = FOG REDUCING VISIBILITY
HIGHEST:    97 ON 24    GRTST 24HR  0.70 ON  4- 4      TO 1/4 MILE OR LESS
LOWEST:     47 ON 15                               3 = THUNDER
                        SNOW, ICE PELLETS, HAIL    4 = ICE PELLETS
                        TOTAL MONTH:   0.0 INCH    5 = HAIL
                        GRTST 24HR     0.0         6 = FREEZING RAIN OR DRIZZLE
                        GRTST DEPTH:   0           7 = DUSTSTORM OR SANDSTORM:
                                                       VSBY 1/2 MILE OR LESS
                                                   8 = SMOKE OR HAZE
[NO. OF DAYS WITH]      [WEATHER - DAYS WITH]      9 = BLOWING SNOW
                                                   X = TORNADO
MAX 32 OR BELOW:   0    0.01 INCH OR MORE:   6
MAX 90 OR ABOVE:   9    0.10 INCH OR MORE:   5
MIN 32 OR BELOW:   0    0.50 INCH OR MORE:   3
MIN  0 OR BELOW:   0    1.00 INCH OR MORE:   0

[HDD (BASE 65) ]
TOTAL THIS MO.     5    CLEAR  (SCALE 0-3)   5
DPTR FM NORMAL   -13    PTCLDY (SCALE 4-7)  18
TOTAL FM JUL 1  2254    CLOUDY (SCALE 8-10)  1
DPTR FM NORMAL  -295

[CDD (BASE 65) ]
TOTAL THIS MO.   255
DPTR FM NORMAL   101    [PRESSURE DATA]
TOTAL FM JAN 1   383    HIGHEST SLP M ON M
DPTR FM NORMAL   134    LOWEST  SLP 29.68 ON  5

[REMARKS]
