000
CXUS54 KLZK 261130
CF6CCA
PRELIMINARY LOCAL CLIMATOLOGICAL DATA (WS FORM: F-6)

                                          STATION:   Clinton
                                          MONTH:     MARCH
                                          YEAR:      2019
                                          LATITUDE:   35 32 N
                                          LONGITUDE:  92 22 W

  TEMPERATURE IN F:       :PCPN:    SNOW:  WIND      :SUNSHINE: SKY     :PK WND
================================================================================
1   2   3   4   5  6A  6B    7    8   9   10  11  12  13   14  15   16   17  18
                                     12Z  AVG MX 2MIN
DY MAX MIN AVG DEP HDD CDD  WTR  SNW DPTH SPD SPD DIR MIN PSBL S-S WX    SPD DR
================================================================================

 1  46  34  40   M  25   0    M    M    M  1.8  6  99   M    M   9         M  M
 2  43  37  40   M  25   0    M    M    M  0.7  6  40   M    M  10 1       M  M
 3  37  23  30   M  35   0    M    M    M  5.4 14 360   M    M   9 1      27 340
 4  34  16  25   M  40   0    M    M    M  7.5 12 310   M    M   6        21 340
 5  45  14  30   M  35   0    M    M    M  4.7 14 300   M    M   0        22 300
 6  46  16  31   M  34   0    M    M    M  1.8  9 150   M    M   0        13  99
 7  41  27  34   M  31   0    M    M    M  0.7  5  90   M    M   9 1      12  99
 8  50  41  46   M  19   0    M    M    M  0.9  5  40   M    M  10 12      M  M
 9  73  45  59   M   6   0    M    M    M  5.8 22 270   M    M   5 123    36 240
10  54  39  47   M  18   0    M    M    M  2.0  8  10   M    M   3        13  99
11  64  43  54   M  11   0    M    M    M  0.7  6  80   M    M   2         M  M
12  59  43  51   M  14   0    M    M    M  2.6  9 100   M    M   7 3      13 150
13  64  48  56   M   9   0    M    M    M  3.6 17 160   M    M   9 1      27 160
14  63  46  55   M  10   0    M    M    M 11.6 20 240   M    M   3 12     36 240
15  57  30  44   M  21   0    M    M    M  7.6 17 320   M    M   3        32 320
16  61  25  43   M  22   0    M    M    M  2.2  9  30   M    M   0        16  30
17  68  28  48   M  17   0    M    M    M  1.9 10 310   M    M   3        17 310
18  63  37  50   M  15   0    M    M    M  1.9  9 130   M    M   6        12   0
19  64  30  47   M  18   0    M    M    M  2.9 12 140   M    M   4        14 130
20  57  36  47   M  18   0    M    M    M  2.0 10 260   M    M   7 12     15 290
21  66  30  48   M  17   0    M    M    M  4.1 14 300   M    M   3 12     21 320
22  72  30  51   M  14   0    M    M    M  1.2  7 310   M    M   1 1       M  M
23  63  36  50   M  15   0    M    M    M  1.5  9 120   M    M   7 1       M  M
24  68  48  58   M   7   0    M    M    M  1.4  7 210   M    M   9 13     13  99
25  61  43  52   M  13   0    M    M    M  3.8  9 310   M    M   7 1      15  99
================================================================================
SM 1419  845       489   0    M     M     80.3          M      132
================================================================================
AV 56.8 33.8                               3.2 FASTST   M    M   5    MAX(MPH)
                                 MISC ---->  # 22 270               # 36  240
================================================================================
NOTES:
# LAST OF SEVERAL OCCURRENCES

COLUMN 17 PEAK WIND IN M.P.H.

PRELIMINARY LOCAL CLIMATOLOGICAL DATA (WS FORM: F-6) , PAGE 2

                                          STATION:  Clinton
                                          MONTH:    MARCH
                                          YEAR:     2019
                                          LATITUDE:   35 32 N
                                          LONGITUDE:  92 22 W

[TEMPERATURE DATA]      [PRECIPITATION DATA]       SYMBOLS USED IN COLUMN 16

AVERAGE MONTHLY: 45.3   TOTAL FOR MONTH:      M    1 = FOG OR MIST
DPTR FM NORMAL:     M   DPTR FM NORMAL:       M    2 = FOG REDUCING VISIBILITY
HIGHEST:    73 ON  9    GRTST 24HR    M  ON   M        TO 1/4 MILE OR LESS
LOWEST:     14 ON  5                               3 = THUNDER
                        SNOW, ICE PELLETS, HAIL    4 = ICE PELLETS
                        TOTAL MONTH:    M          5 = HAIL
                        GRTST 24HR    M  ON   M    6 = FREEZING RAIN OR DRIZZLE
                        GRTST DEPTH:  M  ON   M    7 = DUSTSTORM OR SANDSTORM:
                                                       VSBY 1/2 MILE OR LESS
                                                   8 = SMOKE OR HAZE
[NO. OF DAYS WITH]      [WEATHER - DAYS WITH]      9 = BLOWING SNOW
                                                   X = TORNADO
MAX 32 OR BELOW:   0    0.01 INCH OR MORE:   0
MAX 90 OR ABOVE:   0    0.10 INCH OR MORE:   0
MIN 32 OR BELOW:  11    0.50 INCH OR MORE:   0
MIN  0 OR BELOW:   0    1.00 INCH OR MORE:   0

[HDD (BASE 65) ]
TOTAL THIS MO.   489    CLEAR  (SCALE 0-3)   8
DPTR FM NORMAL     M    PTCLDY (SCALE 4-7)  10
TOTAL FM JUL 1  3388    CLOUDY (SCALE 8-10)  7
DPTR FM NORMAL     M

[CDD (BASE 65) ]
TOTAL THIS MO.     0
DPTR FM NORMAL     M    [PRESSURE DATA]
TOTAL FM JAN 1     1    HIGHEST SLP M ON M
DPTR FM NORMAL     M    LOWEST  SLP M ON M

[REMARKS]
