000
CXUS56 KMTR 261000
CF6CCR
PRELIMINARY LOCAL CLIMATOLOGICAL DATA (WS FORM: F-6)

                                          STATION:   CONCORD AIRPORT
                                          MONTH:     MAY
                                          YEAR:      2019
                                          LATITUDE:   37 58 N
                                          LONGITUDE: 122  3 W

  TEMPERATURE IN F:       :PCPN:    SNOW:  WIND      :SUNSHINE: SKY     :PK WND
================================================================================
1   2   3   4   5  6A  6B    7    8   9   10  11  12  13   14  15   16   17  18
                                     12Z  AVG MX 2MIN
DY MAX MIN AVG DEP HDD CDD  WTR  SNW DPTH SPD SPD DIR MIN PSBL S-S WX    SPD DR
================================================================================

 1  79  50  65   4   0   0 0.00  0.0    0  6.3 18 270   M    M   0        23 270
 2  82  50  66   4   0   1 0.00  0.0    0  5.1 15 290   M    M   0        19 290
 3  83  49  66   4   0   1 0.00  0.0    0  4.9 15 330   M    M   0        17 310
 4  77  47  62   0   3   0 0.00  0.0    0  6.7 16 210   M    M   0        23 210
 5  66  51  59  -3   6   0 0.00  0.0    0 12.4 22 270   M    M   3        27 250
 6  66  55  61  -1   4   0 0.00  0.0    0 10.7 21 220   M    M   8        27 220
 7  72  56  64   2   1   0 0.00  0.0    0  8.2 16 260   M    M   5        22 210
 8  76  56  66   3   0   1 0.00  0.0    0  9.5 18 330   M    M   4        22 280
 9  69  56  63   0   2   0 0.00  0.0    0 10.6 20 240   M    M   7        24 250
10  83  55  69   6   0   4 0.00  0.0    0  8.9 20 250   M    M   3        22 250
11  79  55  67   4   0   2 0.00  0.0    0  9.0 16 260   M    M   2        20 320
12  78  55  67   4   0   2 0.00  0.0    0 10.7 20 180   M    M   3        32 210
13  79  54  67   3   0   2 0.00  0.0    0 12.0 20 200   M    M   0        25 200
14  70  55  63  -1   2   0 0.00  0.0    0 10.4 17 240   M    M   5        25 250
15  69  55  62  -2   3   0 0.29  0.0    0 10.8 28 190   M    M   9 1      38 200
16  62  53  58  -6   7   0 0.18  0.0    0 11.5 22 240   M    M   8        32 220
17  68  53  61  -3   4   0 0.00  0.0    0  8.7 18 270   M    M   5        23 270
18  59  50  55  -9  10   0 0.37  0.0    0  8.5 18 190   M    M   6 1      38 210
19  63  49  56  -8   9   0 0.52    M    0  7.6 24 260   M    M   7 13     31 260
20  68  49  59  -6   6   0    T    M    0  7.5 21 230   M    M   6        25 230
21  67  54  61  -4   4   0 0.02  0.0    0 15.0 30 280   M    M   5 1      37 270
22  78  52  65   0   0   0 0.00  0.0    0  6.3 16 270   M    M   1        22 190
23   M   M   M   M   M   M 0.00  0.0    0  9.4 18 180   M    M   2        24 170
24  75  56  66   1   0   1 0.00  0.0    0 10.1 17 210   M    M   4        31 230
25  74  55  65  -1   0   0    T  0.0    0 12.8 24 200   M    M   3        33 210
================================================================================
SM 1742 1270        61  14  1.38     0.0 233.6          M       96
================================================================================
AV 72.6 52.9                               9.3 FASTST   M    M   4    MAX(MPH)
                                 MISC ---->  # 30 280               # 38  200
================================================================================
NOTES:
# LAST OF SEVERAL OCCURRENCES

COLUMN 17 PEAK WIND IN M.P.H.

PRELIMINARY LOCAL CLIMATOLOGICAL DATA (WS FORM: F-6) , PAGE 2

                                          STATION:  CONCORD AIRPORT
                                          MONTH:    MAY
                                          YEAR:     2019
                                          LATITUDE:   37 58 N
                                          LONGITUDE: 122  3 W

[TEMPERATURE DATA]      [PRECIPITATION DATA]       SYMBOLS USED IN COLUMN 16

AVERAGE MONTHLY: 62.8   TOTAL FOR MONTH:   1.38    1 = FOG OR MIST
DPTR FM NORMAL:  -0.7   DPTR FM NORMAL:    0.90    2 = FOG REDUCING VISIBILITY
HIGHEST:    83 ON 10, 3 GRTST 24HR  0.52 ON 19-19      TO 1/4 MILE OR LESS
LOWEST:     47 ON  4                               3 = THUNDER
                        SNOW, ICE PELLETS, HAIL    4 = ICE PELLETS
                        TOTAL MONTH:   0.0 INCH    5 = HAIL
                        GRTST 24HR     0.0         6 = FREEZING RAIN OR DRIZZLE
                        GRTST DEPTH:   0           7 = DUSTSTORM OR SANDSTORM:
                                                       VSBY 1/2 MILE OR LESS
                                                   8 = SMOKE OR HAZE
[NO. OF DAYS WITH]      [WEATHER - DAYS WITH]      9 = BLOWING SNOW
                                                   X = TORNADO
MAX 32 OR BELOW:   0    0.01 INCH OR MORE:   5
MAX 90 OR ABOVE:   0    0.10 INCH OR MORE:   4
MIN 32 OR BELOW:   0    0.50 INCH OR MORE:   1
MIN  0 OR BELOW:   0    1.00 INCH OR MORE:   0

[HDD (BASE 65) ]
TOTAL THIS MO.    61    CLEAR  (SCALE 0-3)  11
DPTR FM NORMAL   -17    PTCLDY (SCALE 4-7)  12
TOTAL FM JUL 1  1885    CLOUDY (SCALE 8-10)  2
DPTR FM NORMAL  -560

[CDD (BASE 65) ]
TOTAL THIS MO.    14
DPTR FM NORMAL   -27    [PRESSURE DATA]
TOTAL FM JAN 1    53    HIGHEST SLP M ON M
DPTR FM NORMAL    -2    LOWEST  SLP 29.65 ON 15

[REMARKS]
