433
CXUS55 KBOU 220734
CF6CCU
PRELIMINARY LOCAL CLIMATOLOGICAL DATA (WS FORM: F-6)

                                          STATION:   COPPER MTN/RED CLIFF
                                          MONTH:     MARCH
                                          YEAR:      2019
                                          LATITUDE:   39 28 N
                                          LONGITUDE: 106  9 W

  TEMPERATURE IN F:       :PCPN:    SNOW:  WIND      :SUNSHINE: SKY     :PK WND
================================================================================
1   2   3   4   5  6A  6B    7    8   9   10  11  12  13   14  15   16   17  18
                                     12Z  AVG MX 2MIN
DY MAX MIN AVG DEP HDD CDD  WTR  SNW DPTH SPD SPD DIR MIN PSBL S-S WX    SPD DR
================================================================================

 1  27  23  25   M  40   0    M    M    M 19.5 30 250   M    M  10        40 250
 2  28  25  27   M  38   0    M    M    M 15.4 31 240   M    M  10 8      47 240
 3  27  16  22   M  43   0    M    M    M 13.0 22 260   M    M  10        27 260
 4  19  10  15   M  50   0    M    M    M 15.0 23 270   M    M   7 8      31 260
 5  28   9  19   M  46   0    M    M    M 12.2 27 240   M    M   6        41 240
 6  34  27  31   M  34   0    M    M    M 15.3 27 240   M    M  10 8      41 240
 7  28  21  25   M  40   0    M    M    M 13.4 23 300   M    M   9        39 300
 8  28  16  22   M  43   0    M    M    M 18.3 29 140   M    M   8 8      39 140
 9  19  10  15   M  50   0    M    M    M 14.8 33 280   M    M   8        44 280
10  28  14  21   M  44   0    M    M    M 10.7 17 170   M    M   6        23 150
11  32  23  28   M  37   0    M    M    M 10.6 17 160   M    M   6        22 150
12  36  27  32   M  33   0    M    M    M 14.2 23 160   M    M   8 8      31 160
13  34   9  22   M  43   0    M    M    M 18.0 31 300   M    M  10 3      31 280
14  14   5  10   M  55   0    M    M    M 10.9 13 310   M    M   9 8      18 300
15  27   5  16   M  49   0    M    M    M 10.4 20 280   M    M   1        25 280
16  32  14  23   M  42   0    M    M    M  8.1 14 270   M    M   0        20 310
17  34  19  27   M  38   0    M    M    M  7.8 20 160   M    M   0        17 320
18  34  23  29   M  36   0    M    M    M 13.4 21 250   M    M   4        31 250
19  27  14  21   M  44   0    M    M    M 11.2 17 290   M    M   5 8      30 270
20  37  14  26   M  39   0    M    M    M  8.9 16 170   M    M   0        21 100
21  36  27  32   M  33   0 0.00  0.0    0 14.6 27 150   M    M   4        35 140
================================================================================
SM  609  351       877   0  0.00     0.0 275.7          M      131
================================================================================
AV 29.0 16.7                              13.1 FASTST   M    M   6    MAX(MPH)
                                 MISC ---->  # 33 280               # 47  240
================================================================================
NOTES:
# LAST OF SEVERAL OCCURRENCES

COLUMN 17 PEAK WIND IN M.P.H.

PRELIMINARY LOCAL CLIMATOLOGICAL DATA (WS FORM: F-6) , PAGE 2

                                          STATION:  COPPER MTN/RED CLIFF
                                          MONTH:    MARCH
                                          YEAR:     2019
                                          LATITUDE:   39 28 N
                                          LONGITUDE: 106  9 W

[TEMPERATURE DATA]      [PRECIPITATION DATA]       SYMBOLS USED IN COLUMN 16

AVERAGE MONTHLY: 22.9   TOTAL FOR MONTH:   0.00    1 = FOG OR MIST
DPTR FM NORMAL:     M   DPTR FM NORMAL:       M    2 = FOG REDUCING VISIBILITY
HIGHEST:    37 ON 20    GRTST 24HR  0.00 ON 21-21      TO 1/4 MILE OR LESS
LOWEST:      5 ON 15,14                            3 = THUNDER
                        SNOW, ICE PELLETS, HAIL    4 = ICE PELLETS
                        TOTAL MONTH:   0.0 INCH    5 = HAIL
                        GRTST 24HR     0.0         6 = FREEZING RAIN OR DRIZZLE
                        GRTST DEPTH:   0           7 = DUSTSTORM OR SANDSTORM:
                                                       VSBY 1/2 MILE OR LESS
                                                   8 = SMOKE OR HAZE
[NO. OF DAYS WITH]      [WEATHER - DAYS WITH]      9 = BLOWING SNOW
                                                   X = TORNADO
MAX 32 OR BELOW:  14    0.01 INCH OR MORE:   0
MAX 90 OR ABOVE:   0    0.10 INCH OR MORE:   0
MIN 32 OR BELOW:  21    0.50 INCH OR MORE:   0
MIN  0 OR BELOW:   0    1.00 INCH OR MORE:   0

[HDD (BASE 65) ]
TOTAL THIS MO.   877    CLEAR  (SCALE 0-3)   4
DPTR FM NORMAL     M    PTCLDY (SCALE 4-7)   8
TOTAL FM JUL 1  7900    CLOUDY (SCALE 8-10)  9
DPTR FM NORMAL     M

[CDD (BASE 65) ]
TOTAL THIS MO.     0
DPTR FM NORMAL     M    [PRESSURE DATA]
TOTAL FM JAN 1     0    HIGHEST SLP M ON M
DPTR FM NORMAL     M    LOWEST  SLP M ON M

[REMARKS]
