121
CXUS55 KBOU 270748
CF6CCU
PRELIMINARY LOCAL CLIMATOLOGICAL DATA (WS FORM: F-6)

                                          STATION:   COPPER MTN/RED CLIFF
                                          MONTH:     MAY
                                          YEAR:      2019
                                          LATITUDE:   39 28 N
                                          LONGITUDE: 106  9 W

  TEMPERATURE IN F:       :PCPN:    SNOW:  WIND      :SUNSHINE: SKY     :PK WND
================================================================================
1   2   3   4   5  6A  6B    7    8   9   10  11  12  13   14  15   16   17  18
                                     12Z  AVG MX 2MIN
DY MAX MIN AVG DEP HDD CDD  WTR  SNW DPTH SPD SPD DIR MIN PSBL S-S WX    SPD DR
================================================================================

 1  30  23  27   M  38   0    M    M    M 13.4 23 270   M    M   8 8      37 160
 2  34  23  29   M  36   0    M    M    M 14.5 25 240   M    M   6 8      35 240
 3  39  25  32   M  33   0    M    M    M 12.5 20 270   M    M   4        27 270
 4  41  27  34   M  31   0    M    M    M 15.8 23 260   M    M   4 8      31 260
 5  45  32  39   M  26   0    M    M    M 13.2 21 250   M    M   8        29 260
 6  48  32  40   M  25   0    M    M    M  8.5 21 250   M    M   4 3      39 250
 7  45  32  39   M  26   0    M    M    M 11.9 23 160   M    M   7 3      32 150
 8  36  25  31   M  34   0    M    M    M  5.9 15  80   M    M   9 3      21  80
 9  32  19  26   M  39   0    M    M    M 12.3 23 170   M    M  10 8      30 150
10  34  25  30   M  35   0    M    M    M  8.7 16 300   M    M   9 128    21 300
11  36  23  30   M  35   0    M    M    M  9.3 16 300   M    M   5 18     25 320
12  45  27  36   M  29   0    M    M    M 12.5 20 290   M    M   3 8      28 290
13  50  34  42   M  23   0    M    M    M 11.0 17 280   M    M   4        28 300
14  52  37  45   M  20   0    M    M    M  8.5 16 170   M    M   4        29 300
15  54  37  46   M  19   0    M    M    M 10.3 15 240   M    M   3        23 210
16  52  37  45   M  20   0    M    M    M 11.7 18 160   M    M   4        31 160
17  41  25  33   M  32   0    M    M    M 12.2 21 250   M    M   7 38     30 250
18  34  23  29   M  36   0    M    M    M 12.1 22 270   M    M   9 138    30 300
19  37  25  31   M  34   0    M    M    M 14.8 25 130   M    M   7 8      36 160
20  34  28  31   M  34   0    M    M    M 13.0 28 140   M    M  10 3      36 130
21  30  25  28   M  37   0    M    M    M 14.1 27 280   M    M  10        44 290
22  37  25  31   M  34   0    M    M    M 12.7 24 160   M    M   9 8      29 160
23  36  23  30   M  35   0    M    M    M 21.5 39 110   M    M  10 8      55 110
24  37  23  30   M  35   0    M    M    M 12.7 20 250   M    M   2 8      28 250
25  46  30  38   M  27   0    M    M    M 10.4 20 110   M    M   3        25 180
26  48  34  41   M  24   0 0.00  0.0    0 12.7 25 110   M    M   3        41 110
================================================================================
SM 1053  719       797   0  0.00     0.0 316.2          M      162
================================================================================
AV 40.5 27.7                              12.2 FASTST   M    M   6    MAX(MPH)
                                 MISC ---->  # 39 110               # 55  110
================================================================================
NOTES:
# LAST OF SEVERAL OCCURRENCES

COLUMN 17 PEAK WIND IN M.P.H.

PRELIMINARY LOCAL CLIMATOLOGICAL DATA (WS FORM: F-6) , PAGE 2

                                          STATION:  COPPER MTN/RED CLIFF
                                          MONTH:    MAY
                                          YEAR:     2019
                                          LATITUDE:   39 28 N
                                          LONGITUDE: 106  9 W

[TEMPERATURE DATA]      [PRECIPITATION DATA]       SYMBOLS USED IN COLUMN 16

AVERAGE MONTHLY: 34.1   TOTAL FOR MONTH:   0.00    1 = FOG OR MIST
DPTR FM NORMAL:     M   DPTR FM NORMAL:       M    2 = FOG REDUCING VISIBILITY
HIGHEST:    54 ON 15    GRTST 24HR  0.00 ON 26-26      TO 1/4 MILE OR LESS
LOWEST:     19 ON  9                               3 = THUNDER
                        SNOW, ICE PELLETS, HAIL    4 = ICE PELLETS
                        TOTAL MONTH:   0.0 INCH    5 = HAIL
                        GRTST 24HR     0.0         6 = FREEZING RAIN OR DRIZZLE
                        GRTST DEPTH:   0           7 = DUSTSTORM OR SANDSTORM:
                                                       VSBY 1/2 MILE OR LESS
                                                   8 = SMOKE OR HAZE
[NO. OF DAYS WITH]      [WEATHER - DAYS WITH]      9 = BLOWING SNOW
                                                   X = TORNADO
MAX 32 OR BELOW:   3    0.01 INCH OR MORE:   0
MAX 90 OR ABOVE:   0    0.10 INCH OR MORE:   0
MIN 32 OR BELOW:  21    0.50 INCH OR MORE:   0
MIN  0 OR BELOW:   0    1.00 INCH OR MORE:   0

[HDD (BASE 65) ]
TOTAL THIS MO.   797    CLEAR  (SCALE 0-3)   3
DPTR FM NORMAL     M    PTCLDY (SCALE 4-7)  15
TOTAL FM JUL 1  9987    CLOUDY (SCALE 8-10)  8
DPTR FM NORMAL     M

[CDD (BASE 65) ]
TOTAL THIS MO.     0
DPTR FM NORMAL     M    [PRESSURE DATA]
TOTAL FM JAN 1     0    HIGHEST SLP M ON M
DPTR FM NORMAL     M    LOWEST  SLP M ON M

[REMARKS]
