000
CXUS53 KARX 190930
CF6CCY
PRELIMINARY LOCAL CLIMATOLOGICAL DATA (WS FORM: F-6)

                                          STATION:   CHARLES_CITY IA
                                          MONTH:     MARCH
                                          YEAR:      2019
                                          LATITUDE:   43  4 N
                                          LONGITUDE:  92 37 W

  TEMPERATURE IN F:       :PCPN:    SNOW:  WIND      :SUNSHINE: SKY     :PK WND
================================================================================
1   2   3   4   5  6A  6B    7    8   9   10  11  12  13   14  15   16   17  18
                                     12Z  AVG MX 2MIN
DY MAX MIN AVG DEP HDD CDD  WTR  SNW DPTH SPD SPD DIR MIN PSBL S-S WX    SPD DR
================================================================================

 1  23  10  17 -11  48   0    M    M    M  4.7 13 310   M    M   8         M  M
 2  16   1   9 -19  56   0    M    M    M 12.9 17 340   M    M   6 1      18 320
 3   1  -9  -4 -32  69   0 0.00  0.0    M 16.3 21 300   M    M   2        25 290
 4   5 -13  -4 -33  69   0    M    M    M 13.6 20 250   M    M   6 8      25 260
 5  12  -2   5 -24  60   0    M    M    M 14.8 23 290   M    M   4        29 290
 6  19  -2   9 -21  56   0 0.00  0.0    M  9.4 17 260   M    M   1         M  M
 7  21   3  12 -18  53   0 0.00  0.0    M  7.8 13  90   M    M   4         M  M
 8  34  21  28  -3  37   0 0.00  0.0    M  9.2 15 150   M    M   9 18     20 140
 9  34  30  32   1  33   0    M    M    M 17.3 28  90   M    M  10 1      39  99
10  34  19  27  -5  38   0    M    M    M 19.9 32 290   M    M   4 1      41 290
11  30  18  24  -8  41   0 0.00  0.0    M  5.3  9 180   M    M   4         M  M
12  37  19  28  -4  37   0 0.36  0.0    M 14.0 20 170   M    M   7 1      24 150
13  45  36  41   8  24   0 0.12  0.0    M 15.3 24 140   M    M  10 12     31 140
14  45  34  40   6  25   0 0.04    M    M 14.7 27 310   M    M  10 12     38 310
15  36  28  32  -2  33   0 0.00  0.0    M 20.8 28 320   M    M   7        37 310
16  36  23  30  -4  35   0 0.00  0.0    0  5.7 20 320   M    M   4        18 290
17  36  23  30  -5  35   0 0.00  0.0    0  7.9 13 260   M    M   5 1      15 290
18  41  25  33  -2  32   0 0.00  0.0    M  7.5 12 260   M    M   2 12      M  M
================================================================================
SM  505  264       781   0  0.52     0.0 217.1          M      103
================================================================================
AV 28.1 14.7                              12.1 FASTST   M    M   6    MAX(MPH)
                                 MISC ---->  # 32 290               # 41  290
================================================================================
NOTES:
# LAST OF SEVERAL OCCURRENCES

COLUMN 17 PEAK WIND IN M.P.H.

PRELIMINARY LOCAL CLIMATOLOGICAL DATA (WS FORM: F-6) , PAGE 2

                                          STATION:  CHARLES_CITY IA
                                          MONTH:    MARCH
                                          YEAR:     2019
                                          LATITUDE:   43  4 N
                                          LONGITUDE:  92 37 W

[TEMPERATURE DATA]      [PRECIPITATION DATA]       SYMBOLS USED IN COLUMN 16

AVERAGE MONTHLY: 21.4   TOTAL FOR MONTH:   0.52    1 = FOG OR MIST
DPTR FM NORMAL: -10.0   DPTR FM NORMAL:   -0.42    2 = FOG REDUCING VISIBILITY
HIGHEST:    45 ON 14,13 GRTST 24HR  0.36 ON 12-12      TO 1/4 MILE OR LESS
LOWEST:    -13 ON  4                               3 = THUNDER
                        SNOW, ICE PELLETS, HAIL    4 = ICE PELLETS
                        TOTAL MONTH:   0.0 INCH    5 = HAIL
                        GRTST 24HR     0.0         6 = FREEZING RAIN OR DRIZZLE
                        GRTST DEPTH:   0           7 = DUSTSTORM OR SANDSTORM:
                                                       VSBY 1/2 MILE OR LESS
                                                   8 = SMOKE OR HAZE
[NO. OF DAYS WITH]      [WEATHER - DAYS WITH]      9 = BLOWING SNOW
                                                   X = TORNADO
MAX 32 OR BELOW:   8    0.01 INCH OR MORE:   3
MAX 90 OR ABOVE:   0    0.10 INCH OR MORE:   2
MIN 32 OR BELOW:  16    0.50 INCH OR MORE:   0
MIN  0 OR BELOW:   4    1.00 INCH OR MORE:   0

[HDD (BASE 65) ]
TOTAL THIS MO.   781    CLEAR  (SCALE 0-3)   3
DPTR FM NORMAL   175    PTCLDY (SCALE 4-7)  11
TOTAL FM JUL 1  6653    CLOUDY (SCALE 8-10)  4
DPTR FM NORMAL   407

[CDD (BASE 65) ]
TOTAL THIS MO.     0
DPTR FM NORMAL     0    [PRESSURE DATA]
TOTAL FM JAN 1     0    HIGHEST SLP M ON M
DPTR FM NORMAL     0    LOWEST  SLP M ON M

[REMARKS]
