000
CXUS53 KARX 200930
CF6CCY
PRELIMINARY LOCAL CLIMATOLOGICAL DATA (WS FORM: F-6)

                                          STATION:   CHARLES_CITY IA
                                          MONTH:     MAY
                                          YEAR:      2019
                                          LATITUDE:   43  4 N
                                          LONGITUDE:  92 37 W

  TEMPERATURE IN F:       :PCPN:    SNOW:  WIND      :SUNSHINE: SKY     :PK WND
================================================================================
1   2   3   4   5  6A  6B    7    8   9   10  11  12  13   14  15   16   17  18
                                     12Z  AVG MX 2MIN
DY MAX MIN AVG DEP HDD CDD  WTR  SNW DPTH SPD SPD DIR MIN PSBL S-S WX    SPD DR
================================================================================

 1  48  39  44 -10  21   0 0.06    M    0  6.0 14  50   M    M  10 1       M  M
 2  54  39  47  -8  18   0 0.00  0.0    0  5.5 10  10   M    M   7         M  M
 3  59  34  47  -8  18   0 0.00  0.0    0  5.1  8 160   M    M   1        12  99
 4  68  41  55  -1  10   0 0.00  0.0    0  8.2 13 180   M    M   3 1      18 210
 5  72  46  59   3   6   0 0.00  0.0    0  8.1 15 220   M    M   4        12 300
 6  61  48  55  -1  10   0 0.03  0.0    0 10.4 16  30   M    M   7        22  30
 7  63  45  54  -2  11   0 0.00  0.0    0 11.4 17 120   M    M   7        18  90
 8  55  41  48  -9  17   0 1.04  0.0    0 19.2 25  90   M    M  10 18     36  90
 9  46  37  42 -15  23   0 0.00  0.0    0 15.1 24 330   M    M  10 1      35 340
10  61  36  49  -8  16   0 0.00  0.0    0  6.3 16 300   M    M   2 1      18 280
11  57  43  50  -8  15   0 0.00  0.0    0 10.4 20 170   M    M   7        22 200
12  57  39  48 -10  17   0 0.00  0.0    0  7.1 18 110   M    M   6        15 100
13  66  37  52  -6  13   0 0.00  0.0    0  5.6 10 190   M    M   3         M  M
14  63  46  55  -4  10   0 0.00  0.0    0  8.8 15 180   M    M   7        18 160
15  77  43  60   1   5   0 0.00  0.0    0  4.8 10 160   M    M   1 1      12 130
16  84  61  73  14   0   8 0.00  0.0    0 10.7 15 190   M    M   3        18 200
17  63  52  58  -2   7   0 0.14  0.0    0 14.5 22 110   M    M   7 8      30 110
18  77  48  63   3   2   0 1.25  0.0    0 14.1 20 110   M    M   7        27 130
19  54  39  47 -13  18   0    M    M    0 16.0 20 310   M    M  10 1      25 310
================================================================================
SM 1185  814       237   8  2.52     0.0 187.3          M      112
================================================================================
AV 62.4 42.8                               9.9 FASTST   M    M   6    MAX(MPH)
                                 MISC ---->  # 25  90               # 36   90
================================================================================
NOTES:
# LAST OF SEVERAL OCCURRENCES

COLUMN 17 PEAK WIND IN M.P.H.

PRELIMINARY LOCAL CLIMATOLOGICAL DATA (WS FORM: F-6) , PAGE 2

                                          STATION:  CHARLES_CITY IA
                                          MONTH:    MAY
                                          YEAR:     2019
                                          LATITUDE:   43  4 N
                                          LONGITUDE:  92 37 W

[TEMPERATURE DATA]      [PRECIPITATION DATA]       SYMBOLS USED IN COLUMN 16

AVERAGE MONTHLY: 52.6   TOTAL FOR MONTH:   2.52    1 = FOG OR MIST
DPTR FM NORMAL:  -4.8   DPTR FM NORMAL:   -0.21    2 = FOG REDUCING VISIBILITY
HIGHEST:    84 ON 16    GRTST 24HR  1.25 ON 18-18      TO 1/4 MILE OR LESS
LOWEST:     34 ON  3                               3 = THUNDER
                        SNOW, ICE PELLETS, HAIL    4 = ICE PELLETS
                        TOTAL MONTH:   0.0 INCH    5 = HAIL
                        GRTST 24HR     0.0         6 = FREEZING RAIN OR DRIZZLE
                        GRTST DEPTH:   0           7 = DUSTSTORM OR SANDSTORM:
                                                       VSBY 1/2 MILE OR LESS
                                                   8 = SMOKE OR HAZE
[NO. OF DAYS WITH]      [WEATHER - DAYS WITH]      9 = BLOWING SNOW
                                                   X = TORNADO
MAX 32 OR BELOW:   0    0.01 INCH OR MORE:   5
MAX 90 OR ABOVE:   0    0.10 INCH OR MORE:   3
MIN 32 OR BELOW:   0    0.50 INCH OR MORE:   2
MIN  0 OR BELOW:   0    1.00 INCH OR MORE:   2

[HDD (BASE 65) ]
TOTAL THIS MO.   237    CLEAR  (SCALE 0-3)   5
DPTR FM NORMAL    79    PTCLDY (SCALE 4-7)  10
TOTAL FM JUL 1  7694    CLOUDY (SCALE 8-10)  4
DPTR FM NORMAL   437

[CDD (BASE 65) ]
TOTAL THIS MO.     8
DPTR FM NORMAL    -6    [PRESSURE DATA]
TOTAL FM JAN 1     9    HIGHEST SLP M ON M
DPTR FM NORMAL   -11    LOWEST  SLP M ON M

[REMARKS]
