000
CXAK56 PAFC 261258
CF6CDB

PRELIMINARY LOCAL CLIMATOLOGICAL DATA (WS FORM: F-6)

                                          STATION:   COLD BAY
                                          MONTH:     MAY
                                          YEAR:      2019
                                          LATITUDE:   55 13 N
                                          LONGITUDE: 162 44 W

  TEMPERATURE IN F:       :PCPN:    SNOW:  WIND      :SUNSHINE: SKY     :PK WND
================================================================================
1   2   3   4   5  6A  6B    7    8   9   10  11  12  13   14  15   16   17  18
                                     12Z  AVG MX 2MIN
DY MAX MIN AVG DEP HDD CDD  WTR  SNW DPTH SPD SPD DIR MIN PSBL S-S WX    SPD DR
================================================================================

 1  45  39  42   5  23   0 0.44    M    M  7.9 14 150   M    M  10 1      16 320
 2  49  31  40   2  25   0    T    M    M 11.3 18 280   M    M   6        24 280
 3  50  30  40   2  25   0 0.00    M    M 13.1 24 150   M    M   0        29 130
 4  45  36  41   3  24   0 0.07    M    M 14.9 25 140   M    M   8 1      30 150
 5  46  37  42   4  23   0 0.03    M    M 14.1 25 150   M    M   9 1      30 150
 6  49  37  43   5  22   0 0.18    M    M 15.0 29 150   M    M   9 1      33 150
 7  49  38  44   6  21   0 0.24    M    M 17.2 26 270   M    M   7 1      32 160
 8  50  38  44   5  21   0 0.02    M    M 18.1 26 160   M    M   8 1      32 170
 9  50  38  44   5  21   0 0.05    M    M 10.8 21 150   M    M   7 18     24 160
10  50  36  43   4  22   0 0.03    M    M 15.4 22 270   M    M   6        26 280
11  51  34  43   4  22   0    T    M    M 15.4 29 150   M    M   4        36 150
12  43  35  39  -1  26   0 0.20    M    M 18.1 30 250   M    M   9 1      36 250
13  48  37  43   3  22   0 0.04    M    M 16.7 26 240   M    M   9 1      31 240
14  47  34  41   1  24   0 0.02    M    M 11.2 17 280   M    M   9 8      21 270
15  48  31  40   0  25   0    T    M    M  6.0 13  40   M    M   6        16 330
16  46  33  40   0  25   0    T    M    M  7.7 17 320   M    M   8 1      20 320
17  49  32  41   1  24   0 0.08    M    M 10.4 21 330   M    M   6 1      24 340
18  49  37  43   2  22   0 0.11    M    M  6.1 14 290   M    M   8 1      17 300
19  51  33  42   1  23   0 0.00    M    M  7.8 16 340   M    M   6        22 350
20  45  39  42   1  23   0 0.25    M    M  7.7 18 160   M    M  10 1      22 160
21  52  40  46   5  19   0 0.00    M    M 10.1 21 140   M    M   7        26 160
22  47  40  44   2  21   0 0.02    M    M 17.8 28  20   M    M  10 1      33  20
23  52  43  48   6  17   0 0.01    M    M  9.3 18 280   M    M   9 1      22 290
24  48  42  45   3  20   0 0.69    M    M 14.8 32  90   M    M   9 1      42  90
25  51  40  46   4  19   0 0.67    M    M 15.0 35 150   M    M   9 18     40 150
================================================================================
SM 1210  910       559   0  3.15     0.0 311.9          M      189
================================================================================
AV 48.4 36.4                              12.5 FASTST   M    M   8    MAX(MPH)
                                 MISC ---->  # 35 150               # 42   90
================================================================================
NOTES:
# LAST OF SEVERAL OCCURRENCES

COLUMN 17 PEAK WIND IN M.P.H.

PRELIMINARY LOCAL CLIMATOLOGICAL DATA (WS FORM: F-6) , PAGE 2

                                          STATION:  COLD BAY
                                          MONTH:    MAY
                                          YEAR:     2019
                                          LATITUDE:   55 13 N
                                          LONGITUDE: 162 44 W

[TEMPERATURE DATA]      [PRECIPITATION DATA]       SYMBOLS USED IN COLUMN 16

AVERAGE MONTHLY: 42.4   TOTAL FOR MONTH:   3.15    1 = FOG OR MIST
DPTR FM NORMAL:   2.7   DPTR FM NORMAL:    1.11    2 = FOG REDUCING VISIBILITY
HIGHEST:    52 ON 23,21 GRTST 24HR  0.69 ON 24-24      TO 1/4 MILE OR LESS
LOWEST:     30 ON  3                               3 = THUNDER
                        SNOW, ICE PELLETS, HAIL    4 = ICE PELLETS
                        TOTAL MONTH:   0.0 INCH    5 = HAIL
                        GRTST 24HR     0.0         6 = FREEZING RAIN OR DRIZZLE
                        GRTST DEPTH:   0           7 = DUSTSTORM OR SANDSTORM:
                                                       VSBY 1/2 MILE OR LESS
                                                   8 = SMOKE OR HAZE
[NO. OF DAYS WITH]      [WEATHER - DAYS WITH]      9 = BLOWING SNOW
                                                   X = TORNADO
MAX 32 OR BELOW:   0    0.01 INCH OR MORE:  18
MAX 90 OR ABOVE:   0    0.10 INCH OR MORE:   8
MIN 32 OR BELOW:   4    0.50 INCH OR MORE:   2
MIN  0 OR BELOW:   0    1.00 INCH OR MORE:   0

[HDD (BASE 65) ]
TOTAL THIS MO.   559    CLEAR  (SCALE 0-3)   1
DPTR FM NORMAL   -72    PTCLDY (SCALE 4-7)  11
TOTAL FM JUL 1  7597    CLOUDY (SCALE 8-10) 13
DPTR FM NORMAL -1264

[CDD (BASE 65) ]
TOTAL THIS MO.     0
DPTR FM NORMAL     0    [PRESSURE DATA]
TOTAL FM JAN 1     0    HIGHEST SLP M ON M
DPTR FM NORMAL     0    LOWEST  SLP 29.09 ON  7

[REMARKS]
