000
CXUS56 KSLC 231242
CF6CDC
PRELIMINARY LOCAL CLIMATOLOGICAL DATA (WS FORM: F-6)

                                          STATION:   CEDAR CITY UT
                                          MONTH:     MAY
                                          YEAR:      2019
                                          LATITUDE:   37 42 N
                                          LONGITUDE: 113  6 W

  TEMPERATURE IN F:       :PCPN:    SNOW:  WIND      :SUNSHINE: SKY     :PK WND
================================================================================
1   2   3   4   5  6A  6B    7    8   9   10  11  12  13   14  15   16   17  18
                                     12Z  AVG MX 2MIN
DY MAX MIN AVG DEP HDD CDD  WTR  SNW DPTH SPD SPD DIR MIN PSBL S-S WX    SPD DR
================================================================================

 1  53  33  43  -8  22   0    T    M    0  7.0 17 290   M    M   4 1      24 230
 2  63  28  46  -6  19   0 0.00  0.0    0  4.2 14 200   M    M   0        16 320
 3  69  34  52   0  13   0 0.00  0.0    0  3.8 12 130   M    M   0        15 220
 4  73  35  54   2  11   0 0.00  0.0    0  5.4 17 220   M    M   1        22 200
 5  74  38  56   4   9   0 0.00  0.0    0  9.3 24 230   M    M   1        30 230
 6  71  37  54   1  11   0 0.00  0.0    0  9.7 22 230   M    M   1        30 240
 7  69  45  57   4   8   0 0.01    M    0  9.0 23 290   M    M   5        30 260
 8  62  41  52  -1  13   0 0.15    M    0  7.0 21 360   M    M   5 13     28 330
 9  60  38  49  -5  16   0 0.09    M    0  5.1 15  50   M    M   6 1      19  80
10  56  40  48  -6  17   0 0.65  0.0    0  2.9 10 360   M    M   8 1      13 360
11  68  34  51  -3  14   0 0.00  0.0    0  4.3 14  10   M    M   0        20 360
12  72  37  55   0  10   0 0.00  0.0    0  4.0 10 170   M    M   0        12  10
13  77  39  58   3   7   0 0.00  0.0    0  4.6 17 210   M    M   0        22 240
14  76  44  60   5   5   0 0.00  0.0    0  8.9 23 200   M    M   0        33 210
15  74  50  62   6   3   0 0.00  0.0    0 12.9 29 210   M    M   0        37 210
16  69  38  54  -2  11   0 0.21    M    0 16.7 37 210   M    M   4 1      48 200
17  51  34  43 -13  22   0 0.02    M    0  7.2 25 290   M    M   3        34 290
18  62  33  48  -8  17   0 0.00  0.0    0  7.7 18 220   M    M   0        24 210
19  55  37  46 -11  19   0 0.15    M    0 13.7 30 200   M    M   6 13     37 180
20  51  32  42 -15  23   0 0.37    M    0  6.3 17 230   M    M   7 1      23 200
21  55  34  45 -12  20   0 0.05    M    0  8.6 23 330   M    M   7 123    31 220
22  52  33  43 -15  22   0    T    M    0  5.2 20 130   M    M   8 12     23 130
================================================================================
SM 1412  814       312   0  1.70     0.0 163.5          M       66
================================================================================
AV 64.2 37.0                               7.4 FASTST   M    M   3    MAX(MPH)
                                 MISC ---->  # 37 210               # 48  200
================================================================================
NOTES:
# LAST OF SEVERAL OCCURRENCES

COLUMN 17 PEAK WIND IN M.P.H.

PRELIMINARY LOCAL CLIMATOLOGICAL DATA (WS FORM: F-6) , PAGE 2

                                          STATION:  CEDAR CITY UT
                                          MONTH:    MAY
                                          YEAR:     2019
                                          LATITUDE:   37 42 N
                                          LONGITUDE: 113  6 W

[TEMPERATURE DATA]      [PRECIPITATION DATA]       SYMBOLS USED IN COLUMN 16

AVERAGE MONTHLY: 50.6   TOTAL FOR MONTH:   1.70    1 = FOG OR MIST
DPTR FM NORMAL:  -3.9   DPTR FM NORMAL:    1.16    2 = FOG REDUCING VISIBILITY
HIGHEST:    77 ON 13    GRTST 24HR  0.65 ON 10-10      TO 1/4 MILE OR LESS
LOWEST:     28 ON  2                               3 = THUNDER
                        SNOW, ICE PELLETS, HAIL    4 = ICE PELLETS
                        TOTAL MONTH:   0.0 INCH    5 = HAIL
                        GRTST 24HR     0.0         6 = FREEZING RAIN OR DRIZZLE
                        GRTST DEPTH:   0           7 = DUSTSTORM OR SANDSTORM:
                                                       VSBY 1/2 MILE OR LESS
                                                   8 = SMOKE OR HAZE
[NO. OF DAYS WITH]      [WEATHER - DAYS WITH]      9 = BLOWING SNOW
                                                   X = TORNADO
MAX 32 OR BELOW:   0    0.01 INCH OR MORE:   9
MAX 90 OR ABOVE:   0    0.10 INCH OR MORE:   5
MIN 32 OR BELOW:   2    0.50 INCH OR MORE:   1
MIN  0 OR BELOW:   0    1.00 INCH OR MORE:   0

[HDD (BASE 65) ]
TOTAL THIS MO.   312    CLEAR  (SCALE 0-3)  11
DPTR FM NORMAL    78    PTCLDY (SCALE 4-7)  10
TOTAL FM JUL 1  5977    CLOUDY (SCALE 8-10)  1
DPTR FM NORMAL  -143

[CDD (BASE 65) ]
TOTAL THIS MO.     0
DPTR FM NORMAL     0    [PRESSURE DATA]
TOTAL FM JAN 1     0    HIGHEST SLP M ON M
DPTR FM NORMAL     0    LOWEST  SLP 29.41 ON 16

[REMARKS]
