000
CXUS54 KLZK 031700
CF6CDH

PRELIMINARY LOCAL CLIMATOLOGICAL DATA (WS FORM: F-6)

                                          STATION:   CAMDEN AIRPORT
                                          MONTH:     DECEMBER
                                          YEAR:      2018
                                          LATITUDE:   33 57 N
                                          LONGITUDE:  92 46 W

  TEMPERATURE IN F:       :PCPN:    SNOW:  WIND      :SUNSHINE: SKY     :PK WND
================================================================================
1   2   3   4   5  6A  6B    7    8   9   10  11  12  13   14  15   16   17  18
                                     12Z  AVG MX 2MIN
DY MAX MIN AVG DEP HDD CDD  WTR  SNW DPTH SPD SPD DIR MIN PSBL S-S WX    SPD DR
================================================================================

 1  75  48  62   M   3   0 0.65    M    M  7.3 16 220   M    M   4 128    24 220
 2  66  43  55   M  10   0 0.00    M    M  4.8 12 230   M    M   2         M  M
 3  54  32  43   M  22   0 0.00    M    M  2.8  8 360   M    M   4         M  M
 4  50  28  39   M  26   0 0.00    M    M  2.3  8 360   M    M   2 1      12  99
 5  54  25  40   M  25   0 0.00    M    M  0.3  5 240   M    M   0 1       M  M
 6  48  28  38   M  27   0 0.11    M    M  2.9  8  50   M    M   9         M  M
 7  45  39  42   M  23   0 1.05    M    M  6.5 12  30   M    M  10 1      13  50
 8  39  34  37   M  28   0 1.21    M    M 10.7 15  10   M    M  10        23  50
 9  54  28  41   M  24   0 0.00    M    M  4.3  9 350   M    M   6 1      13 340
10  52  25  39   M  26   0 0.00    M    M  1.6  8 340   M    M   0 1      12  99
11  61  23  42   M  23   0 0.00    M    M  3.6 12 190   M    M   0 8      16 170
12  57  43  50   M  15   0 0.00    M    M  5.4  9 170   M    M   8         M  M
13  59  54  57   M   8   0 1.50    M    M  4.4  9 160   M    M   9 1      16 130
14  59  48  54   M  11   0 1.11    M    M  7.0 14  10   M    M  10 1      22 360
15  52  43  48   M  17   0 0.00    M    M  3.8  7 320   M    M  10 12     12 310
16  64  37  51   M  14   0 0.00    M    M  0.2  5 150   M    M   3 128     M  M
17  57  39  48   M  17   0 0.00    M    M  0.3  5  20   M    M   9 128     M  M
18  59  39  49   M  16   0 0.00    M    M  2.1  8 200   M    M   9 128     M  M
19  52  45  49   M  16   0 0.28    M    M  1.2  7 160   M    M   9 12      M  M
20  61  45  53   M  12   0 0.04    M    M  6.8 14 310   M    M   8 18     30 310
21  59  34  47   M  18   0 0.00    M    M  5.5 12 310   M    M   2        20 310
22  70  30  50   M  15   0 0.00    M    M  4.7 17 190   M    M   2 1      21 190
23  61  34  48   M  17   0 0.00    M    M  3.5 12  20   M    M   1 12     17  20
24  59  28  44   M  21   0 0.00    M    M  3.6 12 150   M    M   2 1      15 120
25  63  46  55   M  10   0 0.00    M    M  1.3  6 130   M    M  10 18      M  M
26  72  54  63   M   2   0 0.23    M    M  6.3 16 140   M    M   8 1      28 150
27  64  50  57   M   8   0 1.15    M    M  6.8 17 150   M    M   7 1      38 150
28  55  37  46   M  19   0 0.00    M    M  4.4  9 320   M    M   2         M  M
29  43  34  39   M  26   0 0.00    M    M  6.7  9  40   M    M   6        14  30
30  48  37  43   M  22   0 0.51    M    M   M   M   M   M    M   M         M  M
31  58  45  52   M  13   0 0.73    M    M   M   M   M   M    M   M         M  M
================================================================================
SM 1770 1175       534   0  8.57    M    121.1          M      162
================================================================================
AV 57.1 37.9                               4.2 FASTST   M    M   6    MAX(MPH)
                                 MISC ---->  # 17 190               # 38  150
================================================================================
NOTES:
# LAST OF SEVERAL OCCURRENCES

COLUMN 17 PEAK WIND IN M.P.H.

PRELIMINARY LOCAL CLIMATOLOGICAL DATA (WS FORM: F-6) , PAGE 2

                                          STATION:  CAMDEN AIRPORT
                                          MONTH:    DECEMBER
                                          YEAR:     2018
                                          LATITUDE:   33 57 N
                                          LONGITUDE:  92 46 W

[TEMPERATURE DATA]      [PRECIPITATION DATA]       SYMBOLS USED IN COLUMN 16

AVERAGE MONTHLY: 47.5   TOTAL FOR MONTH:   8.57    1 = FOG OR MIST
DPTR FM NORMAL:     M   DPTR FM NORMAL:       M    2 = FOG REDUCING VISIBILITY
HIGHEST:    75 ON  1    GRTST 24HR  1.50 ON 13-13      TO 1/4 MILE OR LESS
LOWEST:     23 ON 11                               3 = THUNDER
                        SNOW, ICE PELLETS, HAIL    4 = ICE PELLETS
                        TOTAL MONTH:    M          5 = HAIL
                        GRTST 24HR    M  ON   M    6 = FREEZING RAIN OR DRIZZLE
                        GRTST DEPTH:  M  ON   M    7 = DUSTSTORM OR SANDSTORM:
                                                       VSBY 1/2 MILE OR LESS
                                                   8 = SMOKE OR HAZE
[NO. OF DAYS WITH]      [WEATHER - DAYS WITH]      9 = BLOWING SNOW
                                                   X = TORNADO
MAX 32 OR BELOW:   0    0.01 INCH OR MORE:  12
MAX 90 OR ABOVE:   0    0.10 INCH OR MORE:  11
MIN 32 OR BELOW:   9    0.50 INCH OR MORE:   8
MIN  0 OR BELOW:   0    1.00 INCH OR MORE:   5

[HDD (BASE 65) ]
TOTAL THIS MO.   534    CLEAR  (SCALE 0-3)  11
DPTR FM NORMAL     M    PTCLDY (SCALE 4-7)   6
TOTAL FM JUL 1  1110    CLOUDY (SCALE 8-10) 12
DPTR FM NORMAL     M

[CDD (BASE 65) ]
TOTAL THIS MO.     0
DPTR FM NORMAL     M    [PRESSURE DATA]
TOTAL FM JAN 1  2752    HIGHEST SLP M ON M
DPTR FM NORMAL     M    LOWEST  SLP M ON M

[REMARKS]
#FINAL-12-18#
