000
CXUS55 KEAX 250736
CF6CDJ
PRELIMINARY LOCAL CLIMATOLOGICAL DATA (WS FORM: F-6)

                                          STATION:   CHILLICOTHE
                                          MONTH:     MARCH
                                          YEAR:      2019
                                          LATITUDE:   39 49 N
                                          LONGITUDE:  93 35 W

  TEMPERATURE IN F:       :PCPN:    SNOW:  WIND      :SUNSHINE: SKY     :PK WND
================================================================================
1   2   3   4   5  6A  6B    7    8   9   10  11  12  13   14  15   16   17  18
                                     12Z  AVG MX 2MIN
DY MAX MIN AVG DEP HDD CDD  WTR  SNW DPTH SPD SPD DIR MIN PSBL S-S WX    SPD DR
================================================================================

 1  34  20  27  -9  38   0 0.00    M    M  3.4 12 330   M    M   0        19 320
 2  30  20  25 -12  40   0 0.00    M    M  8.6 16  20   M    M   0        24 330
 3  21   1  11 -26  54   0 0.14    M    M 10.8 18 350   M    M   0        32  10
 4  16  -2   7 -31  58   0 0.00    M    M  7.1 13 300   M    M   0        23 270
 5  25   8  17 -21  48   0 0.00    M    M  7.1 18 310   M    M   0        33 300
 6  37   6  22 -16  43   0 0.00    M    M  3.6 14 200   M    M   0        20 240
 7  35  29  32  -7  33   0 0.00    M    M  7.6 15  90   M    M   0        24 110
 8  42  32  37  -2  28   0 0.00    M    M  5.4 15 100   M    M   0        23 120
 9  46  35  41   1  24   0 1.07    M    M 10.3 23 300   M    M   0        39 290
10  45  29  37  -3  28   0 0.00    M    M  5.7 15 300   M    M   0        23 260
11  50  23  37  -4  28   0 0.00    M    M  1.7 10 120   M    M   0        13 120
12  53  33  43   2  22   0 0.20    M    M  7.4 18 180   M    M   0        27 160
13  64  49  57  15   8   0 0.11    M    M 12.8 23 150   M    M   0        39 170
14  59  36  48   6  17   0 0.01    M    M 15.4 30 200   M    M   0        47 210
15  49  31  40  -2  25   0 0.00    M    M  9.1 20 310   M    M   0        37 310
16  58  24  41  -2  24   0 0.00    M    M  4.6 15 200   M    M   0        24 220
17  52  30  41  -2  24   0 0.00    M    M  3.7 13 330   M    M   0        25 340
18  52  26  39  -5  26   0 0.00    M    M  1.4  9 350   M    M   0        13 280
19  53  32  43  -1  22   0 0.03    M    M  4.4 15 110   M    M   0        22 120
20  56  38  47   3  18   0 0.08    M    M  6.7 14 350   M    M   0        26 300
21  58  33  46   1  19   0 0.00    M    M  5.2 13 310   M    M   0        20 320
22  65  30  48   3  17   0 0.00    M    M  3.2  9  40   M    M   0        13  50
23  59  36  48   2  17   0 0.01    M    M  7.1 16 110   M    M   0        25 120
24  59  48  54   8  11   0 0.02    M    M  4.6 12  10   M    M   0        20 360
================================================================================
SM 1118  647       672   0  1.67    M    156.9          M        0
================================================================================
AV 46.6 27.0                               6.5 FASTST   M    M   0    MAX(MPH)
                                 MISC ---->  # 30 200               # 47  210
================================================================================
NOTES:
# LAST OF SEVERAL OCCURRENCES

COLUMN 17 PEAK WIND IN M.P.H.

PRELIMINARY LOCAL CLIMATOLOGICAL DATA (WS FORM: F-6) , PAGE 2

                                          STATION:  CHILLICOTHE
                                          MONTH:    MARCH
                                          YEAR:     2019
                                          LATITUDE:   39 49 N
                                          LONGITUDE:  93 35 W

[TEMPERATURE DATA]      [PRECIPITATION DATA]       SYMBOLS USED IN COLUMN 16

AVERAGE MONTHLY: 36.8   TOTAL FOR MONTH:   1.67    1 = FOG OR MIST
DPTR FM NORMAL:  -4.5   DPTR FM NORMAL:   -0.41    2 = FOG REDUCING VISIBILITY
HIGHEST:    65 ON 22    GRTST 24HR  1.07 ON  9- 9      TO 1/4 MILE OR LESS
LOWEST:     -2 ON  4                               3 = THUNDER
                        SNOW, ICE PELLETS, HAIL    4 = ICE PELLETS
                        TOTAL MONTH:    M          5 = HAIL
                        GRTST 24HR    M  ON   M    6 = FREEZING RAIN OR DRIZZLE
                        GRTST DEPTH:  M  ON   M    7 = DUSTSTORM OR SANDSTORM:
                                                       VSBY 1/2 MILE OR LESS
                                                   8 = SMOKE OR HAZE
[NO. OF DAYS WITH]      [WEATHER - DAYS WITH]      9 = BLOWING SNOW
                                                   X = TORNADO
MAX 32 OR BELOW:   4    0.01 INCH OR MORE:   9
MAX 90 OR ABOVE:   0    0.10 INCH OR MORE:   4
MIN 32 OR BELOW:  16    0.50 INCH OR MORE:   1
MIN  0 OR BELOW:   1    1.00 INCH OR MORE:   1

[HDD (BASE 65) ]
TOTAL THIS MO.   672    CLEAR  (SCALE 0-3)  24
DPTR FM NORMAL   101    PTCLDY (SCALE 4-7)   0
TOTAL FM JUL 1  5113    CLOUDY (SCALE 8-10)  0
DPTR FM NORMAL   215

[CDD (BASE 65) ]
TOTAL THIS MO.     0
DPTR FM NORMAL     0    [PRESSURE DATA]
TOTAL FM JAN 1     0    HIGHEST SLP  0.00 ON M
DPTR FM NORMAL     0    LOWEST  SLP  0.00 ON M

[REMARKS]
