000
CXUS55 KEAX 240736
CF6CDJ
PRELIMINARY LOCAL CLIMATOLOGICAL DATA (WS FORM: F-6)

                                          STATION:   CHILLICOTHE
                                          MONTH:     MAY
                                          YEAR:      2019
                                          LATITUDE:   39 49 N
                                          LONGITUDE:  93 35 W

  TEMPERATURE IN F:       :PCPN:    SNOW:  WIND      :SUNSHINE: SKY     :PK WND
================================================================================
1   2   3   4   5  6A  6B    7    8   9   10  11  12  13   14  15   16   17  18
                                     12Z  AVG MX 2MIN
DY MAX MIN AVG DEP HDD CDD  WTR  SNW DPTH SPD SPD DIR MIN PSBL S-S WX    SPD DR
================================================================================

 1  66  55  61   3   4   0 0.08    M    M  2.0  9  10   M    M   0        16 360
 2  63  50  57  -2   8   0 0.76    M    M  5.8 15 350   M    M   0        29 360
 3  59  44  52  -7  13   0 0.06    M    M  3.6 12  40   M    M   0        17  50
 4  71  41  56  -3   9   0 0.00    M    M  1.6  7 120   M    M   0        12 150
 5  75  45  60   0   5   0 0.00    M    M  3.9 16 190   M    M   0        23 190
 6  80  55  68   8   0   3 1.01    M    M  3.1 20  10   M    M   0        32  60
 7  60  57  59  -1   6   0 0.26    M    M  5.4 13  40   M    M   0        21  70
 8  73  55  64   4   1   0 0.76    M    M  9.2 18 200   M    M   0        28 210
 9  55  44  50 -11  15   0 0.00    M    M  6.6 14 310   M    M   0        23 310
10  63  40  52  -9  13   0 0.00    M    M  2.2  9  50   M    M   0        16 350
11  55  45  50 -11  15   0 0.10    M    M  2.1  9 110   M    M   0        13 120
12  58  42  50 -12  15   0 0.14    M    M  2.7 10  30   M    M   0        16  30
13  67  39  53  -9  12   0 0.00    M    M  1.0  8 190   M    M   0        12 180
14  80  47  64   2   1   0 0.50    M    M  4.0 14 190   M    M   0        21 160
15  82  56  69   6   0   4 0.00    M    M  2.3  9  80   M    M   0        14  80
16  91  63  77  14   0  12 0.00    M    M  7.5 16 200   M    M   0        26 210
17  85  69  77  14   0  12 0.00    M    M  8.6 20 190   M    M   0        35 230
18  77  64  71   7   0   6 1.65    M    M  6.3 15 310   M    M   0        27 280
19  66  52  59  -5   6   0 0.43    M    M  4.9 15 290   M    M   0        27 320
20  54  47  51 -13  14   0 1.75    M    M  6.8 20 120   M    M   0        38 100
21  62  47  55 -10  10   0 0.78    M    M 10.2 22 110   M    M   0        39 100
22  78  58  68   3   0   3 0.20    M    M  6.7 16 190   M    M   0        27 160
23  77  51  64  -1   1   0 0.00    M    M  2.4  8 120   M    M   0        15 110
================================================================================
SM 1597 1166       148  40  8.48    M    108.9          M        0
================================================================================
AV 69.4 50.7                               4.7 FASTST   M    M   0    MAX(MPH)
                                 MISC ---->  # 22 110               # 39  100
================================================================================
NOTES:
# LAST OF SEVERAL OCCURRENCES

COLUMN 17 PEAK WIND IN M.P.H.

PRELIMINARY LOCAL CLIMATOLOGICAL DATA (WS FORM: F-6) , PAGE 2

                                          STATION:  CHILLICOTHE
                                          MONTH:    MAY
                                          YEAR:     2019
                                          LATITUDE:   39 49 N
                                          LONGITUDE:  93 35 W

[TEMPERATURE DATA]      [PRECIPITATION DATA]       SYMBOLS USED IN COLUMN 16

AVERAGE MONTHLY: 60.1   TOTAL FOR MONTH:   8.48    1 = FOG OR MIST
DPTR FM NORMAL:  -1.7   DPTR FM NORMAL:    4.87    2 = FOG REDUCING VISIBILITY
HIGHEST:    91 ON 16    GRTST 24HR  1.75 ON 20-20      TO 1/4 MILE OR LESS
LOWEST:     39 ON 13                               3 = THUNDER
                        SNOW, ICE PELLETS, HAIL    4 = ICE PELLETS
                        TOTAL MONTH:    M          5 = HAIL
                        GRTST 24HR    M  ON   M    6 = FREEZING RAIN OR DRIZZLE
                        GRTST DEPTH:  M  ON   M    7 = DUSTSTORM OR SANDSTORM:
                                                       VSBY 1/2 MILE OR LESS
                                                   8 = SMOKE OR HAZE
[NO. OF DAYS WITH]      [WEATHER - DAYS WITH]      9 = BLOWING SNOW
                                                   X = TORNADO
MAX 32 OR BELOW:   0    0.01 INCH OR MORE:  14
MAX 90 OR ABOVE:   1    0.10 INCH OR MORE:  12
MIN 32 OR BELOW:   0    0.50 INCH OR MORE:   7
MIN  0 OR BELOW:   0    1.00 INCH OR MORE:   3

[HDD (BASE 65) ]
TOTAL THIS MO.   148    CLEAR  (SCALE 0-3)  23
DPTR FM NORMAL    37    PTCLDY (SCALE 4-7)   0
TOTAL FM JUL 1  5662    CLOUDY (SCALE 8-10)  0
DPTR FM NORMAL   180

[CDD (BASE 65) ]
TOTAL THIS MO.    40
DPTR FM NORMAL     4    [PRESSURE DATA]
TOTAL FM JAN 1    53    HIGHEST SLP  0.00 ON M
DPTR FM NORMAL     3    LOWEST  SLP  0.00 ON M

[REMARKS]
