000
CXUS55 KCYS 181000
CF6CDR
PRELIMINARY LOCAL CLIMATOLOGICAL DATA (WS FORM: F-6)

                                          STATION:   CHADRON NEBRASKA AIRPORT
                                          MONTH:     MARCH
                                          YEAR:      2019
                                          LATITUDE:   42 50 N
                                          LONGITUDE: 103  6 W

  TEMPERATURE IN F:       :PCPN:    SNOW:  WIND      :SUNSHINE: SKY     :PK WND
================================================================================
1   2   3   4   5  6A  6B    7    8   9   10  11  12  13   14  15   16   17  18
                                     12Z  AVG MX 2MIN
DY MAX MIN AVG DEP HDD CDD  WTR  SNW DPTH SPD SPD DIR MIN PSBL S-S WX    SPD DR
================================================================================

 1  36  15  26  -5  39   0 0.00    M    M  7.3 17  50   M    M   6 1      21  60
 2  20  -8   6 -26  59   0    T    M    M 12.8 30  20   M    M  10 128    37  10
 3   3 -21  -9 -41  74   0    T    M    M  8.6 21 300   M    M   3 18     26 300
 4  15 -11   2 -30  63   0 0.00    M    M 15.8 28 290   M    M   0 8      34 290
 5  28   0  14 -18  51   0 0.00    M    M 12.1 30 280   M    M   0 8      39 280
 6  22  -1  11 -22  54   0    T    M    M  6.9 20  60   M    M   9 1      22  60
 7  29   9  19 -14  46   0    T    M    M  6.6 16  70   M    M   7 18     18  60
 8  31   2  17 -17  48   0    T    M    M  5.5 15  30   M    M   5 128    18  10
 9  32   9  21 -13  44   0    T    M    M 10.2 28 300   M    M   6 1      35 300
10  35   0  18 -16  47   0 0.00    M    M  3.8 12 240   M    M   0        12 230
11  43   0  22 -12  43   0 0.00    M    M  6.5 25 190   M    M   0        31 190
12  55  26  41   6  24   0 0.00    M    M  6.0 18 200   M    M   0        21 200
13  34  27  31  -4  34   0 0.51    M    M 21.5 35 360   M    M  10 129    44 360
14  34  19  27  -8  38   0    T    M    M 19.6 29 310   M    M   6        40 320
15  38  12  25 -11  40   0 0.00    M    M  8.1 15 240   M    M   0        17 250
16  40  18  29  -7  36   0 0.00    M    M  7.2 17 300   M    M   1        20 300
17  42  17  30  -6  35   0 0.00    M    M  3.4 10 270   M    M   1        13 240
================================================================================
SM  537  113       775   0  0.51    M    161.9          M       64
================================================================================
AV 31.6  6.7                               9.5 FASTST   M    M   4    MAX(MPH)
                                 MISC ---->  # 35 360               # 44  360
================================================================================
NOTES:
# LAST OF SEVERAL OCCURRENCES

COLUMN 17 PEAK WIND IN M.P.H.

PRELIMINARY LOCAL CLIMATOLOGICAL DATA (WS FORM: F-6) , PAGE 2

                                          STATION:  CHADRON NEBRASKA AIRPORT
                                          MONTH:    MARCH
                                          YEAR:     2019
                                          LATITUDE:   42 50 N
                                          LONGITUDE: 103  6 W

[TEMPERATURE DATA]      [PRECIPITATION DATA]       SYMBOLS USED IN COLUMN 16

AVERAGE MONTHLY: 19.1   TOTAL FOR MONTH:   0.51    1 = FOG OR MIST
DPTR FM NORMAL: -14.6   DPTR FM NORMAL:   -0.11    2 = FOG REDUCING VISIBILITY
HIGHEST:    55 ON 12    GRTST 24HR  0.51 ON 13-13      TO 1/4 MILE OR LESS
LOWEST:    -21 ON  3                               3 = THUNDER
                        SNOW, ICE PELLETS, HAIL    4 = ICE PELLETS
                        TOTAL MONTH:    M          5 = HAIL
                        GRTST 24HR    M  ON   M    6 = FREEZING RAIN OR DRIZZLE
                        GRTST DEPTH:  M  ON   M    7 = DUSTSTORM OR SANDSTORM:
                                                       VSBY 1/2 MILE OR LESS
                                                   8 = SMOKE OR HAZE
[NO. OF DAYS WITH]      [WEATHER - DAYS WITH]      9 = BLOWING SNOW
                                                   X = TORNADO
MAX 32 OR BELOW:   8    0.01 INCH OR MORE:   1
MAX 90 OR ABOVE:   0    0.10 INCH OR MORE:   1
MIN 32 OR BELOW:  17    0.50 INCH OR MORE:   1
MIN  0 OR BELOW:   7    1.00 INCH OR MORE:   0

[HDD (BASE 65) ]
TOTAL THIS MO.   775    CLEAR  (SCALE 0-3)   9
DPTR FM NORMAL   244    PTCLDY (SCALE 4-7)   5
TOTAL FM JUL 1  6118    CLOUDY (SCALE 8-10)  3
DPTR FM NORMAL   335

[CDD (BASE 65) ]
TOTAL THIS MO.     0
DPTR FM NORMAL     0    [PRESSURE DATA]
TOTAL FM JAN 1     0    HIGHEST SLP M ON M
DPTR FM NORMAL     0    LOWEST  SLP 29.09 ON 13

[REMARKS]
