000
CXUS54 KLUB 230755
CF6CDS
PRELIMINARY LOCAL CLIMATOLOGICAL DATA (WS FORM: F-6)

                                          STATION:   CHILDRESS
                                          MONTH:     MARCH
                                          YEAR:      2019
                                          LATITUDE:   34 25 N
                                          LONGITUDE: 100 17 W

  TEMPERATURE IN F:       :PCPN:    SNOW:  WIND      :SUNSHINE: SKY     :PK WND
================================================================================
1   2   3   4   5  6A  6B    7    8   9   10  11  12  13   14  15   16   17  18
                                     12Z  AVG MX 2MIN
DY MAX MIN AVG DEP HDD CDD  WTR  SNW DPTH SPD SPD DIR MIN PSBL S-S WX    SPD DR
================================================================================

 1  58  24  41  -8  24   0 0.00  0.0    0  8.2 16  90   M    M   4        22  80
 2  38  30  34 -15  31   0 0.00  0.0    0  8.1 17  60   M    M   8 18     23  60
 3  32  19  26 -24  39   0    T    T    0 16.1 25 360   M    M  10 18     32  10
 4  30  15  23 -27  42   0 0.00  0.0    0  8.3 20  10   M    M  10        23  10
 5  48  19  34 -16  31   0 0.00  0.0    0  5.3 12 340   M    M   4        16  30
 6  60  22  41  -9  24   0 0.00  0.0    0 14.8 30 190   M    M   0        36 190
 7  77  38  58   7   7   0 0.00  0.0    0 10.2 18  10   M    M   0        23  20
 8  59  38  49  -2  16   0 0.03  0.0    0  8.8 20  20   M    M   1        25  30
 9  75  48  62  11   3   0 0.04  0.0    0 17.3 55 270   M    M   1 8      71 260
10  50  38  44  -8  21   0    T  0.0    0  7.9 20  50   M    M   5        24  50
11  50  39  45  -7  20   0 0.49  0.0    0  6.9 14 110   M    M  10 138    20 120
12  61  48  55   3  10   0 0.07  0.0    0  8.8 23 130   M    M  10 123    28 130
13  67  45  56   3   9   0 0.41  0.0    0 27.6 52 230   M    M   4 138    66 230
14  58  40  49  -4  16   0 0.00  0.0    0 17.5 31 340   M    M   0        41 330
15  57  28  43 -10  22   0 0.00  0.0    0  8.0 18  20   M    M   0        22  10
16  62  34  48  -6  17   0 0.00  0.0    0  6.5 15 190   M    M   0        19 160
17  66  36  51  -3  14   0 0.00  0.0    0  5.8 12 140   M    M   0        18 210
18  68  38  53  -1  12   0 0.00  0.0    0  7.2 17 140   M    M   0        25 160
19  71  39  55   1  10   0 0.00  0.0    0 12.5 22 210   M    M   1        27 230
20  66  45  56   1   9   0 0.02  0.0    0  8.0 18  20   M    M   4        24  20
21  71  41  56   1   9   0 0.00  0.0    0  5.5 13 320   M    M   0        15 310
22  73  46  60   5   5   0 0.00  0.0    0 12.9 25 170   M    M   5        34 150
================================================================================
SM 1297  770       391   0  1.06    T    232.2          M       77
================================================================================
AV 59.0 35.0                              10.6 FASTST   M    M   4    MAX(MPH)
                                 MISC ---->  # 55 270               # 71  260
================================================================================
NOTES:
# LAST OF SEVERAL OCCURRENCES

COLUMN 17 PEAK WIND IN M.P.H.

PRELIMINARY LOCAL CLIMATOLOGICAL DATA (WS FORM: F-6) , PAGE 2

                                          STATION:  CHILDRESS
                                          MONTH:    MARCH
                                          YEAR:     2019
                                          LATITUDE:   34 25 N
                                          LONGITUDE: 100 17 W

[TEMPERATURE DATA]      [PRECIPITATION DATA]       SYMBOLS USED IN COLUMN 16

AVERAGE MONTHLY: 47.0   TOTAL FOR MONTH:   1.06    1 = FOG OR MIST
DPTR FM NORMAL:  -5.2   DPTR FM NORMAL:    0.01    2 = FOG REDUCING VISIBILITY
HIGHEST:    77 ON  7    GRTST 24HR  0.49 ON 11-11      TO 1/4 MILE OR LESS
LOWEST:     15 ON  4                               3 = THUNDER
                        SNOW, ICE PELLETS, HAIL    4 = ICE PELLETS
                        TOTAL MONTH:    T          5 = HAIL
                        GRTST 24HR    T  ON  3- 3  6 = FREEZING RAIN OR DRIZZLE
                        GRTST DEPTH:   0           7 = DUSTSTORM OR SANDSTORM:
                                                       VSBY 1/2 MILE OR LESS
                                                   8 = SMOKE OR HAZE
[NO. OF DAYS WITH]      [WEATHER - DAYS WITH]      9 = BLOWING SNOW
                                                   X = TORNADO
MAX 32 OR BELOW:   2    0.01 INCH OR MORE:   6
MAX 90 OR ABOVE:   0    0.10 INCH OR MORE:   2
MIN 32 OR BELOW:   7    0.50 INCH OR MORE:   0
MIN  0 OR BELOW:   0    1.00 INCH OR MORE:   0

[HDD (BASE 65) ]
TOTAL THIS MO.   391    CLEAR  (SCALE 0-3)  11
DPTR FM NORMAL   100    PTCLDY (SCALE 4-7)   7
TOTAL FM JUL 1  3071    CLOUDY (SCALE 8-10)  4
DPTR FM NORMAL   220

[CDD (BASE 65) ]
TOTAL THIS MO.     0
DPTR FM NORMAL    -7    [PRESSURE DATA]
TOTAL FM JAN 1     0    HIGHEST SLP M ON M
DPTR FM NORMAL    -8    LOWEST  SLP 29.24 ON 13

[REMARKS]
