000
CXUS55 KGJT 221000
CF6CEZ
PRELIMINARY LOCAL CLIMATOLOGICAL DATA (WS FORM: F-6)

                                          STATION:   CORTEZ CO
                                          MONTH:     MAY
                                          YEAR:      2018
                                          LATITUDE:   37 17 N
                                          LONGITUDE: 108 38 W

  TEMPERATURE IN F:       :PCPN:    SNOW:  WIND      :SUNSHINE: SKY     :PK WND
================================================================================
1   2   3   4   5  6A  6B    7    8   9   10  11  12  13   14  15   16   17  18
                                     12Z  AVG MX 2MIN
DY MAX MIN AVG DEP HDD CDD  WTR  SNW DPTH SPD SPD DIR MIN PSBL S-S WX    SPD DR
================================================================================

 1  63  44  54   3  11   0 0.03    M    M 11.5 28 200   M    M   4        39 210
 2  53  36  45  -7  20   0 0.43    M    M  5.9 31 210   M    M   8 13     36 210
 3  56  36  46  -6  19   0 0.06    M    M  5.4 22 280   M    M   5 1      26 280
 4  70  30  50  -2  15   0 0.00    M    M  6.7 15 220   M    M   0        19 220
 5  76  34  55   3  10   0 0.00    M    M  4.8 16 290   M    M   0        19 220
 6  82  35  59   6   6   0 0.00    M    M  4.8 20 220   M    M   0        30 200
 7  83  40  62   9   3   0 0.00    M    M  7.1 22 280   M    M   0        30 220
 8  86  37  62   9   3   0 0.00    M    M  7.0 21  10   M    M   0        27 360
 9  86  38  62   8   3   0 0.00    M    M  6.9 21 290   M    M   0        25 290
10  88  40  64  10   1   0 0.00    M    M 12.3 30 210   M    M   0        38 260
11  84  56  70  16   0   5 0.00    M    M 16.8 38 200   M    M   0        48 200
12  80  52  66  12   0   1 0.00    M    M 16.1 35 220   M    M   0        45 210
13  75  42  59   4   6   0 0.00    M    M 10.2 26 200   M    M   0        33 180
14  75  35  55   0  10   0 0.00    M    M  8.1 20 210   M    M   0        26 220
15  78  34  56   1   9   0 0.00    M    M  8.4 22 210   M    M   0        26 190
16  83  34  59   3   6   0 0.00    M    M  7.6 21 190   M    M   0        29 220
17  82  38  60   4   5   0 0.00    M    M  8.8 25 210   M    M   0        34 210
18  78  40  59   3   6   0 0.00    M    M  8.9 21 250   M    M   0        29 290
19  78  38  58   2   7   0 0.00    M    M  7.9 18 210   M    M   1        29 190
20  82  37  60   3   5   0 0.00    M    M  8.5 26 190   M    M   1        34 190
21  82  41  62   5   3   0    T    M    M 11.6 37 120   M    M   2 3      52 110
================================================================================
SM 1620  817       148   6  0.52    M    185.3          M       21
================================================================================
AV 77.1 38.9                               8.8 FASTST   M    M   1    MAX(MPH)
                                 MISC ---->  # 38 200               # 52  110
================================================================================
NOTES:
# LAST OF SEVERAL OCCURRENCES

COLUMN 17 PEAK WIND IN M.P.H.

PRELIMINARY LOCAL CLIMATOLOGICAL DATA (WS FORM: F-6) , PAGE 2

                                          STATION:  CORTEZ CO
                                          MONTH:    MAY
                                          YEAR:     2018
                                          LATITUDE:   37 17 N
                                          LONGITUDE: 108 38 W

[TEMPERATURE DATA]      [PRECIPITATION DATA]       SYMBOLS USED IN COLUMN 16

AVERAGE MONTHLY: 58.0   TOTAL FOR MONTH:   0.52    1 = FOG OR MIST
DPTR FM NORMAL:   3.9   DPTR FM NORMAL:   -0.20    2 = FOG REDUCING VISIBILITY
HIGHEST:    88 ON 10    GRTST 24HR  0.43 ON  2- 2      TO 1/4 MILE OR LESS
LOWEST:     30 ON  4                               3 = THUNDER
                        SNOW, ICE PELLETS, HAIL    4 = ICE PELLETS
                        TOTAL MONTH:    M          5 = HAIL
                        GRTST 24HR    M  ON   M    6 = FREEZING RAIN OR DRIZZLE
                        GRTST DEPTH:  M  ON   M    7 = DUSTSTORM OR SANDSTORM:
                                                       VSBY 1/2 MILE OR LESS
                                                   8 = SMOKE OR HAZE
[NO. OF DAYS WITH]      [WEATHER - DAYS WITH]      9 = BLOWING SNOW
                                                   X = TORNADO
MAX 32 OR BELOW:   0    0.01 INCH OR MORE:   3
MAX 90 OR ABOVE:   0    0.10 INCH OR MORE:   1
MIN 32 OR BELOW:   1    0.50 INCH OR MORE:   0
MIN  0 OR BELOW:   0    1.00 INCH OR MORE:   0

[HDD (BASE 65) ]
TOTAL THIS MO.   148    CLEAR  (SCALE 0-3)  18
DPTR FM NORMAL   -80    PTCLDY (SCALE 4-7)   2
TOTAL FM JUL 1  5553    CLOUDY (SCALE 8-10)  1
DPTR FM NORMAL  -745

[CDD (BASE 65) ]
TOTAL THIS MO.     6
DPTR FM NORMAL     6    [PRESSURE DATA]
TOTAL FM JAN 1     6    HIGHEST SLP M ON M
DPTR FM NORMAL     6    LOWEST  SLP 29.42 ON 11

[REMARKS]
