913
CXUS55 KGJT 271000
CF6CEZ
PRELIMINARY LOCAL CLIMATOLOGICAL DATA (WS FORM: F-6)

                                          STATION:   CORTEZ CO
                                          MONTH:     MAY
                                          YEAR:      2019
                                          LATITUDE:   37 17 N
                                          LONGITUDE: 108 38 W

  TEMPERATURE IN F:       :PCPN:    SNOW:  WIND      :SUNSHINE: SKY     :PK WND
================================================================================
1   2   3   4   5  6A  6B    7    8   9   10  11  12  13   14  15   16   17  18
                                     12Z  AVG MX 2MIN
DY MAX MIN AVG DEP HDD CDD  WTR  SNW DPTH SPD SPD DIR MIN PSBL S-S WX    SPD DR
================================================================================

 1  59  36  48  -3  17   0 0.06    M    M  6.9 21 290   M    M   7        27 300
 2  64  35  50  -2  15   0 0.00    M    M  5.6 20 290   M    M   3        29 290
 3  68  29  49  -3  16   0 0.00    M    M  4.7 20 280   M    M   0        27 320
 4  72  31  52   0  13   0 0.00    M    M  6.6 21 280   M    M   0 8      33 310
 5  76  36  56   4   9   0 0.00    M    M  6.9 24 160   M    M   2        31 210
 6  75  36  56   3   9   0 0.00    M    M  7.9 20 200   M    M   0        28 230
 7  69  36  53   0  12   0    T    M    M  8.5 22 230   M    M   3        32 230
 8  59  38  49  -4  16   0 0.08    M    M  4.9 20 300   M    M   7 1      31 310
 9  58  35  47  -7  18   0 0.12    M    M  4.2 18 210   M    M   8 1      29 190
10  55  39  47  -7  18   0 0.09    M    M  5.5 16 300   M    M   9 1      22 180
11  68  37  53  -1  12   0 0.00    M    M  7.2 22 300   M    M   3 1      32 310
12  73  31  52  -2  13   0 0.00    M    M  6.4 16 320   M    M   1 8      22 250
13  77  35  56   1   9   0 0.00    M    M  6.3 18 270   M    M   0        26 270
14  80  34  57   2   8   0 0.00    M    M  5.1 17 290   M    M   0        25 290
15  79  38  59   4   6   0 0.00    M    M  6.2 17 210   M    M   2        28 200
16  76  44  60   4   5   0    T    M    M  9.5 24 210   M    M   1        35 180
17  62  36  49  -7  16   0 0.11    M    M  9.2 28 220   M    M   5 13     39 210
18  63  35  49  -7  16   0 0.00    M    M  7.0 18 270   M    M   6        26 260
19  61  34  48  -8  17   0 0.00    M    M 10.7 29 200   M    M   7        44 180
20  44  32  38 -19  27   0 0.61    M    M  5.5 26 190   M    M   9 12     33 190
21  54  34  44 -13  21   0 0.41    M    M  6.4 28 280   M    M   7 138    37 280
22  57  36  47 -10  18   0 0.18    M    M  6.0 24 210   M    M   8 1      34 200
23  54  33  44 -14  21   0 0.35    M    M  9.7 35 200   M    M   6 1      45 190
24  64  29  47 -11  18   0 0.00    M    M  5.6 17 220   M    M   0        23 250
25  74  31  53  -5  12   0 0.00    M    M  6.9 22 210   M    M   0        28 200
26  73  34  54  -4  11   0    T    M    M 10.6 41 220   M    M   1 3      61 240
================================================================================
SM 1714  904       373   0  2.01    M    180.0          M       95
================================================================================
AV 65.9 34.8                               6.9 FASTST   M    M   4    MAX(MPH)
                                 MISC ---->  # 41 220               # 61  240
================================================================================
NOTES:
# LAST OF SEVERAL OCCURRENCES

COLUMN 17 PEAK WIND IN M.P.H.

PRELIMINARY LOCAL CLIMATOLOGICAL DATA (WS FORM: F-6) , PAGE 2

                                          STATION:  CORTEZ CO
                                          MONTH:    MAY
                                          YEAR:     2019
                                          LATITUDE:   37 17 N
                                          LONGITUDE: 108 38 W

[TEMPERATURE DATA]      [PRECIPITATION DATA]       SYMBOLS USED IN COLUMN 16

AVERAGE MONTHLY: 50.4   TOTAL FOR MONTH:   2.01    1 = FOG OR MIST
DPTR FM NORMAL:  -4.5   DPTR FM NORMAL:    1.19    2 = FOG REDUCING VISIBILITY
HIGHEST:    80 ON 14    GRTST 24HR  0.61 ON 20-20      TO 1/4 MILE OR LESS
LOWEST:     29 ON 24, 3                            3 = THUNDER
                        SNOW, ICE PELLETS, HAIL    4 = ICE PELLETS
                        TOTAL MONTH:    M          5 = HAIL
                        GRTST 24HR    M  ON   M    6 = FREEZING RAIN OR DRIZZLE
                        GRTST DEPTH:  M  ON   M    7 = DUSTSTORM OR SANDSTORM:
                                                       VSBY 1/2 MILE OR LESS
                                                   8 = SMOKE OR HAZE
[NO. OF DAYS WITH]      [WEATHER - DAYS WITH]      9 = BLOWING SNOW
                                                   X = TORNADO
MAX 32 OR BELOW:   0    0.01 INCH OR MORE:   9
MAX 90 OR ABOVE:   0    0.10 INCH OR MORE:   6
MIN 32 OR BELOW:   6    0.50 INCH OR MORE:   1
MIN  0 OR BELOW:   0    1.00 INCH OR MORE:   0

[HDD (BASE 65) ]
TOTAL THIS MO.   373    CLEAR  (SCALE 0-3)  13
DPTR FM NORMAL   108    PTCLDY (SCALE 4-7)  10
TOTAL FM JUL 1  6363    CLOUDY (SCALE 8-10)  3
DPTR FM NORMAL    28

[CDD (BASE 65) ]
TOTAL THIS MO.     0
DPTR FM NORMAL     0    [PRESSURE DATA]
TOTAL FM JAN 1     0    HIGHEST SLP M ON M
DPTR FM NORMAL     0    LOWEST  SLP 29.41 ON 21

[REMARKS]
