000
CXUS54 KMRX 201000
CF6CHA
PRELIMINARY LOCAL CLIMATOLOGICAL DATA (WS FORM: F-6)

                                          STATION:   CHATTANOOGA  ASOS
                                          MONTH:     MARCH
                                          YEAR:      2019
                                          LATITUDE:   35  1 N
                                          LONGITUDE:  85 12 W

  TEMPERATURE IN F:       :PCPN:    SNOW:  WIND      :SUNSHINE: SKY     :PK WND
================================================================================
1   2   3   4   5  6A  6B    7    8   9   10  11  12  13   14  15   16   17  18
                                     12Z  AVG MX 2MIN
DY MAX MIN AVG DEP HDD CDD  WTR  SNW DPTH SPD SPD DIR MIN PSBL S-S WX    SPD DR
================================================================================

 1  63  50  57   9   8   0 0.38  0.0    0  4.8 16 230   M    M   9 1      22 250
 2  58  46  52   4  13   0 0.00  0.0    0  6.0 15 360   M    M   9        17  10
 3  49  38  44  -5  21   0 1.03  0.0    0  8.1 20 350   M    M  10 13     26 350
 4  38  28  33 -16  32   0 0.00  0.0    0 12.2 21 320   M    M   8        25 330
 5  41  24  33 -16  32   0 0.00  0.0    0 10.2 21 320   M    M   1        25 310
 6  45  23  34 -15  31   0 0.00  0.0    0  7.1 18 350   M    M   1        22 340
 7  53  27  40 -10  25   0 0.00  0.0    0  2.0  9  50   M    M   5        13  30
 8  49  43  46  -4  19   0 1.55  0.0    0  3.5  9  10   M    M  10 13     11 160
 9  61  46  54   4  11   0 1.10  0.0    0  4.9 18 170   M    M  10 138    26 180
10  74  50  62  12   3   0 0.21  0.0    0  4.8 23 210   M    M   7 13     29 220
11  60  45  53   2  12   0 0.07  0.0    0  4.2 14  10   M    M   6 1      17  10
12  66  39  53   2  12   0 0.00  0.0    0  3.5 13  20   M    M   6 1      16  10
13  71  44  58   7   7   0 0.00  0.0    0  6.6 20 130   M    M   7        28 130
14  73  61  67  15   0   2 0.90  0.0    0 10.4 20 160   M    M  10 13     28 170
15  67  46  57   5   8   0 0.06  0.0    0 11.0 22 330   M    M   5 1      27 330
16  59  40  50  -2  15   0 0.00  0.0    0 10.2 20  30   M    M   5        26 350
17  65  34  50  -2  15   0 0.00  0.0    0  2.6 13 310   M    M   2        18 310
18  58  40  49  -4  16   0 0.00  0.0    0  9.3 21 350   M    M   3        27 340
19  58  36  47  -6  18   0 0.00  0.0    0  3.7 10  40   M    M   2        19  20
================================================================================
SM 1108  760       298   2  5.30     0.0 125.1          M      116
================================================================================
AV 58.3 40.0                               6.6 FASTST   M    M   6    MAX(MPH)
                                 MISC ---->  # 23 210               # 29  220
================================================================================
NOTES:
# LAST OF SEVERAL OCCURRENCES

COLUMN 17 PEAK WIND IN M.P.H.

PRELIMINARY LOCAL CLIMATOLOGICAL DATA (WS FORM: F-6) , PAGE 2

                                          STATION:  CHATTANOOGA  ASOS
                                          MONTH:    MARCH
                                          YEAR:     2019
                                          LATITUDE:   35  1 N
                                          LONGITUDE:  85 12 W

[TEMPERATURE DATA]      [PRECIPITATION DATA]       SYMBOLS USED IN COLUMN 16

AVERAGE MONTHLY: 49.2   TOTAL FOR MONTH:   5.30    1 = FOG OR MIST
DPTR FM NORMAL:  -1.3   DPTR FM NORMAL:    2.25    2 = FOG REDUCING VISIBILITY
HIGHEST:    74 ON 10    GRTST 24HR  1.55 ON  8- 8      TO 1/4 MILE OR LESS
LOWEST:     23 ON  6                               3 = THUNDER
                        SNOW, ICE PELLETS, HAIL    4 = ICE PELLETS
                        TOTAL MONTH:   0.0 INCH    5 = HAIL
                        GRTST 24HR     0.0         6 = FREEZING RAIN OR DRIZZLE
                        GRTST DEPTH:   0           7 = DUSTSTORM OR SANDSTORM:
                                                       VSBY 1/2 MILE OR LESS
                                                   8 = SMOKE OR HAZE
[NO. OF DAYS WITH]      [WEATHER - DAYS WITH]      9 = BLOWING SNOW
                                                   X = TORNADO
MAX 32 OR BELOW:   0    0.01 INCH OR MORE:   8
MAX 90 OR ABOVE:   0    0.10 INCH OR MORE:   6
MIN 32 OR BELOW:   4    0.50 INCH OR MORE:   4
MIN  0 OR BELOW:   0    1.00 INCH OR MORE:   3

[HDD (BASE 65) ]
TOTAL THIS MO.   298    CLEAR  (SCALE 0-3)   4
DPTR FM NORMAL    21    PTCLDY (SCALE 4-7)   9
TOTAL FM JUL 1  2666    CLOUDY (SCALE 8-10)  6
DPTR FM NORMAL  -233

[CDD (BASE 65) ]
TOTAL THIS MO.     2
DPTR FM NORMAL     2    [PRESSURE DATA]
TOTAL FM JAN 1     8    HIGHEST SLP M ON M
DPTR FM NORMAL     8    LOWEST  SLP 29.74 ON  3

[REMARKS]
