000
CXUS51 KLWX 260620
CF6CHO
PRELIMINARY LOCAL CLIMATOLOGICAL DATA (WS FORM: F-6)

                                          STATION:   CHARLOTTESVILLE VA
                                          MONTH:     MAY
                                          YEAR:      2019
                                          LATITUDE:   38  7 N
                                          LONGITUDE:  78 27 W

  TEMPERATURE IN F:       :PCPN:    SNOW:  WIND      :SUNSHINE: SKY     :PK WND
================================================================================
1   2   3   4   5  6A  6B    7    8   9   10  11  12  13   14  15   16   17  18
                                     12Z  AVG MX 2MIN
DY MAX MIN AVG DEP HDD CDD  WTR  SNW DPTH SPD SPD DIR MIN PSBL S-S WX    SPD DR
================================================================================

 1  78  63  71  12   0   6 0.00    M    M  5.2 10  20   M    M   5 18     13  30
 2  89  61  75  15   0  10 0.16    M    M  5.8 18 200   M    M   1 123    25 210
 3  87  63  75  15   0  10 0.07    M    M  6.9 20 190   M    M   1 1      26 220
 4  84  64  74  14   0   9    T    M    M  2.6 12  50   M    M   5 128    15  30
 5  72  61  67   7   0   2    M    M    M  4.5 16 360   M    M  10 18     23 350
 6  79  55  67   7   0   2 0.00    M    M  2.2  9 170   M    M   3        11 130
 7  80  54  67   6   0   2 0.04    M    M  4.6 21 190   M    M   2 1      24 190
 8  78  60  69   8   0   4 0.00    M    M  6.9 15  40   M    M   4        18  40
 9  80  64  72  11   0   7 0.07    M    M  5.6 14 190   M    M   6 18     19 180
10  84  67  76  14   0  11 0.01    M    M 11.0 21 200   M    M   6        27 170
11  74  59  67   5   0   2 0.57    M    M  6.3 15  60   M    M   7 1      20  60
12  62  53  58  -4   7   0 0.57    M    M  7.1 16  30   M    M   9 1      19  30
13  64  51  58  -4   7   0 0.18    M    M  4.6 12  40   M    M   8 18     15  50
14  64  48  56  -6   9   0 0.00    M    M  5.0 17 300   M    M   5        24 290
15  75  44  60  -3   5   0 0.00    M    M  4.4 13 190   M    M   3        17 190
16  82  55  69   6   0   4 0.00    M    M  3.2 10 200   M    M   2        14 300
17  85  55  70   7   0   5 0.54    M    M  2.7 18 360   M    M   2 13     27 360
18  88  64  76  12   0  11    T    M    M  3.0 16 330   M    M   0 13     25 320
19  91  63  77  13   0  12 0.00    M    M  8.8 23 190   M    M   2 128    32 190
20  90  70  80  16   0  15 0.00    M    M  6.4 15 190   M    M   1        21 220
21  79  56  68   4   0   3 0.00    M    M  4.5 13  80   M    M   1        16 100
22  78  53  66   1   0   1 0.00    M    M  3.3 13 150   M    M   1        16 150
23  89  61  75  10   0  10    T    M    M  7.5 18 200   M    M   1 3      23 210
24  91  72  82  17   0  17 0.00    M    M  4.6 15 200   M    M   2        22 310
25  89  64  77  11   0  12    T    M    M  4.2 17  40   M    M   2 38     22  20
================================================================================
SM 2012 1480        28 155  2.21    M    130.9          M       89
================================================================================
AV 80.5 59.2                               5.2 FASTST   M    M   4    MAX(MPH)
                                 MISC ---->  # 23 190               # 32  190
================================================================================
NOTES:
# LAST OF SEVERAL OCCURRENCES

COLUMN 17 PEAK WIND IN M.P.H.

PRELIMINARY LOCAL CLIMATOLOGICAL DATA (WS FORM: F-6) , PAGE 2

                                          STATION:  CHARLOTTESVILLE VA
                                          MONTH:    MAY
                                          YEAR:     2019
                                          LATITUDE:   38  7 N
                                          LONGITUDE:  78 27 W

[TEMPERATURE DATA]      [PRECIPITATION DATA]       SYMBOLS USED IN COLUMN 16

AVERAGE MONTHLY: 69.8   TOTAL FOR MONTH:   2.21    1 = FOG OR MIST
DPTR FM NORMAL:   7.5   DPTR FM NORMAL:   -0.87    2 = FOG REDUCING VISIBILITY
HIGHEST:    91 ON 24,19 GRTST 24HR  0.57 ON 12-12      TO 1/4 MILE OR LESS
LOWEST:     44 ON 15                               3 = THUNDER
                        SNOW, ICE PELLETS, HAIL    4 = ICE PELLETS
                        TOTAL MONTH:    M          5 = HAIL
                        GRTST 24HR    M  ON   M    6 = FREEZING RAIN OR DRIZZLE
                        GRTST DEPTH:  M  ON   M    7 = DUSTSTORM OR SANDSTORM:
                                                       VSBY 1/2 MILE OR LESS
                                                   8 = SMOKE OR HAZE
[NO. OF DAYS WITH]      [WEATHER - DAYS WITH]      9 = BLOWING SNOW
                                                   X = TORNADO
MAX 32 OR BELOW:   0    0.01 INCH OR MORE:   9
MAX 90 OR ABOVE:   3    0.10 INCH OR MORE:   5
MIN 32 OR BELOW:   0    0.50 INCH OR MORE:   3
MIN  0 OR BELOW:   0    1.00 INCH OR MORE:   0

[HDD (BASE 65) ]
TOTAL THIS MO.    28    CLEAR  (SCALE 0-3)  14
DPTR FM NORMAL   -82    PTCLDY (SCALE 4-7)   8
TOTAL FM JUL 1  3701    CLOUDY (SCALE 8-10)  3
DPTR FM NORMAL  -721

[CDD (BASE 65) ]
TOTAL THIS MO.   155
DPTR FM NORMAL   111    [PRESSURE DATA]
TOTAL FM JAN 1   198    HIGHEST SLP M ON M
DPTR FM NORMAL   133    LOWEST  SLP 29.65 ON  5

[REMARKS]
