000
CXUS51 KLWX 200620
CF6CHO
PRELIMINARY LOCAL CLIMATOLOGICAL DATA (WS FORM: F-6)

                                          STATION:   CHARLOTTESVILLE VA
                                          MONTH:     MARCH
                                          YEAR:      2019
                                          LATITUDE:   38  7 N
                                          LONGITUDE:  78 27 W

  TEMPERATURE IN F:       :PCPN:    SNOW:  WIND      :SUNSHINE: SKY     :PK WND
================================================================================
1   2   3   4   5  6A  6B    7    8   9   10  11  12  13   14  15   16   17  18
                                     12Z  AVG MX 2MIN
DY MAX MIN AVG DEP HDD CDD  WTR  SNW DPTH SPD SPD DIR MIN PSBL S-S WX    SPD DR
================================================================================

 1  42  35  39  -2  26   0 0.66    M    M  6.3 13  60   M    M  10 18     16  50
 2  53  35  44   2  21   0 0.02    M    M  2.5  8  60   M    M   9 128     9  50
 3  45  35  40  -2  25   0 0.66    M    M  4.5 14  40   M    M  10 1      16  30
 4  46  29  38  -4  27   0 0.00    M    M  7.3 14 340   M    M   6 1      21 310
 5  44  26  35  -7  30   0 0.00    M    M  4.2 14 320   M    M   0        22 320
 6  38  23  31 -12  34   0 0.00    M    M  5.5 16 310   M    M   0        26 300
 7  46  21  34  -9  31   0 0.00    M    M  4.5 17 170   M    M   0        22 200
 8  36  31  34  -9  31   0 0.14    M    M  3.2 10  40   M    M  10 128    13  50
 9  38  32  35  -9  30   0 0.09    M    M  3.8 12  30   M    M  10 128    13  30
10  67  37  52   8  13   0 0.21    M    M  6.8 20 190   M    M   5 18     24 200
11  63  51  57  13   8   0 0.00    M    M  5.2 13 210   M    M   0        19 210
12  60  37  49   4  16   0 0.00    M    M  4.8 14 340   M    M   0        18 350
13  66  29  48   3  17   0 0.00    M    M  6.4 18 180   M    M   1        22 150
14  75  47  61  16   4   0 0.00    M    M 13.3 26 200   M    M   1        37 200
15  76  56  66  20   0   1 0.00    M    M 13.2 25 200   M    M   3        33 190
16  60  43  52   6  13   0 0.00    M    M  7.3 16 320   M    M   0        23 330
17  57  37  47   1  18   0 0.00    M    M  4.6 15  50   M    M   2        20  40
18  52  36  44  -3  21   0    T    M    M  6.0 15  50   M    M   6        20 290
19  53  26  40  -7  25   0 0.00    M    M  3.1  9 140   M    M   0        14 130
================================================================================
SM 1017  666       390   1  1.78    M    112.5          M       73
================================================================================
AV 53.5 35.1                               5.9 FASTST   M    M   4    MAX(MPH)
                                 MISC ---->  # 26 200               # 37  200
================================================================================
NOTES:
# LAST OF SEVERAL OCCURRENCES

COLUMN 17 PEAK WIND IN M.P.H.

PRELIMINARY LOCAL CLIMATOLOGICAL DATA (WS FORM: F-6) , PAGE 2

                                          STATION:  CHARLOTTESVILLE VA
                                          MONTH:    MARCH
                                          YEAR:     2019
                                          LATITUDE:   38  7 N
                                          LONGITUDE:  78 27 W

[TEMPERATURE DATA]      [PRECIPITATION DATA]       SYMBOLS USED IN COLUMN 16

AVERAGE MONTHLY: 44.3   TOTAL FOR MONTH:   1.78    1 = FOG OR MIST
DPTR FM NORMAL:   0.2   DPTR FM NORMAL:   -0.29    2 = FOG REDUCING VISIBILITY
HIGHEST:    76 ON 15    GRTST 24HR  0.66 ON  3- 3      TO 1/4 MILE OR LESS
LOWEST:     21 ON  7                               3 = THUNDER
                        SNOW, ICE PELLETS, HAIL    4 = ICE PELLETS
                        TOTAL MONTH:    M          5 = HAIL
                        GRTST 24HR    M  ON   M    6 = FREEZING RAIN OR DRIZZLE
                        GRTST DEPTH:  M  ON   M    7 = DUSTSTORM OR SANDSTORM:
                                                       VSBY 1/2 MILE OR LESS
                                                   8 = SMOKE OR HAZE
[NO. OF DAYS WITH]      [WEATHER - DAYS WITH]      9 = BLOWING SNOW
                                                   X = TORNADO
MAX 32 OR BELOW:   0    0.01 INCH OR MORE:   6
MAX 90 OR ABOVE:   0    0.10 INCH OR MORE:   4
MIN 32 OR BELOW:   8    0.50 INCH OR MORE:   2
MIN  0 OR BELOW:   0    1.00 INCH OR MORE:   0

[HDD (BASE 65) ]
TOTAL THIS MO.   390    CLEAR  (SCALE 0-3)  11
DPTR FM NORMAL    -8    PTCLDY (SCALE 4-7)   3
TOTAL FM JUL 1  3348    CLOUDY (SCALE 8-10)  5
DPTR FM NORMAL  -462

[CDD (BASE 65) ]
TOTAL THIS MO.     1
DPTR FM NORMAL     1    [PRESSURE DATA]
TOTAL FM JAN 1     1    HIGHEST SLP M ON M
DPTR FM NORMAL     1    LOWEST  SLP 29.70 ON 15

[REMARKS]
