000
CXUS52 KCHS 250715
CF6CHS
PRELIMINARY LOCAL CLIMATOLOGICAL DATA (WS FORM: F-6)

                                          STATION:   NORTH CHARLESTON SC
                                          MONTH:     JUNE
                                          YEAR:      2019
                                          LATITUDE:   32 54 N
                                          LONGITUDE:  80  2 W

  TEMPERATURE IN F:       :PCPN:    SNOW:  WIND      :SUNSHINE: SKY     :PK WND
================================================================================
1   2   3   4   5  6A  6B    7    8   9   10  11  12  13   14  15   16   17  18
                                     12Z  AVG MX 2MIN
DY MAX MIN AVG DEP HDD CDD  WTR  SNW DPTH SPD SPD DIR MIN PSBL S-S WX    SPD DR
================================================================================

 1  92  68  80   4   0  15 0.00  0.0    0  7.6 17 310   M    M   3        24 310
 2  95  69  82   5   0  17 0.00  0.0    0  6.3 17 260   M    M   3        25 270
 3  95  69  82   5   0  17 0.00  0.0    0  8.0 17 130   M    M   4        24 330
 4  88  69  79   2   0  14 0.13  0.0    0 10.0 22 100   M    M   7 13     28 130
 5  87  69  78   1   0  13 0.06  0.0    0  9.2 20 200   M    M   7 13     25 190
 6  84  72  78   1   0  13 1.25  0.0    0  4.8 17 300   M    M   9 13     28 320
 7  85  71  78   0   0  13 0.37  0.0    0  6.4 24 210   M    M   9 138    31 200
 8  89  71  80   2   0  15 0.60  0.0    0  6.4 23 250   M    M   8 138    30 240
 9  87  71  79   1   0  14 0.99  0.0    0  6.5 17 150   M    M   8 13     23 270
10  87  73  80   2   0  15 0.01  0.0    0  7.8 17 190   M    M   6 1      22 190
11  85  73  79   1   0  14 0.51  0.0    0  8.2 16  60   M    M   8 1      20  70
12  76  70  73  -5   0   8 2.05  0.0    0  8.3 16 220   M    M  10 13     19 200
13  83  69  76  -3   0  11 0.00  0.0    0  7.4 16 250   M    M   8        19 230
14  83  61  72  -7   0   7 0.00  0.0    0  6.6 20  30   M    M   2        23  20
15  84  58  71  -8   0   6 0.00  0.0    0  5.8 14 150   M    M   4        20 150
16  91  69  80   1   0  15 0.00  0.0    0  6.0 20 160   M    M   3 1      22 150
17  88  71  80   1   0  15 0.69  0.0    0  7.9 24 180   M    M   3 138    30 110
18  87  73  80   0   0  15 0.15  0.0    0  7.0 18 150   M    M   6 18     23 140
19  87  74  81   1   0  16 0.21  0.0    0  7.4 18 210   M    M   7 13     22 210
20  93  72  83   3   0  18 0.37  0.0    0 10.9 39 340   M    M   5 13     46 350
21  93  72  83   3   0  18 0.00  0.0    0  9.3 21 270   M    M   2        28 280
22  95  70  83   3   0  18 0.04  0.0    0  6.8 37 340   M    M   6 13     50 350
23  90  71  81   1   0  16 0.00  0.0    0  5.6 14 360   M    M   5        16 360
24  95  73  84   4   0  19 0.00  0.0    0  7.5 18 340   M    M   3 1      24 350
================================================================================
SM 2119 1678         0 342  7.43     0.0 177.7          M      136
================================================================================
AV 88.3 69.9                               7.4 FASTST   M    M   6    MAX(MPH)
                                 MISC ---->  # 39 340               # 50  350
================================================================================
NOTES:
# LAST OF SEVERAL OCCURRENCES

COLUMN 17 PEAK WIND IN M.P.H.

PRELIMINARY LOCAL CLIMATOLOGICAL DATA (WS FORM: F-6) , PAGE 2

                                          STATION:  NORTH CHARLESTON SC
                                          MONTH:    JUNE
                                          YEAR:     2019
                                          LATITUDE:   32 54 N
                                          LONGITUDE:  80  2 W

[TEMPERATURE DATA]      [PRECIPITATION DATA]       SYMBOLS USED IN COLUMN 16

AVERAGE MONTHLY: 79.1   TOTAL FOR MONTH:   7.43    1 = FOG OR MIST
DPTR FM NORMAL:   0.6   DPTR FM NORMAL:    3.06    2 = FOG REDUCING VISIBILITY
HIGHEST:    95 ON 24,22 GRTST 24HR  2.05 ON 12-12      TO 1/4 MILE OR LESS
LOWEST:     58 ON 15                               3 = THUNDER
                        SNOW, ICE PELLETS, HAIL    4 = ICE PELLETS
                        TOTAL MONTH:   0.0 INCH    5 = HAIL
                        GRTST 24HR     0.0         6 = FREEZING RAIN OR DRIZZLE
                        GRTST DEPTH:   0           7 = DUSTSTORM OR SANDSTORM:
                                                       VSBY 1/2 MILE OR LESS
                                                   8 = SMOKE OR HAZE
[NO. OF DAYS WITH]      [WEATHER - DAYS WITH]      9 = BLOWING SNOW
                                                   X = TORNADO
MAX 32 OR BELOW:   0    0.01 INCH OR MORE:  14
MAX 90 OR ABOVE:   9    0.10 INCH OR MORE:  11
MIN 32 OR BELOW:   0    0.50 INCH OR MORE:   6
MIN  0 OR BELOW:   0    1.00 INCH OR MORE:   2

[HDD (BASE 65) ]
TOTAL THIS MO.     0    CLEAR  (SCALE 0-3)   4
DPTR FM NORMAL     0    PTCLDY (SCALE 4-7)  16
TOTAL FM JUL 1  1566    CLOUDY (SCALE 8-10)  4
DPTR FM NORMAL  -409

[CDD (BASE 65) ]
TOTAL THIS MO.   342
DPTR FM NORMAL    17    [PRESSURE DATA]
TOTAL FM JAN 1   910    HIGHEST SLP M ON M
DPTR FM NORMAL   223    LOWEST  SLP 29.76 ON  2

[REMARKS]
