000
CXUS55 KDVN 261100
CF6CID
PRELIMINARY LOCAL CLIMATOLOGICAL DATA (WS FORM: F-6)

                                          STATION:   CEDAR RAPIDS IA
                                          MONTH:     MAY
                                          YEAR:      2019
                                          LATITUDE:   41 52 N
                                          LONGITUDE:  91 42 W

  TEMPERATURE IN F:       :PCPN:    SNOW:  WIND      :SUNSHINE: SKY     :PK WND
================================================================================
1   2   3   4   5  6A  6B    7    8   9   10  11  12  13   14  15   16   17  18
                                     12Z  AVG MX 2MIN
DY MAX MIN AVG DEP HDD CDD  WTR  SNW DPTH SPD SPD DIR MIN PSBL S-S WX    SPD DR
================================================================================

 1  54  43  49  -6  16   0 0.01    M    M  4.7 14  70   M    M  10 1      19  70
 2  60  44  52  -3  13   0    T    M    M  8.0 16 360   M    M   6        25 310
 3  59  37  48  -8  17   0 0.00    M    M  4.6 12 140   M    M   3        16 150
 4  66  35  51  -5  14   0 0.00    M    M  3.6 12 200   M    M   0 1      19 200
 5  76  48  62   6   3   0 0.11    M    M  9.7 25 320   M    M   5 13     33 280
 6  69  53  61   4   4   0 0.03    M    M  9.1 17 360   M    M   6 1      22  30
 7  59  49  54  -3  11   0 0.00    M    M 13.8 23  90   M    M   9        31  80
 8  68  42  55  -3  10   0 0.39    M    M 17.3 32 100   M    M   9 13     42 100
 9  53  39  46 -12  19   0 0.04    M    M 14.9 23 310   M    M  10 1      31 290
10  62  34  48 -10  17   0 0.00    M    M  5.6 17 340   M    M   2        30 330
11  53  38  46 -12  19   0 0.07    M    M  6.6 14 100   M    M   8 1      19 100
12  50  35  43 -16  22   0 0.00    M    M  5.8 12 100   M    M   6 1      15 110
13  66  35  51  -8  14   0 0.00    M    M  5.7 13 310   M    M   2        17 330
14  58  42  50 -10  15   0 0.02    M    M  6.3 17 170   M    M   7 1      25 170
15  75  46  61   1   4   0 0.00    M    M  5.6 12 180   M    M   1 1      16 190
16  90  55  73  13   0   8 0.26    M    M 10.4 26 320   M    M   0 13     41 310
17  67  52  60   0   5   0 0.79    M    M 12.9 28 100   M    M   9 13     36 100
18  75  47  61   0   4   0 2.02    M    M 13.5 23 160   M    M   6 13     30 160
19  64  45  55  -6  10   0 0.03    M    M 15.5 23 290   M    M  10 1      32 290
20  57  40  49 -13  16   0    T    M    M 11.2 22 320   M    M   8        28 300
21  54  44  49 -13  16   0 0.58    M    M 21.5 35  90   M    M  10 1      46  90
22  76  54  65   3   0   0 0.00    M    M 18.5 31 190   M    M   4        42 190
23  72  49  61  -1   4   0 0.00    M    M 10.0 18 280   M    M   0 3      24 290
24  80  54  67   4   0   2 0.90    M    M 14.2 32 220   M    M   7 13     48 240
25  79  66  73  10   0   8    T    M    M 11.8 28 240   M    M   4        39 240
================================================================================
SM 1642 1126       253  18  5.25    M    260.8          M      142
================================================================================
AV 65.7 45.0                              10.4 FASTST   M    M   6    MAX(MPH)
                                 MISC ---->  # 35  90               # 48  240
================================================================================
NOTES:
# LAST OF SEVERAL OCCURRENCES

COLUMN 17 PEAK WIND IN M.P.H.

PRELIMINARY LOCAL CLIMATOLOGICAL DATA (WS FORM: F-6) , PAGE 2

                                          STATION:  CEDAR RAPIDS IA
                                          MONTH:    MAY
                                          YEAR:     2019
                                          LATITUDE:   41 52 N
                                          LONGITUDE:  91 42 W

[TEMPERATURE DATA]      [PRECIPITATION DATA]       SYMBOLS USED IN COLUMN 16

AVERAGE MONTHLY: 55.4   TOTAL FOR MONTH:   5.25    1 = FOG OR MIST
DPTR FM NORMAL:  -3.8   DPTR FM NORMAL:    1.93    2 = FOG REDUCING VISIBILITY
HIGHEST:    90 ON 16    GRTST 24HR  2.02 ON 18-18      TO 1/4 MILE OR LESS
LOWEST:     34 ON 10                               3 = THUNDER
                        SNOW, ICE PELLETS, HAIL    4 = ICE PELLETS
                        TOTAL MONTH:    M          5 = HAIL
                        GRTST 24HR    M  ON   M    6 = FREEZING RAIN OR DRIZZLE
                        GRTST DEPTH:  M  ON   M    7 = DUSTSTORM OR SANDSTORM:
                                                       VSBY 1/2 MILE OR LESS
                                                   8 = SMOKE OR HAZE
[NO. OF DAYS WITH]      [WEATHER - DAYS WITH]      9 = BLOWING SNOW
                                                   X = TORNADO
MAX 32 OR BELOW:   0    0.01 INCH OR MORE:  13
MAX 90 OR ABOVE:   1    0.10 INCH OR MORE:   7
MIN 32 OR BELOW:   0    0.50 INCH OR MORE:   4
MIN  0 OR BELOW:   0    1.00 INCH OR MORE:   1

[HDD (BASE 65) ]
TOTAL THIS MO.   253    CLEAR  (SCALE 0-3)   7
DPTR FM NORMAL    80    PTCLDY (SCALE 4-7)  10
TOTAL FM JUL 1  7278    CLOUDY (SCALE 8-10)  8
DPTR FM NORMAL   460

[CDD (BASE 65) ]
TOTAL THIS MO.    18
DPTR FM NORMAL    -9    [PRESSURE DATA]
TOTAL FM JAN 1    19    HIGHEST SLP M ON M
DPTR FM NORMAL   -15    LOWEST  SLP 29.53 ON M

[REMARKS]
