000
CXUS51 KRLX 221138
CF6CKB
PRELIMINARY LOCAL CLIMATOLOGICAL DATA (WS FORM: F-6)

                                          STATION:   CLARKSBURG WV
                                          MONTH:     MARCH
                                          YEAR:      2019
                                          LATITUDE:   39 16 N
                                          LONGITUDE:  80 14 W

  TEMPERATURE IN F:       :PCPN:    SNOW:  WIND      :SUNSHINE: SKY     :PK WND
================================================================================
1   2   3   4   5  6A  6B    7    8   9   10  11  12  13   14  15   16   17  18
                                     12Z  AVG MX 2MIN
DY MAX MIN AVG DEP HDD CDD  WTR  SNW DPTH SPD SPD DIR MIN PSBL S-S WX    SPD DR
================================================================================

 1  39  32  36  -1  29   0 0.20    M    M  5.7 14  10   M    M  10 168    17  10
 2  42  35  39   2  26   0 0.02    M    M  5.2 13 300   M    M  10 18     16 300
 3  38  31  35  -3  30   0 0.35    M    M  6.7 15  10   M    M  10 18     20  20
 4  31  20  26 -12  39   0    T    M    M  9.9 21 240   M    M  10 8      26 260
 5  25  14  20 -18  45   0    T    M    M 10.5 22 310   M    M   9 8      30 310
 6  24  14  19 -19  46   0    T    M    M  9.6 20 240   M    M   8 8      27 240
 7  36  20  28 -11  37   0 0.00    M    M  6.5 15 250   M    M   4        22 240
 8  36  27  32  -7  33   0 0.02    M    M  1.7  8  30   M    M   9 18      9  20
 9  55  34  45   6  20   0 0.34    M    M  7.0 16 110   M    M   6 18     24 100
10  67  48  58  18   7   0 0.09    M    M 15.1 29 240   M    M   4        39 260
11  56  38  47   7  18   0 0.00    M    M 10.0 21 320   M    M   2        29 310
12  52  28  40   0  25   0 0.00    M    M  4.8 13 310   M    M   0        19 310
13  65  27  46   6  19   0 0.00    M    M  2.6 15 220   M    M   3        19 210
14  81  42  62  21   3   0 0.00    M    M  9.5 28 210   M    M   0        39 200
15  72  39  56  15   9   0 0.04    M    M 16.1 31 270   M    M   5        41 270
16  48  34  41  -1  24   0 0.00    M    M 11.8 22 300   M    M   6        29 270
17  49  25  37  -5  28   0    T    M    M  4.2 16 260   M    M   4 1      23 330
18  45  33  39  -3  26   0    T    M    M  3.7 14 310   M    M   9 18     19 280
19  50  23  37  -6  28   0 0.00    M    M  1.1 10 220   M    M   0        14 290
20  59  26  43   0  22   0 0.00    M    M  2.6 14 220   M    M   0        18 210
21   M   M   M   M   M   M 0.04    M    M  4.5 14 290   M    M   5        18 290
================================================================================
SM  970  590       514   0  1.10    M    148.8          M      114
================================================================================
AV 48.5 29.5                               7.1 FASTST   M    M   5    MAX(MPH)
                                 MISC ---->  # 31 270               # 41  270
================================================================================
NOTES:
# LAST OF SEVERAL OCCURRENCES

COLUMN 17 PEAK WIND IN M.P.H.

PRELIMINARY LOCAL CLIMATOLOGICAL DATA (WS FORM: F-6) , PAGE 2

                                          STATION:  CLARKSBURG WV
                                          MONTH:    MARCH
                                          YEAR:     2019
                                          LATITUDE:   39 16 N
                                          LONGITUDE:  80 14 W

[TEMPERATURE DATA]      [PRECIPITATION DATA]       SYMBOLS USED IN COLUMN 16

AVERAGE MONTHLY: 39.0   TOTAL FOR MONTH:   1.10    1 = FOG OR MIST
DPTR FM NORMAL:  -1.0   DPTR FM NORMAL:   -1.48    2 = FOG REDUCING VISIBILITY
HIGHEST:    81 ON 14    GRTST 24HR  0.35 ON  3- 3      TO 1/4 MILE OR LESS
LOWEST:     14 ON  6, 5                            3 = THUNDER
                        SNOW, ICE PELLETS, HAIL    4 = ICE PELLETS
                        TOTAL MONTH:    M          5 = HAIL
                        GRTST 24HR    M  ON   M    6 = FREEZING RAIN OR DRIZZLE
                        GRTST DEPTH:  M  ON   M    7 = DUSTSTORM OR SANDSTORM:
                                                       VSBY 1/2 MILE OR LESS
                                                   8 = SMOKE OR HAZE
[NO. OF DAYS WITH]      [WEATHER - DAYS WITH]      9 = BLOWING SNOW
                                                   X = TORNADO
MAX 32 OR BELOW:   3    0.01 INCH OR MORE:   8
MAX 90 OR ABOVE:   0    0.10 INCH OR MORE:   3
MIN 32 OR BELOW:  12    0.50 INCH OR MORE:   0
MIN  0 OR BELOW:   0    1.00 INCH OR MORE:   0

[HDD (BASE 65) ]
TOTAL THIS MO.   514    CLEAR  (SCALE 0-3)   6
DPTR FM NORMAL   -11    PTCLDY (SCALE 4-7)   7
TOTAL FM JUL 1  3930    CLOUDY (SCALE 8-10)  8
DPTR FM NORMAL  -556

[CDD (BASE 65) ]
TOTAL THIS MO.     0
DPTR FM NORMAL     0    [PRESSURE DATA]
TOTAL FM JAN 1     0    HIGHEST SLP M ON M
DPTR FM NORMAL     0    LOWEST  SLP 29.71 ON 14

[REMARKS]
