000
CXUS55 KOHX 191010
CF6CKV
PRELIMINARY LOCAL CLIMATOLOGICAL DATA (WS FORM: F-6)

                                          STATION:   CLARKSVILLE
                                          MONTH:     MARCH
                                          YEAR:      2019
                                          LATITUDE:   36 37 N
                                          LONGITUDE:  87 25 W

  TEMPERATURE IN F:       :PCPN:    SNOW:  WIND      :SUNSHINE: SKY     :PK WND
================================================================================
1   2   3   4   5  6A  6B    7    8   9   10  11  12  13   14  15   16   17  18
                                     12Z  AVG MX 2MIN
DY MAX MIN AVG DEP HDD CDD  WTR  SNW DPTH SPD SPD DIR MIN PSBL S-S WX    SPD DR
================================================================================

 1  40  36  38  -6  27   0 0.00    M    M  3.4  9 280   M    M  10 18     11 290
 2  43  38  41  -3  24   0 0.01    M    M  3.1 10 300   M    M  10 18     20 340
 3  38  24  31 -14  34   0 0.20    M    M 11.0 23 330   M    M   9 18     29 340
 4  28  16  22 -23  43   0 0.00    M    M  9.6 18 340   M    M   3        22 340
 5  36  15  26 -19  39   0 0.00    M    M  8.5 22 280   M    M   1        27 290
 6  40  15  28 -18  37   0 0.00    M    M  4.7 14 210   M    M   1        17 210
 7  45  27  36 -10  29   0 0.00    M    M  5.7 14 150   M    M   8        17 150
 8  47  37  42  -4  23   0 0.11    M    M  4.6 20 160   M    M  10 18     24 150
 9  66  44  55   8  10   0 1.06    M    M 13.5 30 220   M    M   8 123    44 230
10  61  46  54   7  11   0 0.00    M    M  8.0 21 260   M    M   1        27 260
11  58  41  50   3  15   0 0.00    M    M  3.5 10  50   M    M   6        15  60
12  56  36  46  -2  19   0 0.00    M    M  5.0 14 120   M    M   2        17 120
13  76  48  62  14   3   0    T    M    M 15.4 30 180   M    M   1 3      44 180
14  77  52  65  17   0   0 0.28    M    M 21.2 37 200   M    M   6 38     50 190
15  52  34  43  -6  22   0 0.00    M    M  9.2 22 250   M    M   4        27 260
16  55  27  41  -8  24   0 0.00    M    M  4.3 15 310   M    M   0        21 290
17  60  27  44  -5  21   0 0.00    M    M  8.4 22 270   M    M   0        28 280
18  54  31  43  -7  22   0 0.00    M    M  2.7 13 360   M    M   1        18 350
================================================================================
SM  932  594       403   0  1.66    M    141.8          M       81
================================================================================
AV 51.8 33.0                               7.9 FASTST   M    M   5    MAX(MPH)
                                 MISC ---->  # 37 200               # 50  190
================================================================================
NOTES:
# LAST OF SEVERAL OCCURRENCES

COLUMN 17 PEAK WIND IN M.P.H.

PRELIMINARY LOCAL CLIMATOLOGICAL DATA (WS FORM: F-6) , PAGE 2

                                          STATION:  CLARKSVILLE
                                          MONTH:    MARCH
                                          YEAR:     2019
                                          LATITUDE:   36 37 N
                                          LONGITUDE:  87 25 W

[TEMPERATURE DATA]      [PRECIPITATION DATA]       SYMBOLS USED IN COLUMN 16

AVERAGE MONTHLY: 42.4   TOTAL FOR MONTH:   1.66    1 = FOG OR MIST
DPTR FM NORMAL:  -4.4   DPTR FM NORMAL:   -0.48    2 = FOG REDUCING VISIBILITY
HIGHEST:    77 ON 14    GRTST 24HR  1.06 ON  9- 9      TO 1/4 MILE OR LESS
LOWEST:     15 ON  6, 5                            3 = THUNDER
                        SNOW, ICE PELLETS, HAIL    4 = ICE PELLETS
                        TOTAL MONTH:    M          5 = HAIL
                        GRTST 24HR    M  ON   M    6 = FREEZING RAIN OR DRIZZLE
                        GRTST DEPTH:  M  ON   M    7 = DUSTSTORM OR SANDSTORM:
                                                       VSBY 1/2 MILE OR LESS
                                                   8 = SMOKE OR HAZE
[NO. OF DAYS WITH]      [WEATHER - DAYS WITH]      9 = BLOWING SNOW
                                                   X = TORNADO
MAX 32 OR BELOW:   1    0.01 INCH OR MORE:   5
MAX 90 OR ABOVE:   0    0.10 INCH OR MORE:   4
MIN 32 OR BELOW:   8    0.50 INCH OR MORE:   1
MIN  0 OR BELOW:   0    1.00 INCH OR MORE:   1

[HDD (BASE 65) ]
TOTAL THIS MO.   403    CLEAR  (SCALE 0-3)   8
DPTR FM NORMAL    74    PTCLDY (SCALE 4-7)   5
TOTAL FM JUL 1  3355    CLOUDY (SCALE 8-10)  5
DPTR FM NORMAL  -159

[CDD (BASE 65) ]
TOTAL THIS MO.     0
DPTR FM NORMAL     0    [PRESSURE DATA]
TOTAL FM JAN 1     0    HIGHEST SLP M ON M
DPTR FM NORMAL    -2    LOWEST  SLP 29.71 ON  9

[REMARKS]
