000
CXUS54 KOHX 191010
CF6CKV
PRELIMINARY LOCAL CLIMATOLOGICAL DATA (WS FORM: F-6)

                                          STATION:   CLARKSVILLE
                                          MONTH:     MAY
                                          YEAR:      2019
                                          LATITUDE:   36 37 N
                                          LONGITUDE:  87 25 W

  TEMPERATURE IN F:       :PCPN:    SNOW:  WIND      :SUNSHINE: SKY     :PK WND
================================================================================
1   2   3   4   5  6A  6B    7    8   9   10  11  12  13   14  15   16   17  18
                                     12Z  AVG MX 2MIN
DY MAX MIN AVG DEP HDD CDD  WTR  SNW DPTH SPD SPD DIR MIN PSBL S-S WX    SPD DR
================================================================================

 1  82  62  72  10   0   7 0.00    M    M  9.3 23 200   M    M   3 1      30 200
 2  83  60  72  10   0   7 0.00    M    M  5.8 14 230   M    M   2 1      19 240
 3  71  63  67   4   0   2 1.68    M    M  4.4 13  30   M    M   7 1      16 260
 4  72  60  66   3   0   1 0.29    M    M  4.8 15 360   M    M   8 1      20 360
 5  72  53  63   0   2   0 0.00    M    M  5.6 14 350   M    M   7 1      17 360
 6  78  49  64   0   1   0 0.00  0.0    0  1.7 10 130   0    0   0 12     13 130
 7  84  54  69   5   0   4 0.00  0.0    0  2.6  9  90   0    0   1 1      13 180
 8  86  58  72   8   0   7 0.00    M    M  7.3 18 190   M    M   0 1      23 200
 9  76  64  70   6   0   5 0.09  0.0    0  9.0 25 190   M    M   5 1      35 200
10  66  56  61  -4   4   0    T  0.0    0  8.0 15 360   M    M  10 18     19  10
11  67  56  62  -3   3   0 0.19  0.0    0  5.8 14 310   M    M  10 18     17 290
12  61  50  56  -9   9   0 0.00  0.0    0  6.5 14 280   M    M   9 1      19 280
13  63  46  55 -11  10   0 0.00    M    M  6.9 16 340   M    M   8        21 340
14  71  41  56 -10   9   0 0.00    M    M  1.5  9  70   M    M   2        12  60
15  69  48  59  -7   6   0 0.32    M    0  4.5 16 190   M    M   7 1      20 190
16  87  53  70   4   0   5 0.00    M    M  5.8 14 250   M    M   2 12     18 260
17  87  65  76   9   0  11 0.00    M    M  6.1 16 270   M    M   0        20 290
18  88  63  76   9   0  11 0.00    M    M  8.1 21 190   M    M   0 1      29 180
================================================================================
SM 1363 1001        44  60  2.57     0.0 103.7            0     81
================================================================================
AV 75.7 55.6                               5.8 FASTST    0   0   5    MAX(MPH)
                                 MISC ---->  # 25 190               # 35  200
================================================================================
NOTES:
# LAST OF SEVERAL OCCURRENCES

COLUMN 17 PEAK WIND IN M.P.H.

PRELIMINARY LOCAL CLIMATOLOGICAL DATA (WS FORM: F-6) , PAGE 2

                                          STATION:  CLARKSVILLE
                                          MONTH:    MAY
                                          YEAR:     2019
                                          LATITUDE:   36 37 N
                                          LONGITUDE:  87 25 W

[TEMPERATURE DATA]      [PRECIPITATION DATA]       SYMBOLS USED IN COLUMN 16

AVERAGE MONTHLY: 65.7   TOTAL FOR MONTH:   2.57    1 = FOG OR MIST
DPTR FM NORMAL:   1.1   DPTR FM NORMAL:   -1.19    2 = FOG REDUCING VISIBILITY
HIGHEST:    88 ON 18    GRTST 24HR  1.68 ON  3- 3      TO 1/4 MILE OR LESS
LOWEST:     41 ON 14                               3 = THUNDER
                        SNOW, ICE PELLETS, HAIL    4 = ICE PELLETS
                        TOTAL MONTH:   0.0 INCH    5 = HAIL
                        GRTST 24HR     0.0         6 = FREEZING RAIN OR DRIZZLE
                        GRTST DEPTH:   0           7 = DUSTSTORM OR SANDSTORM:
                                                       VSBY 1/2 MILE OR LESS
                                                   8 = SMOKE OR HAZE
[NO. OF DAYS WITH]      [WEATHER - DAYS WITH]      9 = BLOWING SNOW
                                                   X = TORNADO
MAX 32 OR BELOW:   0    0.01 INCH OR MORE:   5
MAX 90 OR ABOVE:   0    0.10 INCH OR MORE:   4
MIN 32 OR BELOW:   0    0.50 INCH OR MORE:   1
MIN  0 OR BELOW:   0    1.00 INCH OR MORE:   1

[HDD (BASE 65) ]
TOTAL THIS MO.    44    CLEAR  (SCALE 0-3)   9
DPTR FM NORMAL    -9    PTCLDY (SCALE 4-7)   6
TOTAL FM JUL 1  3774    CLOUDY (SCALE 8-10)  3
DPTR FM NORMAL  -224

[CDD (BASE 65) ]
TOTAL THIS MO.    60
DPTR FM NORMAL    14    [PRESSURE DATA]
TOTAL FM JAN 1    87    HIGHEST SLP  0.00 ON M
DPTR FM NORMAL     5    LOWEST  SLP 29.70 ON  5

[REMARKS]
