000
CXUS51 KCLE 260800
CF6CLE
PRELIMINARY LOCAL CLIMATOLOGICAL DATA (WS FORM: F-6)

                                          STATION:   CLEVELAND OH
                                          MONTH:     MARCH
                                          YEAR:      2019
                                          LATITUDE:   41 24 N
                                          LONGITUDE:  81 51 W

  TEMPERATURE IN F:       :PCPN:    SNOW:  WIND      :SUNSHINE: SKY     :PK WND
================================================================================
1   2   3   4   5  6A  6B    7    8   9   10  11  12  13   14  15   16   17  18
                                     12Z  AVG MX 2MIN
DY MAX MIN AVG DEP HDD CDD  WTR  SNW DPTH SPD SPD DIR MIN PSBL S-S WX    SPD DR
================================================================================

 1  34  20  27  -7  38   0 0.00  0.0    0  7.6 17  20   M    M   6        20  10
 2  38  21  30  -4  35   0 0.00  0.0    0  7.1 18 310   M    M   8        23 310
 3  32  22  27  -7  38   0 0.02  0.2    0  8.1 20 330   M    M  10 18     24 320
 4  22  10  16 -18  49   0    T  0.1    T 14.0 23 240   M    M   8 1      29 260
 5  19   8  14 -21  51   0 0.01  0.5    T 14.4 25 260   M    M   6 89     32 250
 6  22  11  17 -18  48   0 0.04  1.2    1 12.0 21 240   M    M   9 18     26 240
 7  28  20  24 -11  41   0    T    T    1  8.5 21 280   M    M   9        27 280
 8  39  16  28  -8  37   0 0.00  0.0    T  4.9 14 360   M    M   5 18     16 360
 9  49  20  35  -1  30   0 0.36  0.0    0 11.3 38 130   M    M   6 18     47 140
10  51  37  44   8  21   0 0.27  0.0    0 21.0 38 240   M    M  10 1      48 240
11  41  32  37   1  28   0 0.00  0.0    0 13.3 22 250   M    M   5        28 250
12  43  26  35  -2  30   0 0.00  0.0    0  5.1 12 310   M    M   2        14 310
13  60  30  45   8  20   0 0.00  0.0    0 10.7 17 160   M    M   9        24 200
14  74  52  63  25   2   0 0.65  0.0    0 17.8 35 230   M    M   9 13     43 230
15  52  36  44   6  21   0 0.01    T    0 18.4 32 250   M    M   8 18     39 240
16  38  33  36  -2  29   0 0.00  0.0    0 13.4 26 300   M    M   9        37 310
17  40  28  34  -5  31   0 0.00  0.0    0  5.6 14 340   M    M   6        18 330
18  42  26  34  -5  31   0 0.01  0.1    0  5.3 14 320   M    M   5 1      18 290
19  47  26  37  -2  28   0 0.00  0.0    0  5.4 15 260   M    M   4        23 250
20  53  29  41   1  24   0 0.06  0.0    0  7.6 15 200   M    M   8        25 200
21  47  38  43   3  22   0 0.10  0.0    0  6.9 18 290   M    M  10 1      23 290
22  41  31  36  -4  29   0 0.07  0.7    0 13.8 29 320   M    M  10 1      34 330
23  46  29  38  -3  27   0 0.00  0.0    0  8.1 18 340   M    M   2        23 340
24  58  29  44   3  21   0 0.01  0.0    0  7.9 21 240   M    M   9        33 240
25  46  31  39  -3  26   0 0.01  0.0    0 17.2 31  30   M    M   5        37  40
================================================================================
SM 1062  661       757   0  1.62     2.8 265.4          M      178
================================================================================
AV 42.5 26.4                              10.6 FASTST   M    M   7    MAX(MPH)
                                 MISC ---->  # 38 130               # 48  240
================================================================================
NOTES:
# LAST OF SEVERAL OCCURRENCES

COLUMN 17 PEAK WIND IN M.P.H.

PRELIMINARY LOCAL CLIMATOLOGICAL DATA (WS FORM: F-6) , PAGE 2

                                          STATION:  CLEVELAND OH
                                          MONTH:    MARCH
                                          YEAR:     2019
                                          LATITUDE:   41 24 N
                                          LONGITUDE:  81 51 W

[TEMPERATURE DATA]      [PRECIPITATION DATA]       SYMBOLS USED IN COLUMN 16

AVERAGE MONTHLY: 34.5   TOTAL FOR MONTH:   1.62    1 = FOG OR MIST
DPTR FM NORMAL:  -2.9   DPTR FM NORMAL:   -0.66    2 = FOG REDUCING VISIBILITY
HIGHEST:    74 ON 14    GRTST 24HR  0.65 ON 14-14      TO 1/4 MILE OR LESS
LOWEST:      8 ON  5                               3 = THUNDER
                        SNOW, ICE PELLETS, HAIL    4 = ICE PELLETS
                        TOTAL MONTH:   2.8 INCHES  5 = HAIL
                        GRTST 24HR   1.2 ON  6- 6  6 = FREEZING RAIN OR DRIZZLE
                        GRTST DEPTH:   1 ON  7, 6  7 = DUSTSTORM OR SANDSTORM:
                                                       VSBY 1/2 MILE OR LESS
                                                   8 = SMOKE OR HAZE
[NO. OF DAYS WITH]      [WEATHER - DAYS WITH]      9 = BLOWING SNOW
                                                   X = TORNADO
MAX 32 OR BELOW:   5    0.01 INCH OR MORE:  13
MAX 90 OR ABOVE:   0    0.10 INCH OR MORE:   4
MIN 32 OR BELOW:  20    0.50 INCH OR MORE:   1
MIN  0 OR BELOW:   0    1.00 INCH OR MORE:   0

[HDD (BASE 65) ]
TOTAL THIS MO.   757    CLEAR  (SCALE 0-3)   2
DPTR FM NORMAL    66    PTCLDY (SCALE 4-7)  12
TOTAL FM JUL 1  4855    CLOUDY (SCALE 8-10) 11
DPTR FM NORMAL   -53

[CDD (BASE 65) ]
TOTAL THIS MO.     0
DPTR FM NORMAL     0    [PRESSURE DATA]
TOTAL FM JAN 1     0    HIGHEST SLP M ON M
DPTR FM NORMAL     0    LOWEST  SLP 29.57 ON 14

[REMARKS]
