000
CXUS51 KCLE 250800
CF6CLE
PRELIMINARY LOCAL CLIMATOLOGICAL DATA (WS FORM: F-6)

                                          STATION:   CLEVELAND OH
                                          MONTH:     JUNE
                                          YEAR:      2019
                                          LATITUDE:   41 24 N
                                          LONGITUDE:  81 51 W

  TEMPERATURE IN F:       :PCPN:    SNOW:  WIND      :SUNSHINE: SKY     :PK WND
================================================================================
1   2   3   4   5  6A  6B    7    8   9   10  11  12  13   14  15   16   17  18
                                     12Z  AVG MX 2MIN
DY MAX MIN AVG DEP HDD CDD  WTR  SNW DPTH SPD SPD DIR MIN PSBL S-S WX    SPD DR
================================================================================

 1  84  62  73   8   0   8 0.29  0.0    0  8.7 29 340   M    M   8 13     37 320
 2  68  57  63  -2   2   0 0.43  0.0    0  6.9 18 360   M    M   7 3      22  10
 3  62  50  56 -10   9   0 0.00  0.0    0  7.3 16 360   M    M   2        20 340
 4  75  50  63  -3   2   0 0.10  0.0    0  9.2 17 210   M    M   7 1      20 210
 5  77  63  70   4   0   5 1.55  0.0    0  7.4 18 230   M    M   7 13     27 240
 6  70  58  64  -2   1   0 0.01  0.0    0  5.8 14  10   M    M   9 128    16 330
 7  74  55  65  -2   0   0 0.00  0.0    0  9.7 23  40   M    M   8 18     27  40
 8  83  64  74   7   0   9 0.00  0.0    0 10.5 20 110   M    M   8        25  80
 9  83  70  77   9   0  12    T  0.0    0 14.5 24 160   M    M   9        31 130
10  75  56  66  -2   0   1 0.63  0.0    0 12.4 25 290   M    M   9 1      34 290
11  75  50  63  -5   2   0 0.00  0.0    0  6.8 16 270   M    M   1        22 260
12  77  55  66  -2   0   1 0.23  0.0    0 10.7 22 180   M    M   6 1      30 180
13  70  56  63  -6   2   0 0.67  0.0    0 13.3 28 260   M    M   9 13     34 310
14  74  50  62  -7   3   0    T  0.0    0 11.6 23 260   M    M   4        30 260
15  70  64  67  -2   0   2 0.58  0.0    0  9.3 22 240   M    M  10 1      30 250
16  74  60  67  -3   0   2 0.97  0.0    0  4.8 18 310   M    M  10 12     25 300
17  71  62  67  -3   0   2    T  0.0    0  3.6 10  10   M    M  10 12     12  10
18  76  63  70   0   0   5    T  0.0    0  4.5 12 360   M    M   6 12     16  10
19  79  60  70   0   0   5 0.01  0.0    0  4.2 12  20   M    M   8 18     14 350
20  71  61  66  -5   0   1 1.62  0.0    0  7.7 21 320   M    M  10 1      26 320
21  76  59  68  -3   0   3 0.00  0.0    0  8.3 16 330   M    M   5 1      18 350
22  75  55  65  -6   0   0 0.00  0.0    0  4.7 16  10   M    M   4        20  20
23  82  53  68  -3   0   3 0.00  0.0    0  4.7 13  30   M    M   3        16  20
24  85  70  78   6   0  13 0.69  0.0    0  9.8 20 180   M    M   8 1      24 180
================================================================================
SM 1806 1403        21  72  7.78     0.0 196.4          M      168
================================================================================
AV 75.3 58.5                               8.2 FASTST   M    M   7    MAX(MPH)
                                 MISC ---->  # 29 340               # 37  320
================================================================================
NOTES:
# LAST OF SEVERAL OCCURRENCES

COLUMN 17 PEAK WIND IN M.P.H.

PRELIMINARY LOCAL CLIMATOLOGICAL DATA (WS FORM: F-6) , PAGE 2

                                          STATION:  CLEVELAND OH
                                          MONTH:    JUNE
                                          YEAR:     2019
                                          LATITUDE:   41 24 N
                                          LONGITUDE:  81 51 W

[TEMPERATURE DATA]      [PRECIPITATION DATA]       SYMBOLS USED IN COLUMN 16

AVERAGE MONTHLY: 66.9   TOTAL FOR MONTH:   7.78    1 = FOG OR MIST
DPTR FM NORMAL:  -1.6   DPTR FM NORMAL:    5.02    2 = FOG REDUCING VISIBILITY
HIGHEST:    85 ON 24    GRTST 24HR  1.62 ON 20-20      TO 1/4 MILE OR LESS
LOWEST:     50 ON 14,11                            3 = THUNDER
                        SNOW, ICE PELLETS, HAIL    4 = ICE PELLETS
                        TOTAL MONTH:   0.0 INCH    5 = HAIL
                        GRTST 24HR     0.0         6 = FREEZING RAIN OR DRIZZLE
                        GRTST DEPTH:   0           7 = DUSTSTORM OR SANDSTORM:
                                                       VSBY 1/2 MILE OR LESS
                                                   8 = SMOKE OR HAZE
[NO. OF DAYS WITH]      [WEATHER - DAYS WITH]      9 = BLOWING SNOW
                                                   X = TORNADO
MAX 32 OR BELOW:   0    0.01 INCH OR MORE:  13
MAX 90 OR ABOVE:   0    0.10 INCH OR MORE:  11
MIN 32 OR BELOW:   0    0.50 INCH OR MORE:   7
MIN  0 OR BELOW:   0    1.00 INCH OR MORE:   2

[HDD (BASE 65) ]
TOTAL THIS MO.    21    CLEAR  (SCALE 0-3)   2
DPTR FM NORMAL   -19    PTCLDY (SCALE 4-7)  13
TOTAL FM JUL 1  5553    CLOUDY (SCALE 8-10)  9
DPTR FM NORMAL  -207

[CDD (BASE 65) ]
TOTAL THIS MO.    72
DPTR FM NORMAL   -49    [PRESSURE DATA]
TOTAL FM JAN 1   140    HIGHEST SLP M ON M
DPTR FM NORMAL   -40    LOWEST  SLP 29.51 ON 20

[REMARKS]
