000
CXUS54 KHGX 250740
CF6CLL
PRELIMINARY LOCAL CLIMATOLOGICAL DATA (WS FORM: F-6)

                                          STATION:   COLLEGE STATION
                                          MONTH:     MAY
                                          YEAR:      2019
                                          LATITUDE:   30 34 N
                                          LONGITUDE:  96 22 W

  TEMPERATURE IN F:       :PCPN:    SNOW:  WIND      :SUNSHINE: SKY     :PK WND
================================================================================
1   2   3   4   5  6A  6B    7    8   9   10  11  12  13   14  15   16   17  18
                                     12Z  AVG MX 2MIN
DY MAX MIN AVG DEP HDD CDD  WTR  SNW DPTH SPD SPD DIR MIN PSBL S-S WX    SPD DR
================================================================================

 1  84  74  79   7   0  14    T  0.0    0 13.6 23 160   M    M   9        28 150
 2  83  63  73   0   0   8 2.09  0.0    0  9.8 30 290   M    M   7 13     42 290
 3  79  65  72  -1   0   7 2.81  0.0    0  7.8 25 120   M    M   9 13     32 120
 4  82  61  72  -1   0   7 0.09  0.0    0  8.4 20 300   M    M   3 13     25 310
 5  84  64  74   1   0   9 0.00  0.0    0  6.2 13 180   M    M   1        21 130
 6  83  65  74   0   0   9 0.00  0.0    0  6.7 16 160   M    M   1 1      20 160
 7  84  69  77   3   0  12 0.60  0.0    0  9.2 30 150   M    M   7 13     39 150
 8  76  66  71  -3   0   6 0.88  0.0    0  5.8 26 320   M    M   8 13     31 330
 9  88  66  77   3   0  12    T  0.0    0  8.9 24 340   M    M   7 18     29 340
10  72  57  65 -10   0   0    T  0.0    0 10.9 22  10   M    M   9 1      27  10
11  68  60  64 -11   1   0 0.06  0.0    0  8.3 17 350   M    M  10 13     22 340
12  76  62  69  -6   0   4 0.00  0.0    0  7.6 20 360   M    M   3 1      25 360
13  84  57  71  -5   0   6 0.00  0.0    0  3.5 12  60   M    M   0        16 150
14  85  63  74  -2   0   9 0.00  0.0    0  4.2 12 100   M    M   3        15 110
15  86  66  76   0   0  11 0.00  0.0    0  5.2 13 160   M    M   1 1      15 160
16  87  64  76   0   0  11 0.00  0.0    0  6.0 16 120   M    M   3        21 160
17  89  68  79   3   0  14 0.00  0.0    0 12.0 24 160   M    M   6 18     31 150
18  86  76  81   4   0  16 0.08  0.0    0 13.5 24 160   M    M   9 1      33 160
19  93  77  85   8   0  20 0.00  0.0    0  7.1 13 120   M    M   5 18     17 250
20  92  76  84   7   0  19 0.00  0.0    0 18.0 32 160   M    M   6 18     40 150
21  84  65  75  -3   0  10 0.03  0.0    0 10.4 26 170   M    M  10 1      33 170
22  93  76  85   7   0  20 0.00  0.0    0 16.2 26 160   M    M   7 1      34 160
23  92  77  85   7   0  20 0.00  0.0    0 15.3 25 140   M    M   6        32 150
24  92  76  84   6   0  19 0.00  0.0    0 13.5 21 160   M    M   4        28 140
================================================================================
SM 2022 1613         1 263  6.64     0.0 228.1          M      134
================================================================================
AV 84.3 67.2                               9.5 FASTST   M    M   6    MAX(MPH)
                                 MISC ---->  # 32 160               # 42  290
================================================================================
NOTES:
# LAST OF SEVERAL OCCURRENCES

COLUMN 17 PEAK WIND IN M.P.H.

PRELIMINARY LOCAL CLIMATOLOGICAL DATA (WS FORM: F-6) , PAGE 2

                                          STATION:  COLLEGE STATION
                                          MONTH:    MAY
                                          YEAR:     2019
                                          LATITUDE:   30 34 N
                                          LONGITUDE:  96 22 W

[TEMPERATURE DATA]      [PRECIPITATION DATA]       SYMBOLS USED IN COLUMN 16

AVERAGE MONTHLY: 75.7   TOTAL FOR MONTH:   6.64    1 = FOG OR MIST
DPTR FM NORMAL:   0.4   DPTR FM NORMAL:    3.34    2 = FOG REDUCING VISIBILITY
HIGHEST:    93 ON 22,19 GRTST 24HR  2.81 ON  3- 3      TO 1/4 MILE OR LESS
LOWEST:     57 ON 13,10                            3 = THUNDER
                        SNOW, ICE PELLETS, HAIL    4 = ICE PELLETS
                        TOTAL MONTH:   0.0 INCH    5 = HAIL
                        GRTST 24HR     0.0         6 = FREEZING RAIN OR DRIZZLE
                        GRTST DEPTH:   0           7 = DUSTSTORM OR SANDSTORM:
                                                       VSBY 1/2 MILE OR LESS
                                                   8 = SMOKE OR HAZE
[NO. OF DAYS WITH]      [WEATHER - DAYS WITH]      9 = BLOWING SNOW
                                                   X = TORNADO
MAX 32 OR BELOW:   0    0.01 INCH OR MORE:   8
MAX 90 OR ABOVE:   5    0.10 INCH OR MORE:   4
MIN 32 OR BELOW:   0    0.50 INCH OR MORE:   4
MIN  0 OR BELOW:   0    1.00 INCH OR MORE:   2

[HDD (BASE 65) ]
TOTAL THIS MO.     1    CLEAR  (SCALE 0-3)   7
DPTR FM NORMAL     1    PTCLDY (SCALE 4-7)  11
TOTAL FM JUL 1  1700    CLOUDY (SCALE 8-10)  6
DPTR FM NORMAL    94

[CDD (BASE 65) ]
TOTAL THIS MO.   263
DPTR FM NORMAL    11    [PRESSURE DATA]
TOTAL FM JAN 1   495    HIGHEST SLP M ON M
DPTR FM NORMAL     4    LOWEST  SLP 29.64 ON 21

[REMARKS]
