000
CXUS54 KHGX 221406
CF6CLL
PRELIMINARY LOCAL CLIMATOLOGICAL DATA (WS FORM: F-6)

                                          STATION:   COLLEGE STATION
                                          MONTH:     MARCH
                                          YEAR:      2019
                                          LATITUDE:   30 34 N
                                          LONGITUDE:  96 22 W

  TEMPERATURE IN F:       :PCPN:    SNOW:  WIND      :SUNSHINE: SKY     :PK WND
================================================================================
1   2   3   4   5  6A  6B    7    8   9   10  11  12  13   14  15   16   17  18
                                     12Z  AVG MX 2MIN
DY MAX MIN AVG DEP HDD CDD  WTR  SNW DPTH SPD SPD DIR MIN PSBL S-S WX    SPD DR
================================================================================

 1  53  42  48 -10  17   0 0.00  0.0    0  5.2 12  30   M    M  10 18     14 350
 2  56  48  52  -6  13   0 0.00  0.0    0  7.4 14 360   M    M  10 1      17 360
 3  49  34  42 -16  23   0 0.01  0.0    0 15.6 26 350   M    M  10 1      33 340
 4  35  29  32 -26  33   0 0.00  0.0    0 15.1 23 350   M    M  10        29 350
 5  47  26  37 -22  28   0 0.00  0.0    0 10.7 22  20   M    M   0        30 350
 6  58  32  45 -14  20   0 0.00  0.0    0 10.2 20 170   M    M   3        23 170
 7  72  51  62   3   3   0    T  0.0    0  9.7 22 180   M    M   9 1      29 200
 8  79  67  73  13   0   8    T  0.0    0 13.8 21 180   M    M   9 1      27 170
 9  84  62  73  13   0   8 0.11  0.0    0 10.2 22 190   M    M   5 1      29 170
10  82  65  74  14   0   9    T  0.0    0  4.8 14 130   M    M   8 128    16 130
11  72  61  67   7   0   2    T  0.0    0  8.0 17  40   M    M  10 1      22  30
12  78  61  70  10   0   5 0.00  0.0    0 13.3 28 140   M    M   9 128    35 150
13  73  54  64   3   1   0 0.54  0.0    0 13.2 30 140   M    M  10 1      39 150
14  73  55  64   3   1   0 0.56  0.0    0 11.7 32 290   M    M   4 13     38 290
15  62  47  55  -6  10   0    T  0.0    0 13.3 24 360   M    M   3        31 360
16  63  45  54  -7  11   0 0.00  0.0    0  7.1 14  30   M    M   5        20  90
17  67  47  57  -5   8   0 0.00  0.0    0  5.3 13  30   M    M   0        18  20
18  70  46  58  -4   7   0 0.00  0.0    0  4.2 15 130   M    M   0        19 130
19  72  48  60  -2   5   0 0.00  0.0    0  6.8 18 160   M    M   6 8      23 150
20  76  51  64   2   1   0 0.00  0.0    0  5.5 17 340   M    M   7        21 350
21  76  46  61  -2   4   0 0.00  0.0    0  3.0 12 330   M    M   1 18     14 300
================================================================================
SM 1397 1017       185  32  1.22     0.0 194.1          M      129
================================================================================
AV 66.5 48.4                               9.2 FASTST   M    M   6    MAX(MPH)
                                 MISC ---->  # 32 290               # 39  150
================================================================================
NOTES:
# LAST OF SEVERAL OCCURRENCES

COLUMN 17 PEAK WIND IN M.P.H.

PRELIMINARY LOCAL CLIMATOLOGICAL DATA (WS FORM: F-6) , PAGE 2

                                          STATION:  COLLEGE STATION
                                          MONTH:    MARCH
                                          YEAR:     2019
                                          LATITUDE:   30 34 N
                                          LONGITUDE:  96 22 W

[TEMPERATURE DATA]      [PRECIPITATION DATA]       SYMBOLS USED IN COLUMN 16

AVERAGE MONTHLY: 57.5   TOTAL FOR MONTH:   1.22    1 = FOG OR MIST
DPTR FM NORMAL:  -2.7   DPTR FM NORMAL:   -0.91    2 = FOG REDUCING VISIBILITY
HIGHEST:    84 ON  9    GRTST 24HR  0.56 ON 14-14      TO 1/4 MILE OR LESS
LOWEST:     26 ON  5                               3 = THUNDER
                        SNOW, ICE PELLETS, HAIL    4 = ICE PELLETS
                        TOTAL MONTH:   0.0 INCH    5 = HAIL
                        GRTST 24HR     0.0         6 = FREEZING RAIN OR DRIZZLE
                        GRTST DEPTH:   0           7 = DUSTSTORM OR SANDSTORM:
                                                       VSBY 1/2 MILE OR LESS
                                                   8 = SMOKE OR HAZE
[NO. OF DAYS WITH]      [WEATHER - DAYS WITH]      9 = BLOWING SNOW
                                                   X = TORNADO
MAX 32 OR BELOW:   0    0.01 INCH OR MORE:   4
MAX 90 OR ABOVE:   0    0.10 INCH OR MORE:   3
MIN 32 OR BELOW:   3    0.50 INCH OR MORE:   2
MIN  0 OR BELOW:   0    1.00 INCH OR MORE:   0

[HDD (BASE 65) ]
TOTAL THIS MO.   185    CLEAR  (SCALE 0-3)   5
DPTR FM NORMAL    50    PTCLDY (SCALE 4-7)   7
TOTAL FM JUL 1  1631    CLOUDY (SCALE 8-10)  9
DPTR FM NORMAL   109

[CDD (BASE 65) ]
TOTAL THIS MO.    32
DPTR FM NORMAL    -1    [PRESSURE DATA]
TOTAL FM JAN 1    61    HIGHEST SLP M ON M
DPTR FM NORMAL     0    LOWEST  SLP 29.63 ON 13

[REMARKS]
