000
CXUS52 KGSP 220817
CF6CLT
PRELIMINARY LOCAL CLIMATOLOGICAL DATA (WS FORM: F-6)

                                          STATION:   CHARLOTTE NC
                                          MONTH:     MAY
                                          YEAR:      2019
                                          LATITUDE:   35 12 N
                                          LONGITUDE:  80 57 W

  TEMPERATURE IN F:       :PCPN:    SNOW:  WIND      :SUNSHINE: SKY     :PK WND
================================================================================
1   2   3   4   5  6A  6B    7    8   9   10  11  12  13   14  15   16   17  18
                                     12Z  AVG MX 2MIN
DY MAX MIN AVG DEP HDD CDD  WTR  SNW DPTH SPD SPD DIR MIN PSBL S-S WX    SPD DR
================================================================================

 1  84  64  74  11   0   9 0.00  0.0    0  6.9 14 200   M    M   8 1      20 200
 2  85  64  75  11   0  10 0.00  0.0    0  7.4 14 150   M    M   4        20 150
 3  85  63  74  10   0   9 0.00  0.0    0  7.2 17 160   M    M   6 18     22 160
 4  86  67  77  13   0  12 0.68  0.0    0  6.9 22 300   M    M   8 138    28 280
 5  80  63  72   8   0   7 0.25  0.0    0  8.1 18 220   M    M   7 138    28 220
 6  81  60  71   6   0   6 0.00  0.0    0  5.9 15  40   M    M   5        20 360
 7  82  63  73   8   0   8    T  0.0    0  7.4 15 130   M    M   8 1      17 110
 8  83  63  73   8   0   8 0.01  0.0    0  7.2 16 170   M    M   6 1      21 120
 9  79  62  71   6   0   6 0.01  0.0    0 10.0 23 130   M    M   6 8      28 170
10  78  65  72   6   0   7 0.39  0.0    0  6.5 14 170   M    M   9 18     29 260
11  74  67  71   5   0   6 1.14  0.0    0  7.5 20 180   M    M   8 138    24 170
12  75  66  71   5   0   6    T  0.0    0 10.7 17 210   M    M   9        24 200
13  78  57  68   2   0   3 0.00  0.0    0  8.1 17 310   M    M   6        24 290
14  72  45  59  -8   6   0 0.00  0.0    0  6.6 16 360   M    M   3 18     24 330
15  72  45  59  -8   6   0 0.00  0.0    0  4.1 13 220   M    M   5 1      17 240
16  81  51  66  -1   0   1 0.00  0.0    0  3.2 10 190   M    M   3 18     15 210
17  89  58  74   6   0   9 0.00  0.0    0  4.8 15 200   M    M   6 18     22 210
18  91  63  77   9   0  12 0.00  0.0    0  4.0 12 150   M    M   2 18     16 210
19  89  69  79  11   0  14 0.00  0.0    0  9.1 21 160   M    M   3 18     25 160
20  88  70  79  11   0  14 0.00  0.0    0  8.3 17 200   M    M   5 18     22 230
21  89  62  76   7   0  11 0.00  0.0    0  5.0 13  70   M    M   1 8      27 220
================================================================================
SM 1721 1287        12 158  2.48     0.0 144.9          M      118
================================================================================
AV 82.0 61.3                               6.9 FASTST   M    M   6    MAX(MPH)
                                 MISC ---->  # 23 130               # 29  260
================================================================================
NOTES:
# LAST OF SEVERAL OCCURRENCES

COLUMN 17 PEAK WIND IN M.P.H.

PRELIMINARY LOCAL CLIMATOLOGICAL DATA (WS FORM: F-6) , PAGE 2

                                          STATION:  CHARLOTTE NC
                                          MONTH:    MAY
                                          YEAR:     2019
                                          LATITUDE:   35 12 N
                                          LONGITUDE:  80 57 W

[TEMPERATURE DATA]      [PRECIPITATION DATA]       SYMBOLS USED IN COLUMN 16

AVERAGE MONTHLY: 71.6   TOTAL FOR MONTH:   2.48    1 = FOG OR MIST
DPTR FM NORMAL:   5.7   DPTR FM NORMAL:    0.41    2 = FOG REDUCING VISIBILITY
HIGHEST:    91 ON 18    GRTST 24HR  1.14 ON 11-11      TO 1/4 MILE OR LESS
LOWEST:     45 ON 15,14                            3 = THUNDER
                        SNOW, ICE PELLETS, HAIL    4 = ICE PELLETS
                        TOTAL MONTH:   0.0 INCH    5 = HAIL
                        GRTST 24HR     0.0         6 = FREEZING RAIN OR DRIZZLE
                        GRTST DEPTH:   0           7 = DUSTSTORM OR SANDSTORM:
                                                       VSBY 1/2 MILE OR LESS
                                                   8 = SMOKE OR HAZE
[NO. OF DAYS WITH]      [WEATHER - DAYS WITH]      9 = BLOWING SNOW
                                                   X = TORNADO
MAX 32 OR BELOW:   0    0.01 INCH OR MORE:   6
MAX 90 OR ABOVE:   1    0.10 INCH OR MORE:   4
MIN 32 OR BELOW:   0    0.50 INCH OR MORE:   2
MIN  0 OR BELOW:   0    1.00 INCH OR MORE:   1

[HDD (BASE 65) ]
TOTAL THIS MO.    12    CLEAR  (SCALE 0-3)   4
DPTR FM NORMAL   -33    PTCLDY (SCALE 4-7)  15
TOTAL FM JUL 1  2866    CLOUDY (SCALE 8-10)  2
DPTR FM NORMAL  -511

[CDD (BASE 65) ]
TOTAL THIS MO.   158
DPTR FM NORMAL    92    [PRESSURE DATA]
TOTAL FM JAN 1   232    HIGHEST SLP M ON M
DPTR FM NORMAL   129    LOWEST  SLP 29.69 ON M

[REMARKS]
