000
CXUS56 KLOX 231655
CF6CMA
PRELIMINARY LOCAL CLIMATOLOGICAL DATA (WS FORM: F-6)

                                          STATION:   CAMARILLO AIRPORT CA
                                          MONTH:     MARCH
                                          YEAR:      2019
                                          LATITUDE:   34 12 N
                                          LONGITUDE: 119  6 W

  TEMPERATURE IN F:       :PCPN:    SNOW:  WIND      :SUNSHINE: SKY     :PK WND
================================================================================
1   2   3   4   5  6A  6B    7    8   9   10  11  12  13   14  15   16   17  18
                                     12Z  AVG MX 2MIN
DY MAX MIN AVG DEP HDD CDD  WTR  SNW DPTH SPD SPD DIR MIN PSBL S-S WX    SPD DR
================================================================================

 1  65  56  61   6   4   0    T  0.0    0  3.8 12 230   M    M  10        15 210
 2  65  56  61   6   4   0 1.32  0.0    0  6.3 16 220   M    M  10 18     20 190
 3  64  55  60   5   5   0 0.02  0.0    0  7.2 14 270   M    M  10 128    23 170
 4  65  51  58   3   7   0 0.00  0.0    0  4.5 14 220   M    M   4        22 220
 5  66  52  59   4   6   0 0.20  0.0    0  6.3 22 260   M    M   7 38     26 260
 6  66  54  60   5   5   0 0.91  0.0    0  8.1 21 220   M    M  10 138    24 230
 7  64  49  57   2   8   0 0.00  0.0    0  6.5 16 280   M    M   4        22 220
 8  61  47  54  -1  11   0 0.00  0.0    0 11.0 26 260   M    M   2        34 280
 9  62  39  51  -5  14   0 0.00  0.0    0  5.6 18 280   M    M   1        23 270
10  61  48  55  -1  10   0 0.00  0.0    0  5.1 14 200   M    M   4        19 210
11  68  44  56   0   9   0 0.00  0.0    0  8.1 26  70   M    M   4        34  70
12  69  50  60   4   5   0 0.00  0.0    0 11.4 29 270   M    M   2        44 230
13  68  46  57   1   8   0 0.00  0.0    0  6.7 14 240   M    M   0        19 250
14  72  53  63   7   2   0 0.00  0.0    0 19.4 33  70   M    M   0        43  70
15  77  46  62   6   3   0 0.00  0.0    0 11.1 26  70   M    M   0        37  60
16  83  43  63   7   2   0 0.00  0.0    0 10.0 28  60   M    M   0        36  50
17  86  48  67  11   0   2 0.00  0.0    0  5.7 16 270   M    M   0        20 270
18  76  48  62   6   3   0 0.00  0.0    0  4.5 13 210   M    M   0 28     16 220
19  67  50  59   2   6   0 0.06  0.0    0  5.5 22 210   M    M   7 128    27 200
20  67  51  59   2   6   0 0.01  0.0    0  6.8 23 260   M    M   5         M  M
21  65  47  56  -1   9   0 0.04    M    0  5.8 18 270   M    M   6        24 280
22  66  47  57   0   8   0 0.00  0.0    0  5.3 15 210   M    M   3        20 210
================================================================================
SM 1503 1080       135   2  2.56     0.0 164.8          M       89
================================================================================
AV 68.3 49.1                               7.5 FASTST   M    M   4    MAX(MPH)
                                 MISC ---->  # 33  70               # 44  230
================================================================================
NOTES:
# LAST OF SEVERAL OCCURRENCES

COLUMN 17 PEAK WIND IN M.P.H.

PRELIMINARY LOCAL CLIMATOLOGICAL DATA (WS FORM: F-6) , PAGE 2

                                          STATION:  CAMARILLO AIRPORT CA
                                          MONTH:    MARCH
                                          YEAR:     2019
                                          LATITUDE:   34 12 N
                                          LONGITUDE: 119  6 W

[TEMPERATURE DATA]      [PRECIPITATION DATA]       SYMBOLS USED IN COLUMN 16

AVERAGE MONTHLY: 58.7   TOTAL FOR MONTH:   2.56    1 = FOG OR MIST
DPTR FM NORMAL:   2.9   DPTR FM NORMAL:    0.22    2 = FOG REDUCING VISIBILITY
HIGHEST:    86 ON 17    GRTST 24HR  1.32 ON  2- 2      TO 1/4 MILE OR LESS
LOWEST:     39 ON  9                               3 = THUNDER
                        SNOW, ICE PELLETS, HAIL    4 = ICE PELLETS
                        TOTAL MONTH:   0.0 INCH    5 = HAIL
                        GRTST 24HR     0.0         6 = FREEZING RAIN OR DRIZZLE
                        GRTST DEPTH:   0           7 = DUSTSTORM OR SANDSTORM:
                                                       VSBY 1/2 MILE OR LESS
                                                   8 = SMOKE OR HAZE
[NO. OF DAYS WITH]      [WEATHER - DAYS WITH]      9 = BLOWING SNOW
                                                   X = TORNADO
MAX 32 OR BELOW:   0    0.01 INCH OR MORE:   7
MAX 90 OR ABOVE:   0    0.10 INCH OR MORE:   3
MIN 32 OR BELOW:   0    0.50 INCH OR MORE:   2
MIN  0 OR BELOW:   0    1.00 INCH OR MORE:   1

[HDD (BASE 65) ]
TOTAL THIS MO.   135    CLEAR  (SCALE 0-3)  10
DPTR FM NORMAL   -70    PTCLDY (SCALE 4-7)   8
TOTAL FM JUL 1  1053    CLOUDY (SCALE 8-10)  4
DPTR FM NORMAL  -488

[CDD (BASE 65) ]
TOTAL THIS MO.     2
DPTR FM NORMAL     2    [PRESSURE DATA]
TOTAL FM JAN 1     4    HIGHEST SLP M ON M
DPTR FM NORMAL    -5    LOWEST  SLP 29.66 ON 12

[REMARKS]
