000
CXUS53 KILX 222300
CF6CMI
PRELIMINARY LOCAL CLIMATOLOGICAL DATA (WS FORM: F-6)

                                          STATION:   CHAMPAIGN IL AIRPORT
                                          MONTH:     MAY
                                          YEAR:      2019
                                          LATITUDE:   40  1 N
                                          LONGITUDE:  88 17 W

  TEMPERATURE IN F:       :PCPN:    SNOW:  WIND      :SUNSHINE: SKY     :PK WND
================================================================================
1   2   3   4   5  6A  6B    7    8   9   10  11  12  13   14  15   16   17  18
                                     12Z  AVG MX 2MIN
DY MAX MIN AVG DEP HDD CDD  WTR  SNW DPTH SPD SPD DIR MIN PSBL S-S WX    SPD DR
================================================================================

 1  73  57  65   7   0   0 0.05    M    M 12.9 33 220   M    M   5 13     46 220
 2  66  50  58   0   7   0 0.28    M    M 10.1 21 220   M    M   9 123    26 190
 3  58  47  53  -5  12   0 0.00    M    M 11.0 18  40   M    M  10 1      27  50
 4  65  46  56  -3   9   0 0.04    M    M  9.2 16  30   M    M   7 1      21  40
 5  72  41  57  -2   8   0 0.00    M    M  4.1 10 230   M    M   0        15 290
 6  79  48  64   4   1   0 0.00    M    M 11.2 22 220   M    M   0        32 240
 7  74  50  62   2   3   0    T    M    M 12.3 22  50   M    M   4 18     30  30
 8  85  52  69   9   0   4 0.15    M    M 16.7 29 160   M    M   2 13     39 160
 9  68  47  58  -3   7   0 1.32    M    M 14.2 20 230   M    M  10 1      28 170
10  61  46  54  -7  11   0 0.00    M    M  9.2 17 320   M    M   8        23 310
11  53  40  47 -14  18   0 0.22    M    M 11.3 21  50   M    M   6 1      27  50
12  49  44  47 -15  18   0 0.04    M    M  7.8 16  50   M    M  10 1      22  40
13  66  42  54  -8  11   0 0.00    M    M  6.7 16 340   M    M   5 1      24 340
14  69  41  55  -7  10   0    T    M    M  5.6 13 270   M    M   3        19 310
15  76  55  66   3   0   1 0.02    M    M  6.3 14 150   M    M   6 1      18 150
16  84  56  70   7   0   5 0.00    M    M 12.6 29 200   M    M   1 13     39 190
17  83  63  73   9   0   8 0.00    M    M  8.1 22 300   M    M   1        33 280
18  88  61  75  11   0  10 0.00  0.0    0 16.7 31 190   M    M   1 1      42 190
19  77  56  67   3   0   2 0.36    M    M 18.4 35 210   M    M   7 13     51 210
20  62  49  56  -8   9   0 0.00    M    M 12.6 20  40   M    M   4        27  50
21  60  46  53 -12  12   0 0.79    M    M 20.4 30  90   M    M   6 13     39 100
================================================================================
SM 1468 1037       136  30  3.27     0.0 237.4          M      105
================================================================================
AV 69.9 49.4                              11.3 FASTST   M    M   5    MAX(MPH)
                                 MISC ---->  # 35 210               # 51  210
================================================================================
NOTES:
# LAST OF SEVERAL OCCURRENCES

COLUMN 17 PEAK WIND IN M.P.H.

PRELIMINARY LOCAL CLIMATOLOGICAL DATA (WS FORM: F-6) , PAGE 2

                                          STATION:  CHAMPAIGN IL AIRPORT
                                          MONTH:    MAY
                                          YEAR:     2019
                                          LATITUDE:   40  1 N
                                          LONGITUDE:  88 17 W

[TEMPERATURE DATA]      [PRECIPITATION DATA]       SYMBOLS USED IN COLUMN 16

AVERAGE MONTHLY: 59.6   TOTAL FOR MONTH:   3.27    1 = FOG OR MIST
DPTR FM NORMAL:  -1.7   DPTR FM NORMAL:    0.11    2 = FOG REDUCING VISIBILITY
HIGHEST:    88 ON 18    GRTST 24HR  1.32 ON  9- 9      TO 1/4 MILE OR LESS
LOWEST:     40 ON 11                               3 = THUNDER
                        SNOW, ICE PELLETS, HAIL    4 = ICE PELLETS
                        TOTAL MONTH:   0.0 INCH    5 = HAIL
                        GRTST 24HR     0.0         6 = FREEZING RAIN OR DRIZZLE
                        GRTST DEPTH:   0           7 = DUSTSTORM OR SANDSTORM:
                                                       VSBY 1/2 MILE OR LESS
                                                   8 = SMOKE OR HAZE
[NO. OF DAYS WITH]      [WEATHER - DAYS WITH]      9 = BLOWING SNOW
                                                   X = TORNADO
MAX 32 OR BELOW:   0    0.01 INCH OR MORE:  10
MAX 90 OR ABOVE:   0    0.10 INCH OR MORE:   6
MIN 32 OR BELOW:   0    0.50 INCH OR MORE:   2
MIN  0 OR BELOW:   0    1.00 INCH OR MORE:   1

[HDD (BASE 65) ]
TOTAL THIS MO.   136    CLEAR  (SCALE 0-3)   6
DPTR FM NORMAL    19    PTCLDY (SCALE 4-7)  11
TOTAL FM JUL 1  5899    CLOUDY (SCALE 8-10)  4
DPTR FM NORMAL   118

[CDD (BASE 65) ]
TOTAL THIS MO.    30
DPTR FM NORMAL   -11    [PRESSURE DATA]
TOTAL FM JAN 1    33    HIGHEST SLP M ON M
DPTR FM NORMAL   -19    LOWEST  SLP 29.57 ON 19

[REMARKS]
