000
CXUS53 KARX 190930
CF6CMY
PRELIMINARY LOCAL CLIMATOLOGICAL DATA (WS FORM: F-6)

                                          STATION:   SPARTA - FORT MCCOY WI
                                          MONTH:     MARCH
                                          YEAR:      2019
                                          LATITUDE:   43 58 N
                                          LONGITUDE:  90 44 W

  TEMPERATURE IN F:       :PCPN:    SNOW:  WIND      :SUNSHINE: SKY     :PK WND
================================================================================
1   2   3   4   5  6A  6B    7    8   9   10  11  12  13   14  15   16   17  18
                                     12Z  AVG MX 2MIN
DY MAX MIN AVG DEP HDD CDD  WTR  SNW DPTH SPD SPD DIR MIN PSBL S-S WX    SPD DR
================================================================================

 1  29  -1  14   M  51   0    M    M    M  0.0  M   M   M    M   7         M  M
 2  26  10  18   M  47   0    M    M    M  1.8 10 350   M    M   0         9 330
 3  10 -10   0   M  65   0 0.00  0.0    M  5.8 14 260   M    M   0        20 260
 4   9 -13  -2   M  67   0 0.00  0.0    M  4.7 13 260   M    M   1 8      22 270
 5  17  -9   4   M  61   0    M    M    M  5.7 20 300   M    M   3        25 280
 6  27 -15   6   M  59   0 0.00  0.0    M  2.2 12 290   M    M   4        17 250
 7  24 -13   6   M  59   0 0.00  0.0    M  0.0  M   M   M    M   0         M  M
 8  39  -1  19   M  46   0 0.00  0.0    M  0.7  8 160   M    M   5         M  M
 9  38  16  27   M  38   0    M    M    M  8.4 29  90   M    M   5 1      36  90
10  33  21  27   M  38   0    M    M    M  7.4 14 270   M    M   6        24 270
11  33   5  19   M  46   0 0.00  0.0    M  1.9 10 280   M    M   0         M  M
12  43   2  23   M  42   0 0.63  0.0    M  4.9 14 180   M    M   6 1      20 200
13  46  33  40   M  25   0 0.02  0.0    M  4.5  9 110   M    M  10 12      M  M
14  54  34  44   M  21   0 0.14    M    M  5.6 12 200   M    M   9 1      17 160
15  39  29  34   M  31   0    M  0.0    M 14.1 21 300   M    M   9        30 290
16  35  17  26   M  39   0 0.00  0.0    0  2.0 12 260   M    M   1         M  M
17  36  14  25   M  40   0 0.00  0.0    0  2.1 12 260   M    M   6        16 260
18  41  22  32   M  33   0 0.00  0.0    M  1.9  9 250   M    M   2 1       M  M
================================================================================
SM  579  141       808   0  0.79     0.0  73.7          M       74
================================================================================
AV 32.2  7.8                               4.1 FASTST   M    M   4    MAX(MPH)
                                 MISC ---->  # 29  90               # 36   90
================================================================================
NOTES:
# LAST OF SEVERAL OCCURRENCES

COLUMN 17 PEAK WIND IN M.P.H.

PRELIMINARY LOCAL CLIMATOLOGICAL DATA (WS FORM: F-6) , PAGE 2

                                          STATION:  SPARTA - FORT MCCOY WI
                                          MONTH:    MARCH
                                          YEAR:     2019
                                          LATITUDE:   43 58 N
                                          LONGITUDE:  90 44 W

[TEMPERATURE DATA]      [PRECIPITATION DATA]       SYMBOLS USED IN COLUMN 16

AVERAGE MONTHLY: 20.0   TOTAL FOR MONTH:   0.79    1 = FOG OR MIST
DPTR FM NORMAL:     M   DPTR FM NORMAL:       M    2 = FOG REDUCING VISIBILITY
HIGHEST:    54 ON 14    GRTST 24HR  0.63 ON 12-12      TO 1/4 MILE OR LESS
LOWEST:    -15 ON  6                               3 = THUNDER
                        SNOW, ICE PELLETS, HAIL    4 = ICE PELLETS
                        TOTAL MONTH:   0.0 INCH    5 = HAIL
                        GRTST 24HR     0.0         6 = FREEZING RAIN OR DRIZZLE
                        GRTST DEPTH:   0           7 = DUSTSTORM OR SANDSTORM:
                                                       VSBY 1/2 MILE OR LESS
                                                   8 = SMOKE OR HAZE
[NO. OF DAYS WITH]      [WEATHER - DAYS WITH]      9 = BLOWING SNOW
                                                   X = TORNADO
MAX 32 OR BELOW:   7    0.01 INCH OR MORE:   3
MAX 90 OR ABOVE:   0    0.10 INCH OR MORE:   2
MIN 32 OR BELOW:  16    0.50 INCH OR MORE:   1
MIN  0 OR BELOW:   7    1.00 INCH OR MORE:   0

[HDD (BASE 65) ]
TOTAL THIS MO.   808    CLEAR  (SCALE 0-3)   8
DPTR FM NORMAL     M    PTCLDY (SCALE 4-7)   7
TOTAL FM JUL 1  7033    CLOUDY (SCALE 8-10)  3
DPTR FM NORMAL     M

[CDD (BASE 65) ]
TOTAL THIS MO.     0
DPTR FM NORMAL     M    [PRESSURE DATA]
TOTAL FM JAN 1     0    HIGHEST SLP M ON M
DPTR FM NORMAL     M    LOWEST  SLP M ON M

[REMARKS]
