000
CXUS53 KARX 260930
CF6CMY
PRELIMINARY LOCAL CLIMATOLOGICAL DATA (WS FORM: F-6)

                                          STATION:   SPARTA - FORT MCCOY WI
                                          MONTH:     MAY
                                          YEAR:      2019
                                          LATITUDE:   43 58 N
                                          LONGITUDE:  90 44 W

  TEMPERATURE IN F:       :PCPN:    SNOW:  WIND      :SUNSHINE: SKY     :PK WND
================================================================================
1   2   3   4   5  6A  6B    7    8   9   10  11  12  13   14  15   16   17  18
                                     12Z  AVG MX 2MIN
DY MAX MIN AVG DEP HDD CDD  WTR  SNW DPTH SPD SPD DIR MIN PSBL S-S WX    SPD DR
================================================================================

 1  46  37  42   M  23   0 0.26    M    0  1.6 14  70   M    M  10 1      22  70
 2  53  40  47   M  18   0 0.02  0.0    0  0.0  M   M   M    M  10 1       M  M
 3  58  31  45   M  20   0 0.00  0.0    0  0.0  M   M   M    M   4 1       M  M
 4  70  32  51   M  14   0 0.00  0.0    0  1.5 10 280   M    M   3        18 280
 5  74  39  57   M   8   0 0.06  0.0    0  2.0 15 270   M    M   3 3      20 270
 6  59  42  51   M  14   0 0.00  0.0    0  1.4 13  20   M    M   8         M  M
 7  62  44  53   M  12   0 0.00  0.0    0  5.1 13 100   M    M   4        18 110
 8  46  40  43   M  22   0 0.99  0.0    0 11.1 24  90   M    M   7        35 100
 9  45  32  39   M  26   0 0.01    M    0  4.8 13 340   M    M   9 1      22 290
10  60  28  44   M  21   0 0.00  0.0    0  2.3 14 270   M    M   5        20 300
11  62  33  48   M  17   0 0.00  0.0    0  3.5 15 180   M    M   5        20 140
12  59  31  45   M  20   0 0.00  0.0    0  0.5  8 110   M    M   5         M  M
13  67  30  49   M  16   0 0.00  0.0    0  0.0  M   M   M    M   4         M  M
14  71  32  52   M  13   0 0.00  0.0    0  1.7  9 260   M    M   1        17 200
15  77  41  59   M   6   0 0.00  0.0    0  0.3  7 310   M    M   3         M  M
16  82  49  66   M   0   1    M  0.0    0  1.6  9 270   M    M   3 3       M  M
17  63  48  56   M   9   0 0.16  0.0    0  5.3 14  90   M    M   7 3      22  90
18  55  44  50   M  15   0 0.29  0.0    0  8.3 18  60   M    M  10        23  60
19  49  37  43   M  22   0    M  0.0    0  6.8 15  90   M    M  10 13     25  80
20  61  37  49   M  16   0 0.00  0.0    0  1.3 12 340   M    M   6         M  M
21  56  37  47   M  18   0 0.27  0.0    0  9.7 23 110   M    M   5        40 130
22  76  47  62   M   3   0 0.00  0.0    0  9.9 18 190   M    M   6 1      35 190
23  65  47  56   M   9   0 0.00  0.0    0  5.1 17 270   M    M   6        23 270
24  71  49  60   M   5   0 0.54  0.0    0  1.3  9  90   M    M   8 13     24 120
25  77  48  63   M   2   0 0.00  0.0    0  5.2 16 270   M    M   2 12     23 260
================================================================================
SM 1564  975       349   1  2.60     0.0  90.3          M      144
================================================================================
AV 62.6 39.0                               3.6 FASTST   M    M   6    MAX(MPH)
                                 MISC ---->  # 24  90               # 40  130
================================================================================
NOTES:
# LAST OF SEVERAL OCCURRENCES

COLUMN 17 PEAK WIND IN M.P.H.

PRELIMINARY LOCAL CLIMATOLOGICAL DATA (WS FORM: F-6) , PAGE 2

                                          STATION:  SPARTA - FORT MCCOY WI
                                          MONTH:    MAY
                                          YEAR:     2019
                                          LATITUDE:   43 58 N
                                          LONGITUDE:  90 44 W

[TEMPERATURE DATA]      [PRECIPITATION DATA]       SYMBOLS USED IN COLUMN 16

AVERAGE MONTHLY: 50.8   TOTAL FOR MONTH:   2.60    1 = FOG OR MIST
DPTR FM NORMAL:     M   DPTR FM NORMAL:       M    2 = FOG REDUCING VISIBILITY
HIGHEST:    82 ON 16    GRTST 24HR  0.99 ON  8- 8      TO 1/4 MILE OR LESS
LOWEST:     28 ON 10                               3 = THUNDER
                        SNOW, ICE PELLETS, HAIL    4 = ICE PELLETS
                        TOTAL MONTH:   0.0 INCH    5 = HAIL
                        GRTST 24HR     0.0         6 = FREEZING RAIN OR DRIZZLE
                        GRTST DEPTH:   0           7 = DUSTSTORM OR SANDSTORM:
                                                       VSBY 1/2 MILE OR LESS
                                                   8 = SMOKE OR HAZE
[NO. OF DAYS WITH]      [WEATHER - DAYS WITH]      9 = BLOWING SNOW
                                                   X = TORNADO
MAX 32 OR BELOW:   0    0.01 INCH OR MORE:   9
MAX 90 OR ABOVE:   0    0.10 INCH OR MORE:   6
MIN 32 OR BELOW:   7    0.50 INCH OR MORE:   2
MIN  0 OR BELOW:   0    1.00 INCH OR MORE:   0

[HDD (BASE 65) ]
TOTAL THIS MO.   349    CLEAR  (SCALE 0-3)   5
DPTR FM NORMAL     M    PTCLDY (SCALE 4-7)  15
TOTAL FM JUL 1  8389    CLOUDY (SCALE 8-10)  5
DPTR FM NORMAL     M

[CDD (BASE 65) ]
TOTAL THIS MO.     1
DPTR FM NORMAL     M    [PRESSURE DATA]
TOTAL FM JAN 1     1    HIGHEST SLP M ON M
DPTR FM NORMAL     M    LOWEST  SLP M ON M

[REMARKS]
